{"id":909,"date":"2018-01-12T15:14:50","date_gmt":"2018-01-12T13:14:50","guid":{"rendered":"http:\/\/www.lotky.fi\/kauppa\/tuote\/valvoline-synpower-fe-5w-30-1000l\/"},"modified":"2026-01-30T11:08:05","modified_gmt":"2026-01-30T09:08:05","slug":"valvoline-synpower-fe-5w-30-1000l","status":"publish","type":"product","link":"https:\/\/www.lotky.fi\/kauppa\/tuote\/valvoline-synpower-fe-5w-30-1000l\/","title":{"rendered":"Valvoline Synpower FE 5W-30, 1000L"},"content":{"rendered":"<p>Valvoline Synpower FE 5W-30 on t\u00e4yssynteettinen, polttoainetta s\u00e4\u00e4st\u00e4v\u00e4 moottori\u00f6ljy erityisesti Ford-moottoreihin. Suositellaan erityisesti Fordin bensiinimoottoreille, joiden vaatimuksena on Ford WSS B luokitus -M2C948 ja se on taaksep\u00e4in yhteensopiva my\u00f6s WSS-M2C913-B &amp; C kuten my\u00f6s WSS-M2C925-B luokituksellisien moottori\u00f6ljyjen kanssa. <strong>Tehdastilaustuote, toimitusaika 2-3 viikkoa. Tehdastilaustuotteilla ei palautusoikeutta.<\/strong><\/p>\n<p>Luokitukset:<br \/>\nSAE 5W-30 t\u00e4yssynteettinen<br \/>\nACEA A5\/B5<br \/>\nFord M2C 913-C, M2C 913 A&amp;B<\/p>\n","protected":false},"excerpt":{"rendered":"<p>Valvoline Synpower FE 5W-30 on t\u00e4yssynteettinen, polttoainetta s\u00e4\u00e4st\u00e4v\u00e4 moottori\u00f6ljy erityisesti Ford-moottoreihin. Suositellaan erityisesti Fordin bensiinimoottoreille, joiden vaatimuksena on Ford WSS B luokitus -M2C948 ja se on taaksep\u00e4in yhteensopiva my\u00f6s WSS-M2C913-B &amp; C kuten my\u00f6s WSS-M2C925-B luokituksellisien moottori\u00f6ljyjen kanssa. Tehdastilaustuote, toimitusaika 2-3 viikkoa. Tehdastilaustuotteilla ei palautusoikeutta.<\/p>\n","protected":false},"featured_media":432,"template":"","meta":[],"product_brand":[],"product_cat":[17],"product_tag":[],"class_list":{"0":"post-909","1":"product","2":"type-product","3":"status-publish","4":"has-post-thumbnail","6":"product_cat-moottorioljyt-kevyt-kalusto","8":"first","9":"instock","10":"taxable","11":"shipping-taxable","12":"purchasable","13":"product-type-simple"},"_links":{"self":[{"href":"https:\/\/www.lotky.fi\/kauppa\/wp-json\/wp\/v2\/product\/909","targetHints":{"allow":["GET"]}}],"collection":[{"href":"https:\/\/www.lotky.fi\/kauppa\/wp-json\/wp\/v2\/product"}],"about":[{"href":"https:\/\/www.lotky.fi\/kauppa\/wp-json\/wp\/v2\/types\/product"}],"wp:featuredmedia":[{"embeddable":true,"href":"https:\/\/www.lotky.fi\/kauppa\/wp-json\/wp\/v2\/media\/432"}],"wp:attachment":[{"href":"https:\/\/www.lotky.fi\/kauppa\/wp-json\/wp\/v2\/media?parent=909"}],"wp:term":[{"taxonomy":"product_brand","embeddable":true,"href":"https:\/\/www.lotky.fi\/kauppa\/wp-json\/wp\/v2\/product_brand?post=909"},{"taxonomy":"product_cat","embeddable":true,"href":"https:\/\/www.lotky.fi\/kauppa\/wp-json\/wp\/v2\/product_cat?post=909"},{"taxonomy":"product_tag","embeddable":true,"href":"https:\/\/www.lotky.fi\/kauppa\/wp-json\/wp\/v2\/product_tag?post=909"}],"curies":[{"name":"wp","href":"https:\/\/api.w.org\/{rel}","templated":true}]}}