{"id":837,"date":"2017-10-06T10:10:58","date_gmt":"2017-10-06T07:10:58","guid":{"rendered":"http:\/\/www.lotky.fi\/kauppa\/tuote\/gulf-superfleet-supreme-15w-40-1000-l-31-10-asti\/"},"modified":"2024-09-02T15:16:38","modified_gmt":"2024-09-02T12:16:38","slug":"gulf-superfleet-supreme-15w-40-1000-l-31-10-asti","status":"publish","type":"product","link":"https:\/\/www.lotky.fi\/kauppa\/tuote\/gulf-superfleet-supreme-15w-40-1000-l-31-10-asti\/","title":{"rendered":"Gulf Superfleet Supreme 15W-40, 1000 L"},"content":{"rendered":"<p>GULF SUPERFLEET SUPREME 15W-40 on mineraali\u00f6ljy (SHPD*) vaativissa olosuhteissa ty\u00f6skenteleviin turboahdettuihin dieselmoottoreihin. My\u00f6s pakokaasun kierr\u00e4tysj\u00e4rjestelm\u00e4ll\u00e4 varustettuihin autoihin. <strong>Tehdastilaustuote, toimitusaika 2-4 viikkoa.<\/strong><\/p>\n<p>T\u00e4ytt\u00e4\u00e4 vaatimukset:<br \/>\nACEA E7, A3\/B4<br \/>\nGlobal DHD-1<br \/>\nMB 229.1<br \/>\nMack EO-M Plus<br \/>\nRenault Trucks RLD-2<br \/>\nCaterpillar ECF-1a,<br \/>\nCummins CES 20071\/20072\/20076\/20077\/20078<br \/>\nDeutz DQC III<\/p>\n<p>Hyv\u00e4ksytty:<br \/>\nMAN M3275<br \/>\nMTU type 2<br \/>\nVolvo VDS-3<\/p>\n","protected":false},"excerpt":{"rendered":"<p>GULF SUPERFLEET SUPREME 15W-40 on mineraali\u00f6ljy (SHPD*) vaativissa olosuhteissa ty\u00f6skenteleviin turboahdettuihin dieselmoottoreihin. My\u00f6s pakokaasun kierr\u00e4tysj\u00e4rjestelm\u00e4ll\u00e4 varustettuihin autoihin. Tehdastilaustuote, toimitusaika 2-4 viikkoa.<\/p>\n","protected":false},"featured_media":432,"template":"","meta":[],"product_brand":[],"product_cat":[18],"product_tag":[101,108],"class_list":{"0":"post-837","1":"product","2":"type-product","3":"status-publish","4":"has-post-thumbnail","6":"product_cat-moottorioljyt-raskas-kalusto","7":"product_tag-edullinen","8":"product_tag-halpa","10":"first","11":"instock","12":"taxable","13":"shipping-taxable","14":"purchasable","15":"product-type-simple"},"_links":{"self":[{"href":"https:\/\/www.lotky.fi\/kauppa\/wp-json\/wp\/v2\/product\/837","targetHints":{"allow":["GET"]}}],"collection":[{"href":"https:\/\/www.lotky.fi\/kauppa\/wp-json\/wp\/v2\/product"}],"about":[{"href":"https:\/\/www.lotky.fi\/kauppa\/wp-json\/wp\/v2\/types\/product"}],"wp:featuredmedia":[{"embeddable":true,"href":"https:\/\/www.lotky.fi\/kauppa\/wp-json\/wp\/v2\/media\/432"}],"wp:attachment":[{"href":"https:\/\/www.lotky.fi\/kauppa\/wp-json\/wp\/v2\/media?parent=837"}],"wp:term":[{"taxonomy":"product_brand","embeddable":true,"href":"https:\/\/www.lotky.fi\/kauppa\/wp-json\/wp\/v2\/product_brand?post=837"},{"taxonomy":"product_cat","embeddable":true,"href":"https:\/\/www.lotky.fi\/kauppa\/wp-json\/wp\/v2\/product_cat?post=837"},{"taxonomy":"product_tag","embeddable":true,"href":"https:\/\/www.lotky.fi\/kauppa\/wp-json\/wp\/v2\/product_tag?post=837"}],"curies":[{"name":"wp","href":"https:\/\/api.w.org\/{rel}","templated":true}]}}