{"id":738,"date":"2017-05-10T15:20:25","date_gmt":"2017-05-10T12:20:25","guid":{"rendered":"http:\/\/www.lotky.fi\/kauppa\/tuote\/gulf-superfleet-xle-10w-40-200-l\/"},"modified":"2024-09-02T15:16:39","modified_gmt":"2024-09-02T12:16:39","slug":"gulf-superfleet-xle-10w-40-200-l","status":"publish","type":"product","link":"https:\/\/www.lotky.fi\/kauppa\/tuote\/gulf-superfleet-xle-10w-40-200-l\/","title":{"rendered":"Gulf Superfleet XLE 10W-40, 200 L"},"content":{"rendered":"<p>GULF SUPERFLEET XLE 10W40 on synteettinen (XHPD**) diesel moottori\u00f6ljy. T\u00e4ytt\u00e4\u00e4 useimpien eurooppalaisten autonvalmistajien tiukat laatuvaatimukset Euro 4 ja 5 (SAPS, DFP, EGR). Soveltuu autoihin, joissa on diesel hiukkassuodatin ja\/tai pakokaasun kierr\u00e4tysj\u00e4rjestelm\u00e4. (** XHPD=&#8221; Extra High Performance Diesel&#8221;).<\/p>\n<p>Ylitt\u00e4\u00e4 vaatimukset:<br \/>\nACEA A6\/E7<br \/>\nDeutz DQC III-05<br \/>\nMAN M3271<br \/>\nHyv\u00e4ksytty:<br \/>\nMAN M3277 CRTTM<br \/>\nAPI CI-4<br \/>\nMB-Approval 228.51<br \/>\nVolvo VDS-3<br \/>\nRenault VI RLD-2<br \/>\nMack EO-N<br \/>\nMAN M3477<br \/>\nMTU Cat 3.1<\/p>\n","protected":false},"excerpt":{"rendered":"<p>GULF SUPERFLEET XLE 10W40 on synteettinen (XHPD**) diesel moottori\u00f6ljy. T\u00e4ytt\u00e4\u00e4 useimpien eurooppalaisten autonvalmistajien tiukat laatuvaatimukset Euro 4 ja 5 (SAPS, DFP, EGR). Soveltuu autoihin, joissa on diesel hiukkassuodatin ja\/tai pakokaasun kierr\u00e4tysj\u00e4rjestelm\u00e4. (** XHPD=&#8221; Extra High Performance Diesel&#8221;).<\/p>\n","protected":false},"featured_media":708,"template":"","meta":[],"product_brand":[],"product_cat":[18],"product_tag":[74,73,122],"class_list":{"0":"post-738","1":"product","2":"type-product","3":"status-publish","4":"has-post-thumbnail","6":"product_cat-moottorioljyt-raskas-kalusto","7":"product_tag-dpf","8":"product_tag-egr","9":"product_tag-saps","11":"first","12":"instock","13":"taxable","14":"shipping-taxable","15":"purchasable","16":"product-type-simple"},"_links":{"self":[{"href":"https:\/\/www.lotky.fi\/kauppa\/wp-json\/wp\/v2\/product\/738","targetHints":{"allow":["GET"]}}],"collection":[{"href":"https:\/\/www.lotky.fi\/kauppa\/wp-json\/wp\/v2\/product"}],"about":[{"href":"https:\/\/www.lotky.fi\/kauppa\/wp-json\/wp\/v2\/types\/product"}],"wp:featuredmedia":[{"embeddable":true,"href":"https:\/\/www.lotky.fi\/kauppa\/wp-json\/wp\/v2\/media\/708"}],"wp:attachment":[{"href":"https:\/\/www.lotky.fi\/kauppa\/wp-json\/wp\/v2\/media?parent=738"}],"wp:term":[{"taxonomy":"product_brand","embeddable":true,"href":"https:\/\/www.lotky.fi\/kauppa\/wp-json\/wp\/v2\/product_brand?post=738"},{"taxonomy":"product_cat","embeddable":true,"href":"https:\/\/www.lotky.fi\/kauppa\/wp-json\/wp\/v2\/product_cat?post=738"},{"taxonomy":"product_tag","embeddable":true,"href":"https:\/\/www.lotky.fi\/kauppa\/wp-json\/wp\/v2\/product_tag?post=738"}],"curies":[{"name":"wp","href":"https:\/\/api.w.org\/{rel}","templated":true}]}}