{"id":711,"date":"2017-05-02T16:14:00","date_gmt":"2017-05-02T13:14:00","guid":{"rendered":"http:\/\/www.lotky.fi\/kauppa\/tuote\/gulf-superfleet-supreme-15w-40-200-l\/"},"modified":"2026-04-20T11:45:02","modified_gmt":"2026-04-20T08:45:02","slug":"gulf-superfleet-supreme-15w-40-200-l","status":"publish","type":"product","link":"https:\/\/www.lotky.fi\/kauppa\/tuote\/gulf-superfleet-supreme-15w-40-200-l\/","title":{"rendered":"Gulf Superfleet Supreme 15W-40, 208 L"},"content":{"rendered":"<p>GULF SUPERFLEET SUPREME 15W-40 on mineraali\u00f6ljy (SHPD*) vaativissa olosuhteissa ty\u00f6skenteleviin turboahdettuihin dieselmoottoreihin. My\u00f6s pakokaasun kierr\u00e4tysj\u00e4rjestelm\u00e4ll\u00e4 varustettuihin autoihin. T\u00e4ytt\u00e4\u00e4 vaatimukset: ACEA E7, A3\/B4 Global DHD-1 MB 229.1 Mack EO-M Plus Renault Trucks RLD-2 Caterpillar ECF-1a, Cummins CES 20071\/20072\/20076\/20077\/20078 Deutz DQC III Hyv\u00e4ksytty: MAN M3275 MTU type 2 Volvo VDS-3<\/p>\n","protected":false},"excerpt":{"rendered":"<p>GULF SUPERFLEET SUPREME 15W-40 on mineraali\u00f6ljy (SHPD*) vaativissa olosuhteissa ty\u00f6skenteleviin turboahdettuihin dieselmoottoreihin. My\u00f6s pakokaasun kierr\u00e4tysj\u00e4rjestelm\u00e4ll\u00e4 varustettuihin autoihin.<\/p>\n","protected":false},"featured_media":708,"template":"","meta":[],"product_brand":[],"product_cat":[18],"product_tag":[],"class_list":{"0":"post-711","1":"product","2":"type-product","3":"status-publish","4":"has-post-thumbnail","6":"product_cat-moottorioljyt-raskas-kalusto","8":"first","9":"instock","10":"taxable","11":"shipping-taxable","12":"purchasable","13":"product-type-simple"},"_links":{"self":[{"href":"https:\/\/www.lotky.fi\/kauppa\/wp-json\/wp\/v2\/product\/711","targetHints":{"allow":["GET"]}}],"collection":[{"href":"https:\/\/www.lotky.fi\/kauppa\/wp-json\/wp\/v2\/product"}],"about":[{"href":"https:\/\/www.lotky.fi\/kauppa\/wp-json\/wp\/v2\/types\/product"}],"wp:featuredmedia":[{"embeddable":true,"href":"https:\/\/www.lotky.fi\/kauppa\/wp-json\/wp\/v2\/media\/708"}],"wp:attachment":[{"href":"https:\/\/www.lotky.fi\/kauppa\/wp-json\/wp\/v2\/media?parent=711"}],"wp:term":[{"taxonomy":"product_brand","embeddable":true,"href":"https:\/\/www.lotky.fi\/kauppa\/wp-json\/wp\/v2\/product_brand?post=711"},{"taxonomy":"product_cat","embeddable":true,"href":"https:\/\/www.lotky.fi\/kauppa\/wp-json\/wp\/v2\/product_cat?post=711"},{"taxonomy":"product_tag","embeddable":true,"href":"https:\/\/www.lotky.fi\/kauppa\/wp-json\/wp\/v2\/product_tag?post=711"}],"curies":[{"name":"wp","href":"https:\/\/api.w.org\/{rel}","templated":true}]}}