{"id":652,"date":"2017-01-31T13:28:54","date_gmt":"2017-01-31T11:28:54","guid":{"rendered":"http:\/\/www.lotky.fi\/kauppa\/?post_type=product&#038;p=652"},"modified":"2026-04-02T14:23:05","modified_gmt":"2026-04-02T11:23:05","slug":"valvoline-atf-dexmerc-208l","status":"publish","type":"product","link":"https:\/\/www.lotky.fi\/kauppa\/tuote\/valvoline-atf-dexmerc-208l\/","title":{"rendered":"Valvoline ATF Dex\/Merc, 208L"},"content":{"rendered":"<div class=\"clearfix\">\n<p>Valvoline ATF Dex\/Merc on automaattivaihteisto\u00f6ljy, joka on sekoitettu synteettisell\u00e4 teknologialla henkil\u00f6autoja varten. Suunniteltu voitelemaan moderneja vaihdelaatikoita kovissakin l\u00e4mp\u00f6tiloissa. Kehittynyt koostumus auttaa pit\u00e4m\u00e4\u00e4n vaihteiston toimintakunnossa ja parantaa sen suorituskyky\u00e4. Valvoline ATF -vaihteisto\u00f6ljyt pident\u00e4v\u00e4t modernien ja paljon ajettujen vaihteistojen k\u00e4ytt\u00f6ik\u00e4\u00e4.<\/p>\n<p>Luokitukset:<br \/>\nGM Dexron III, G34221 for GM Dex III<br \/>\nM-020602 for Ford, Ford Mercon<br \/>\nAllison C-4<br \/>\nVolvo 97325, 97335, 97340<br \/>\nZF TE-ML 05L, 09, 11A, 11B<\/p>\n<\/div>\n","protected":false},"excerpt":{"rendered":"<p>Valvoline ATF Dex\/Merc on automaattivaihteisto\u00f6ljy, joka on sekoitettu synteettisell\u00e4 teknologialla henkil\u00f6autoja varten. Suunniteltu voitelemaan moderneja vaihdelaatikoita kovissakin l\u00e4mp\u00f6tiloissa. Kehittynyt koostumus auttaa pit\u00e4m\u00e4\u00e4n vaihteiston toimintakunnossa ja parantaa sen suorituskyky\u00e4. Valvoline ATF -vaihteisto\u00f6ljyt pident\u00e4v\u00e4t modernien ja paljon ajettujen vaihteistojen k\u00e4ytt\u00f6ik\u00e4\u00e4.<\/p>\n","protected":false},"featured_media":472,"template":"","meta":[],"product_brand":[],"product_cat":[25],"product_tag":[],"class_list":{"0":"post-652","1":"product","2":"type-product","3":"status-publish","4":"has-post-thumbnail","6":"product_cat-automaattivaihteistooljyt","8":"first","9":"instock","10":"taxable","11":"shipping-taxable","12":"purchasable","13":"product-type-simple"},"_links":{"self":[{"href":"https:\/\/www.lotky.fi\/kauppa\/wp-json\/wp\/v2\/product\/652","targetHints":{"allow":["GET"]}}],"collection":[{"href":"https:\/\/www.lotky.fi\/kauppa\/wp-json\/wp\/v2\/product"}],"about":[{"href":"https:\/\/www.lotky.fi\/kauppa\/wp-json\/wp\/v2\/types\/product"}],"wp:featuredmedia":[{"embeddable":true,"href":"https:\/\/www.lotky.fi\/kauppa\/wp-json\/wp\/v2\/media\/472"}],"wp:attachment":[{"href":"https:\/\/www.lotky.fi\/kauppa\/wp-json\/wp\/v2\/media?parent=652"}],"wp:term":[{"taxonomy":"product_brand","embeddable":true,"href":"https:\/\/www.lotky.fi\/kauppa\/wp-json\/wp\/v2\/product_brand?post=652"},{"taxonomy":"product_cat","embeddable":true,"href":"https:\/\/www.lotky.fi\/kauppa\/wp-json\/wp\/v2\/product_cat?post=652"},{"taxonomy":"product_tag","embeddable":true,"href":"https:\/\/www.lotky.fi\/kauppa\/wp-json\/wp\/v2\/product_tag?post=652"}],"curies":[{"name":"wp","href":"https:\/\/api.w.org\/{rel}","templated":true}]}}