{"id":630,"date":"2016-12-22T16:17:01","date_gmt":"2016-12-22T14:17:01","guid":{"rendered":"http:\/\/www.lotky.fi\/kauppa\/?post_type=product&#038;p=630"},"modified":"2026-04-02T14:21:27","modified_gmt":"2026-04-02T11:21:27","slug":"valvoline-all-climate-5w-40-diesel-c3-208l","status":"publish","type":"product","link":"https:\/\/www.lotky.fi\/kauppa\/tuote\/valvoline-all-climate-5w-40-diesel-c3-208l\/","title":{"rendered":"Valvoline All Climate 5W-40 C3, 208L"},"content":{"rendered":"<p>Valvoline All-Climate 5W-40 C3 moottori\u00f6ljy pit\u00e4\u00e4 moottorin puhtaana vaihtelevissa ajo-olosuhteissa. Korkealaatuinen t\u00e4yssynteettinen moottori\u00f6ljy. Kehitetty ymp\u00e4rivuotiseen k\u00e4ytt\u00f6\u00f6n. Hyv\u00e4\u00e4 ja luotettavaa \u00f6ljyteknologiaa monenlaisiin moottoreihin. Erityisen sopiva turboahdettuihin dieselmoottoreihin. Sopii my\u00f6s hiukkassuodattimilla varustettuihin autoihin.<\/p>\n<p>Luokitukset:<br \/>\nSAE 5W-40 t\u00e4yssynteettinen<br \/>\nAPI: SM, SN\/CF<br \/>\nACEA: A3\/B4-04, C3<br \/>\nBMW LL-04<br \/>\nMB-226.5, 229.31<br \/>\nFord WSS-M2C917-A<br \/>\nGM Dexos 2<br \/>\nPorsche A40<br \/>\nRenault RN0700\/0710<br \/>\nVW 50200\/50500\/50501<br \/>\nAPI: SM, SN\/CF<br \/>\nACEA: A3\/B4-04, C3<\/p>\n","protected":false},"excerpt":{"rendered":"<p>Valvoline All-Climate 5W-40 C3 moottori\u00f6ljy pit\u00e4\u00e4 moottorin puhtaana vaihtelevissa ajo-olosuhteissa. Korkealaatuinen t\u00e4yssynteettinen moottori\u00f6ljy. Kehitetty ymp\u00e4rivuotiseen k\u00e4ytt\u00f6\u00f6n. Hyv\u00e4\u00e4 ja luotettavaa \u00f6ljyteknologiaa monenlaisiin moottoreihin. Erityisen sopiva turboahdettuihin dieselmoottoreihin. Sopii my\u00f6s hiukkassuodattimilla varustettuihin autoihin.<\/p>\n","protected":false},"featured_media":472,"template":"","meta":[],"product_brand":[],"product_cat":[17],"product_tag":[],"class_list":{"0":"post-630","1":"product","2":"type-product","3":"status-publish","4":"has-post-thumbnail","6":"product_cat-moottorioljyt-kevyt-kalusto","8":"first","9":"instock","10":"taxable","11":"shipping-taxable","12":"purchasable","13":"product-type-simple"},"_links":{"self":[{"href":"https:\/\/www.lotky.fi\/kauppa\/wp-json\/wp\/v2\/product\/630","targetHints":{"allow":["GET"]}}],"collection":[{"href":"https:\/\/www.lotky.fi\/kauppa\/wp-json\/wp\/v2\/product"}],"about":[{"href":"https:\/\/www.lotky.fi\/kauppa\/wp-json\/wp\/v2\/types\/product"}],"wp:featuredmedia":[{"embeddable":true,"href":"https:\/\/www.lotky.fi\/kauppa\/wp-json\/wp\/v2\/media\/472"}],"wp:attachment":[{"href":"https:\/\/www.lotky.fi\/kauppa\/wp-json\/wp\/v2\/media?parent=630"}],"wp:term":[{"taxonomy":"product_brand","embeddable":true,"href":"https:\/\/www.lotky.fi\/kauppa\/wp-json\/wp\/v2\/product_brand?post=630"},{"taxonomy":"product_cat","embeddable":true,"href":"https:\/\/www.lotky.fi\/kauppa\/wp-json\/wp\/v2\/product_cat?post=630"},{"taxonomy":"product_tag","embeddable":true,"href":"https:\/\/www.lotky.fi\/kauppa\/wp-json\/wp\/v2\/product_tag?post=630"}],"curies":[{"name":"wp","href":"https:\/\/api.w.org\/{rel}","templated":true}]}}