{"id":629,"date":"2016-12-22T15:45:04","date_gmt":"2016-12-22T13:45:04","guid":{"rendered":"http:\/\/www.lotky.fi\/kauppa\/?post_type=product&#038;p=629"},"modified":"2026-04-02T14:21:02","modified_gmt":"2026-04-02T11:21:02","slug":"valvoline-synpower-fe-5w-30-208l","status":"publish","type":"product","link":"https:\/\/www.lotky.fi\/kauppa\/tuote\/valvoline-synpower-fe-5w-30-208l\/","title":{"rendered":"Valvoline Synpower FE 5W-30, 208L"},"content":{"rendered":"<p>Valvoline Synpower FE 5W-30 on t\u00e4yssynteettinen, polttoainetta s\u00e4\u00e4st\u00e4v\u00e4 moottori\u00f6ljy erityisesti Ford-moottoreihin. Suositellaan erityisesti Fordin bensiinimoottoreille, joiden vaatimuksena on Ford WSS B luokitus -M2C948 ja se on taaksep\u00e4in yhteensopiva my\u00f6s WSS-M2C913-B &amp; C kuten my\u00f6s WSS-M2C925-B luokituksellisien moottori\u00f6ljyjen kanssa.<\/p>\n<p>Luokitukset:<br \/>\nSAE 5W-30 t\u00e4yssynteettinen<br \/>\nACEA A5\/B5<br \/>\nFord M2C 913-C, M2C 913 A&amp;B<\/p>\n","protected":false},"excerpt":{"rendered":"<p>Valvoline Synpower FE 5W-30 on t\u00e4yssynteettinen, polttoainetta s\u00e4\u00e4st\u00e4v\u00e4 moottori\u00f6ljy erityisesti Ford-moottoreihin. Suositellaan erityisesti Fordin bensiinimoottoreille, joiden vaatimuksena on Ford WSS B luokitus -M2C948 ja se on taaksep\u00e4in yhteensopiva my\u00f6s WSS-M2C913-B &amp; C kuten my\u00f6s WSS-M2C925-B luokituksellisien moottori\u00f6ljyjen kanssa.<\/p>\n","protected":false},"featured_media":472,"template":"","meta":[],"product_brand":[],"product_cat":[17],"product_tag":[],"class_list":{"0":"post-629","1":"product","2":"type-product","3":"status-publish","4":"has-post-thumbnail","6":"product_cat-moottorioljyt-kevyt-kalusto","8":"first","9":"instock","10":"taxable","11":"shipping-taxable","12":"purchasable","13":"product-type-simple"},"_links":{"self":[{"href":"https:\/\/www.lotky.fi\/kauppa\/wp-json\/wp\/v2\/product\/629","targetHints":{"allow":["GET"]}}],"collection":[{"href":"https:\/\/www.lotky.fi\/kauppa\/wp-json\/wp\/v2\/product"}],"about":[{"href":"https:\/\/www.lotky.fi\/kauppa\/wp-json\/wp\/v2\/types\/product"}],"wp:featuredmedia":[{"embeddable":true,"href":"https:\/\/www.lotky.fi\/kauppa\/wp-json\/wp\/v2\/media\/472"}],"wp:attachment":[{"href":"https:\/\/www.lotky.fi\/kauppa\/wp-json\/wp\/v2\/media?parent=629"}],"wp:term":[{"taxonomy":"product_brand","embeddable":true,"href":"https:\/\/www.lotky.fi\/kauppa\/wp-json\/wp\/v2\/product_brand?post=629"},{"taxonomy":"product_cat","embeddable":true,"href":"https:\/\/www.lotky.fi\/kauppa\/wp-json\/wp\/v2\/product_cat?post=629"},{"taxonomy":"product_tag","embeddable":true,"href":"https:\/\/www.lotky.fi\/kauppa\/wp-json\/wp\/v2\/product_tag?post=629"}],"curies":[{"name":"wp","href":"https:\/\/api.w.org\/{rel}","templated":true}]}}