{"id":625,"date":"2016-12-22T14:35:07","date_gmt":"2016-12-22T12:35:07","guid":{"rendered":"http:\/\/www.lotky.fi\/kauppa\/?post_type=product&#038;p=625"},"modified":"2026-01-30T12:27:37","modified_gmt":"2026-01-30T10:27:37","slug":"valvoline-all-fleet-extra-15w-40-208-l","status":"publish","type":"product","link":"https:\/\/www.lotky.fi\/kauppa\/tuote\/valvoline-all-fleet-extra-15w-40-208-l\/","title":{"rendered":"Valvoline All Fleet Extra 15W-40, 208L"},"content":{"rendered":"<p>Valvoline All Fleet Extra 15W-40 moottori\u00f6ljy soveltuu kuorma- ja linja-autoihin, teollisuusmoottoreihin, ty\u00f6koneisiin. Auttaa optimoimaan k\u00e4ytt\u00f6kustannukset ja suorituskyvyn. Kalustolle, jossa on useita eri moottorityyppej\u00e4 k\u00e4yt\u00f6ss\u00e4. Yhteensopiva EGR ja SCR\u2013pakokaasujen j\u00e4lkik\u00e4sittelyj\u00e4rjestelmien kanssa. Erinomaiset puhtaanapito-, noenk\u00e4sittely- ja korroosionesto-ominaisuudet.<\/p>\n<p>Luokitukset:<\/p>\n<p>SAE 15W-40<br \/>\nACEA E3, E5, E7<br \/>\nAPI CI-4, CH-4, CG-4, CF-4<br \/>\nMB 228.3<br \/>\nVolvo VDS-3<br \/>\nRenault RVI, RLD-2<br \/>\nMAN 3275<br \/>\nCummins 20.076\/77\/78<br \/>\nMack EO M+<br \/>\nGlobal DHD-1<br \/>\nMTU Typ 2.<\/p>\n","protected":false},"excerpt":{"rendered":"<p>Valvoline All Fleet Extra 15W-40 moottori\u00f6ljy soveltuu kuorma- ja linja-autoihin, teollisuusmoottoreihin, ty\u00f6koneisiin. Auttaa optimoimaan k\u00e4ytt\u00f6kustannukset ja suorituskyvyn. Kalustolle, jossa on useita eri moottorityyppej\u00e4 k\u00e4yt\u00f6ss\u00e4. Yhteensopiva EGR ja SCR\u2013pakokaasujen j\u00e4lkik\u00e4sittelyj\u00e4rjestelmien kanssa. Erinomaiset puhtaanapito-, noenk\u00e4sittely- ja korroosionesto-ominaisuudet.<\/p>\n","protected":false},"featured_media":472,"template":"","meta":[],"product_brand":[],"product_cat":[18],"product_tag":[],"class_list":{"0":"post-625","1":"product","2":"type-product","3":"status-publish","4":"has-post-thumbnail","6":"product_cat-moottorioljyt-raskas-kalusto","8":"first","9":"instock","10":"taxable","11":"shipping-taxable","12":"purchasable","13":"product-type-simple"},"_links":{"self":[{"href":"https:\/\/www.lotky.fi\/kauppa\/wp-json\/wp\/v2\/product\/625","targetHints":{"allow":["GET"]}}],"collection":[{"href":"https:\/\/www.lotky.fi\/kauppa\/wp-json\/wp\/v2\/product"}],"about":[{"href":"https:\/\/www.lotky.fi\/kauppa\/wp-json\/wp\/v2\/types\/product"}],"wp:featuredmedia":[{"embeddable":true,"href":"https:\/\/www.lotky.fi\/kauppa\/wp-json\/wp\/v2\/media\/472"}],"wp:attachment":[{"href":"https:\/\/www.lotky.fi\/kauppa\/wp-json\/wp\/v2\/media?parent=625"}],"wp:term":[{"taxonomy":"product_brand","embeddable":true,"href":"https:\/\/www.lotky.fi\/kauppa\/wp-json\/wp\/v2\/product_brand?post=625"},{"taxonomy":"product_cat","embeddable":true,"href":"https:\/\/www.lotky.fi\/kauppa\/wp-json\/wp\/v2\/product_cat?post=625"},{"taxonomy":"product_tag","embeddable":true,"href":"https:\/\/www.lotky.fi\/kauppa\/wp-json\/wp\/v2\/product_tag?post=625"}],"curies":[{"name":"wp","href":"https:\/\/api.w.org\/{rel}","templated":true}]}}