{"id":478,"date":"2016-06-09T14:32:24","date_gmt":"2016-06-09T11:32:24","guid":{"rendered":"http:\/\/www.lotky.fi\/kauppa\/?post_type=product&#038;p=478"},"modified":"2026-03-31T10:29:27","modified_gmt":"2026-03-31T07:29:27","slug":"neste-jaahdytinneste-200l","status":"publish","type":"product","link":"https:\/\/www.lotky.fi\/kauppa\/tuote\/neste-jaahdytinneste-200l\/","title":{"rendered":"Neste Special Coolant, 200L"},"content":{"rendered":"<p>Neste Special Coolant on etyleeniglykolipohjainen j\u00e4\u00e4hdytysneste, jonka nykyaikainen lis\u00e4aineistus ehk\u00e4isee korroosiota ja antaa samalla hyv\u00e4n j\u00e4\u00e4tymissuojan moottorille ja koko j\u00e4\u00e4hdytysj\u00e4rjestelm\u00e4lle. Neste Special Coolant on taloudellinen k\u00e4yt\u00f6ss\u00e4 ja se sopii sek\u00e4 bensiini- ett\u00e4 diesel-moottoreihin. Neste Special Coolant suojaa moottoria ja j\u00e4\u00e4hdytysj\u00e4rjestelm\u00e4\u00e4 korroosiolta ja j\u00e4\u00e4tymiselt\u00e4 ymp\u00e4ri vuoden. J\u00e4\u00e4hdytinnestetiivisteen suositeltu seossuhde veden kanssa on 50 tilavuus-%, jolloin pakkaskesto on noin &#8211; 35 \u00b0C. J\u00e4\u00e4hdytinnesteen s\u00e4\u00e4nn\u00f6llinen vaihto varmistaa osaltaan koko j\u00e4\u00e4hdytysj\u00e4rjestelm\u00e4n h\u00e4iri\u00f6tt\u00f6m\u00e4n toiminnan ja suosittelemme j\u00e4\u00e4hdytinnesteen vaihtamista 1-2 vuoden v\u00e4lein.<\/p>\n<p><strong>Tuotteen entinen nimi: Neste J\u00e4\u00e4hdytinneste.<\/strong><\/p>\n<p>Luokitukset:<\/p>\n<p>V\u00e4ri: Vihre\u00e4<br \/>\nBS6580<br \/>\nASTM D3306 Type I<\/p>\n","protected":false},"excerpt":{"rendered":"<p>Neste Special Coolant on monoetyleeniglykolipohjainen j\u00e4\u00e4hdytysneste, jonka nykyaikainen lis\u00e4aineistus ehk\u00e4isee korroosiota ja antaa samalla hyv\u00e4n j\u00e4\u00e4tymissuojan moottorille ja koko j\u00e4\u00e4hdytysj\u00e4rjestelm\u00e4lle. Neste Special Coolant on taloudellinen k\u00e4yt\u00f6ss\u00e4 ja se sopii sek\u00e4 bensiini- ett\u00e4 diesel-moottoreihin. Neste Special Coolant suojaa moottoria ja j\u00e4\u00e4hdytysj\u00e4rjestelm\u00e4\u00e4 korroosiolta ja j\u00e4\u00e4tymiselt\u00e4 ymp\u00e4ri vuoden. J\u00e4\u00e4hdytinnestetiivisteen suositeltu seossuhde veden kanssa on 50 tilavuus-%, jolloin pakkaskesto [&hellip;]<\/p>\n","protected":false},"featured_media":1598,"template":"","meta":[],"product_brand":[],"product_cat":[34],"product_tag":[],"class_list":{"0":"post-478","1":"product","2":"type-product","3":"status-publish","4":"has-post-thumbnail","6":"product_cat-nesteet-ja-kemikaalit","8":"first","9":"instock","10":"taxable","11":"shipping-taxable","12":"purchasable","13":"product-type-simple"},"_links":{"self":[{"href":"https:\/\/www.lotky.fi\/kauppa\/wp-json\/wp\/v2\/product\/478","targetHints":{"allow":["GET"]}}],"collection":[{"href":"https:\/\/www.lotky.fi\/kauppa\/wp-json\/wp\/v2\/product"}],"about":[{"href":"https:\/\/www.lotky.fi\/kauppa\/wp-json\/wp\/v2\/types\/product"}],"wp:featuredmedia":[{"embeddable":true,"href":"https:\/\/www.lotky.fi\/kauppa\/wp-json\/wp\/v2\/media\/1598"}],"wp:attachment":[{"href":"https:\/\/www.lotky.fi\/kauppa\/wp-json\/wp\/v2\/media?parent=478"}],"wp:term":[{"taxonomy":"product_brand","embeddable":true,"href":"https:\/\/www.lotky.fi\/kauppa\/wp-json\/wp\/v2\/product_brand?post=478"},{"taxonomy":"product_cat","embeddable":true,"href":"https:\/\/www.lotky.fi\/kauppa\/wp-json\/wp\/v2\/product_cat?post=478"},{"taxonomy":"product_tag","embeddable":true,"href":"https:\/\/www.lotky.fi\/kauppa\/wp-json\/wp\/v2\/product_tag?post=478"}],"curies":[{"name":"wp","href":"https:\/\/api.w.org\/{rel}","templated":true}]}}