{"id":477,"date":"2016-06-09T14:15:48","date_gmt":"2016-06-09T11:15:48","guid":{"rendered":"http:\/\/www.lotky.fi\/kauppa\/?post_type=product&#038;p=477"},"modified":"2026-04-09T08:58:09","modified_gmt":"2026-04-09T05:58:09","slug":"jaahdytinneste-punainen-long-life-100-200l","status":"publish","type":"product","link":"https:\/\/www.lotky.fi\/kauppa\/tuote\/jaahdytinneste-punainen-long-life-100-200l\/","title":{"rendered":"J\u00e4\u00e4hdytinneste Punainen Long Life 100%, 200L"},"content":{"rendered":"<p>Punainen j\u00e4\u00e4hdytinneste silikaattivapaa etyleeniglykolipohjainen pitk\u00e4k\u00e4ytt\u00f6inen j\u00e4\u00e4hdytysnesteen tiiviste. K\u00e4ytt\u00f6ik\u00e4 j\u00e4\u00e4hdytysj\u00e4rjestelmiss\u00e4 on n. 5 vuotta. Soveltuu kaikkiin nykyaikaisiin alumiini- ja muihin kevytmetallij\u00e4rjestelmiin. Sekoita tiiviste 1:1 suhteessa puhtaaseen veteen. Pakkaskesto 1:1 seoksella n. -36\u00b0C.<\/p>\n<p>Suorituskyky:<\/p>\n<p>BS 6580<br \/>\nG12+<br \/>\nCUNA NC 956-16<br \/>\nFVV Heft R443<br \/>\nSAE J 1034<br \/>\nNATO S-759<br \/>\nUNE 26361-88; Volkswagen\/ \u0160koda\/ SEAT\/ Audi TL-774 D&amp;F<br \/>\nMercedes- Benz 325.3\/ 326.3<br \/>\nMAN Truck and Bus MAN 324 SNF<br \/>\nDAF MAT 74002<br \/>\nOpel GM 1899 M &amp; 6277M &amp; B 040 1065 &amp; GM QL130100<br \/>\nFord WSS-M97B44-D &amp; ESE MS 9176 &amp; ESD M97 B49-A<br \/>\nCummins CES 14603 &amp; CES 14439<br \/>\nDeutz DQC CB-14<br \/>\nFiat 9.5523<br \/>\nIveco 18-1830<br \/>\nJohn Deere<br \/>\nRenault 41-01-001<br \/>\nRenault Trucks<br \/>\nVauxhall GMW 3420<br \/>\nVolvo VCS<br \/>\nChrysler MS 9176<br \/>\nLeyland Trucks LTS 22 AF 10<br \/>\nMack 014GS 17004 etc.<\/p>\n","protected":false},"excerpt":{"rendered":"<p>Punainen j\u00e4\u00e4hdytinneste silikaattivapaa etyleeniglykolipohjainen pitk\u00e4k\u00e4ytt\u00f6inen j\u00e4\u00e4hdytysnesteen tiiviste. K\u00e4ytt\u00f6ik\u00e4 j\u00e4\u00e4hdytysj\u00e4rjestelmiss\u00e4 on n. 5 vuotta. Soveltuu kaikkiin nykyaikaisiin alumiini- ja muihin kevytmetallij\u00e4rjestelmiin. Sekoita tiiviste 1:1 suhteessa puhtaaseen veteen. Pakkaskesto 1:1 seoksella n. -36\u00b0C.<\/p>\n","protected":false},"featured_media":476,"template":"","meta":[],"product_brand":[],"product_cat":[34],"product_tag":[],"class_list":{"0":"post-477","1":"product","2":"type-product","3":"status-publish","4":"has-post-thumbnail","6":"product_cat-nesteet-ja-kemikaalit","8":"first","9":"instock","10":"taxable","11":"shipping-taxable","12":"purchasable","13":"product-type-simple"},"_links":{"self":[{"href":"https:\/\/www.lotky.fi\/kauppa\/wp-json\/wp\/v2\/product\/477","targetHints":{"allow":["GET"]}}],"collection":[{"href":"https:\/\/www.lotky.fi\/kauppa\/wp-json\/wp\/v2\/product"}],"about":[{"href":"https:\/\/www.lotky.fi\/kauppa\/wp-json\/wp\/v2\/types\/product"}],"wp:featuredmedia":[{"embeddable":true,"href":"https:\/\/www.lotky.fi\/kauppa\/wp-json\/wp\/v2\/media\/476"}],"wp:attachment":[{"href":"https:\/\/www.lotky.fi\/kauppa\/wp-json\/wp\/v2\/media?parent=477"}],"wp:term":[{"taxonomy":"product_brand","embeddable":true,"href":"https:\/\/www.lotky.fi\/kauppa\/wp-json\/wp\/v2\/product_brand?post=477"},{"taxonomy":"product_cat","embeddable":true,"href":"https:\/\/www.lotky.fi\/kauppa\/wp-json\/wp\/v2\/product_cat?post=477"},{"taxonomy":"product_tag","embeddable":true,"href":"https:\/\/www.lotky.fi\/kauppa\/wp-json\/wp\/v2\/product_tag?post=477"}],"curies":[{"name":"wp","href":"https:\/\/api.w.org\/{rel}","templated":true}]}}