{"id":439,"date":"2016-06-03T10:34:58","date_gmt":"2016-06-03T07:34:58","guid":{"rendered":"http:\/\/www.lotky.fi\/kauppa\/?post_type=product&#038;p=439"},"modified":"2025-10-24T10:06:41","modified_gmt":"2025-10-24T07:06:41","slug":"champion-u-t-t-oil-170-bm-205l","status":"publish","type":"product","link":"https:\/\/www.lotky.fi\/kauppa\/tuote\/champion-u-t-t-oil-170-bm-205l\/","title":{"rendered":"Champion U.T.T Oil 170 BM, 205L"},"content":{"rendered":"<p>Champion U.T.T Oil -\u00f6ljy on tarkoitettu traktoreiden, trukkien ja erilaisten maastossa k\u00e4ytett\u00e4vien koneiden automaattivaihteistoille, hydrauliikkaj\u00e4rjestelmille, m\u00e4rk\u00e4jarruille ja muuntimille. \u00d6ljy t\u00e4ytt\u00e4\u00e4 Volvo BM -vaatimukset, ja sit\u00e4 voi k\u00e4ytt\u00e4\u00e4 maatalous- ja ty\u00f6koneiden sek\u00e4 liikkuvien hydraulij\u00e4rjestelmien (nosturit, kytkent\u00e4rasiat, ohjaustehostimet) vaihteistoissa, nostimissa, taka-akseleissa ja m\u00e4rk\u00e4jarruissa. Huomautus: Valmistaja suosittelee traktorien yleis\u00f6ljy\u00e4 (STOU-\u00f6ljy) m\u00e4\u00e4ritt\u00e4ess\u00e4\u00e4n vain yhden \u00f6ljyn, joka sopii kaikkien osien, my\u00f6s moottorin, voiteluun.<\/p>\n<p>Luokitukset:<\/p>\n<p>ALLISON : C4<br \/>\nAPI: GL-4<br \/>\nCASE: MAT 3505, MAT 3525. MS1206, MS1207, MS1210<br \/>\nCATERPILLAR: TO-2<br \/>\nFORD: ESN-M2C-134 C\/D, FNHA-2-C-201.00<br \/>\nJD: J20 C\/D<br \/>\nMF: M 1135, M 1143, M 1145<br \/>\nVOLVO: WB-101<br \/>\nZF: TE-ML 03E, 05F, 17E, 21F<\/p>\n","protected":false},"excerpt":{"rendered":"<p>Champion U.T.T Oil -\u00f6ljy on tarkoitettu traktoreiden, trukkien ja erilaisten maastossa k\u00e4ytett\u00e4vien koneiden automaattivaihteistoille, hydrauliikkaj\u00e4rjestelmille, m\u00e4rk\u00e4jarruille ja muuntimille. \u00d6ljy t\u00e4ytt\u00e4\u00e4 Volvo BM -vaatimukset, ja sit\u00e4 voi k\u00e4ytt\u00e4\u00e4 maatalous- ja ty\u00f6koneiden sek\u00e4 liikkuvien hydraulij\u00e4rjestelmien (nosturit, kytkent\u00e4rasiat, ohjaustehostimet) vaihteistoissa, nostimissa, taka-akseleissa ja m\u00e4rk\u00e4jarruissa. Huomautus: Valmistaja suosittelee traktorien yleis\u00f6ljy\u00e4 (STOU-\u00f6ljy) m\u00e4\u00e4ritt\u00e4ess\u00e4\u00e4n vain yhden \u00f6ljyn, joka sopii kaikkien osien, [&hellip;]<\/p>\n","protected":false},"featured_media":430,"template":"","meta":[],"product_brand":[],"product_cat":[23],"product_tag":[],"class_list":{"0":"post-439","1":"product","2":"type-product","3":"status-publish","4":"has-post-thumbnail","6":"product_cat-maatalousoljyt","8":"first","9":"instock","10":"taxable","11":"shipping-taxable","12":"purchasable","13":"product-type-simple"},"_links":{"self":[{"href":"https:\/\/www.lotky.fi\/kauppa\/wp-json\/wp\/v2\/product\/439","targetHints":{"allow":["GET"]}}],"collection":[{"href":"https:\/\/www.lotky.fi\/kauppa\/wp-json\/wp\/v2\/product"}],"about":[{"href":"https:\/\/www.lotky.fi\/kauppa\/wp-json\/wp\/v2\/types\/product"}],"wp:featuredmedia":[{"embeddable":true,"href":"https:\/\/www.lotky.fi\/kauppa\/wp-json\/wp\/v2\/media\/430"}],"wp:attachment":[{"href":"https:\/\/www.lotky.fi\/kauppa\/wp-json\/wp\/v2\/media?parent=439"}],"wp:term":[{"taxonomy":"product_brand","embeddable":true,"href":"https:\/\/www.lotky.fi\/kauppa\/wp-json\/wp\/v2\/product_brand?post=439"},{"taxonomy":"product_cat","embeddable":true,"href":"https:\/\/www.lotky.fi\/kauppa\/wp-json\/wp\/v2\/product_cat?post=439"},{"taxonomy":"product_tag","embeddable":true,"href":"https:\/\/www.lotky.fi\/kauppa\/wp-json\/wp\/v2\/product_tag?post=439"}],"curies":[{"name":"wp","href":"https:\/\/api.w.org\/{rel}","templated":true}]}}