{"id":4274,"date":"2026-01-21T08:46:24","date_gmt":"2026-01-21T06:46:24","guid":{"rendered":"https:\/\/www.lotky.fi\/kauppa\/?post_type=product&#038;p=4274"},"modified":"2026-04-20T11:13:55","modified_gmt":"2026-04-20T08:13:55","slug":"77-lubricants-universal-tractor-oil-syn-80w-utto-200l","status":"publish","type":"product","link":"https:\/\/www.lotky.fi\/kauppa\/tuote\/77-lubricants-universal-tractor-oil-syn-80w-utto-200l\/","title":{"rendered":"77 Lubricants Universal Tractor Oil Syn 80W, UTTO, 200L"},"content":{"rendered":"<p>UNIVERSAL TRACTOR OIL Syn 80W<br \/>\nSynteettinen, eritt\u00e4in korkealaatuinen voiteluaine joka soveltuu mm. traktoreiden ja maastoajoneuvojen (CVT*) vaihteistoille, vetopy\u00f6r\u00e4st\u00f6ille, hydraulij\u00e4rjestelmille ja \u00f6ljykylpyjarruille joissa on yhteinen \u00f6ljys\u00e4ili\u00f6. Eritt\u00e4in hyv\u00e4 suoja \u00f6ljyn ik\u00e4\u00e4ntymiselle joka mahdollistaa pitk\u00e4t vaihtov\u00e4lit. Parannetut kitkaominaisuudet kytkimen\/jarrujen tehokkaan toiminnan takaamiseksi. Eritt\u00e4in laaja k\u00e4ytt\u00f6l\u00e4mp\u00f6tila-alue ja erinomaiset kylm\u00e4ominaisuudet. Korkea viskositeetti-indeksi ja leikkauskest\u00e4vyys takaa tehokkaan toiminnan vaikeissa olosuhteissa. Eritt\u00e4in hyv\u00e4 kulumisenesto-, ja paineenkestosuoja.<\/p>\n<p>&nbsp;<\/p>\n<p>T\u00e4ytt\u00e4\u00e4: API GL4<br \/>\nAGCO CVT ML200<br \/>\nFendt Vario<br \/>\nNH410B, NH420A<br \/>\nAllison C-4<br \/>\nFord M2C134D<br \/>\nNew Holland 82948718<br \/>\nDenison HF(-0-2)<br \/>\nFord M2C86A\/B<br \/>\nSauer Sundstrand\/ Danfoss<br \/>\nCaterpillar TO-2<br \/>\nI.H.C: B-5 &amp; B-6 Hydra<br \/>\nValtra G2-08 (XT-60)<\/p>\n<p>Valtra G2-10 (XT-60+)<br \/>\nCase MS 1204\/6\/7\/9<br \/>\nJCMAS HK P-041<br \/>\nClaas CVT<br \/>\nJohn Deere J20C, J20D<br \/>\nVolvo WB101 (97303)<br \/>\nCNH MAT 3525\/3526<br \/>\nKubota: UDT fluid<br \/>\nWhite: Q-1705\/1722\/1766B<br \/>\nDIN 51524-3<br \/>\nMAT 3540 (CVT)<br \/>\nWhite: Q-1802\/1826<br \/>\nEaton I-280-S<br \/>\nMF M1145<br \/>\nZF TE ML-06B\/D\/E\/F\/H\/M<br \/>\nEaton M2950S<br \/>\nOliver: Type 55\/Type 5J<\/p>\n","protected":false},"excerpt":{"rendered":"<p>Synteettinen, eritt\u00e4in korkealaatuinen voiteluaine joka soveltuu mm. traktoreiden ja maastoajoneuvojen (CVT*) vaihteistoille, vetopy\u00f6r\u00e4st\u00f6ille, hydraulij\u00e4rjestelmille ja \u00f6ljykylpyjarruille joissa on yhteinen \u00f6ljys\u00e4ili\u00f6<\/p>\n","protected":false},"featured_media":3065,"template":"","meta":[],"product_brand":[],"product_cat":[23,24],"product_tag":[],"class_list":{"0":"post-4274","1":"product","2":"type-product","3":"status-publish","4":"has-post-thumbnail","6":"product_cat-maatalousoljyt","7":"product_cat-vaihteistooljyt","9":"first","10":"instock","11":"taxable","12":"shipping-taxable","13":"purchasable","14":"product-type-simple"},"_links":{"self":[{"href":"https:\/\/www.lotky.fi\/kauppa\/wp-json\/wp\/v2\/product\/4274","targetHints":{"allow":["GET"]}}],"collection":[{"href":"https:\/\/www.lotky.fi\/kauppa\/wp-json\/wp\/v2\/product"}],"about":[{"href":"https:\/\/www.lotky.fi\/kauppa\/wp-json\/wp\/v2\/types\/product"}],"wp:featuredmedia":[{"embeddable":true,"href":"https:\/\/www.lotky.fi\/kauppa\/wp-json\/wp\/v2\/media\/3065"}],"wp:attachment":[{"href":"https:\/\/www.lotky.fi\/kauppa\/wp-json\/wp\/v2\/media?parent=4274"}],"wp:term":[{"taxonomy":"product_brand","embeddable":true,"href":"https:\/\/www.lotky.fi\/kauppa\/wp-json\/wp\/v2\/product_brand?post=4274"},{"taxonomy":"product_cat","embeddable":true,"href":"https:\/\/www.lotky.fi\/kauppa\/wp-json\/wp\/v2\/product_cat?post=4274"},{"taxonomy":"product_tag","embeddable":true,"href":"https:\/\/www.lotky.fi\/kauppa\/wp-json\/wp\/v2\/product_tag?post=4274"}],"curies":[{"name":"wp","href":"https:\/\/api.w.org\/{rel}","templated":true}]}}