{"id":4263,"date":"2026-01-16T10:19:45","date_gmt":"2026-01-16T08:19:45","guid":{"rendered":"https:\/\/www.lotky.fi\/kauppa\/?post_type=product&#038;p=4263"},"modified":"2026-03-21T19:34:16","modified_gmt":"2026-03-21T17:34:16","slug":"shell-tellus-s4-vk-32-209l","status":"publish","type":"product","link":"https:\/\/www.lotky.fi\/kauppa\/tuote\/shell-tellus-s4-vk-32-209l\/","title":{"rendered":"Shell Tellus S4 VK 32, 209L"},"content":{"rendered":"<p>Shell Tellus S4 VK 32 on edistyksellisen suorituskykyinen, synteetinen, sinkillinen, ymp\u00e4rivuotinen hydrauli\u00f6ljy, joka on kehitetty Shellin Gas-To-Liquid (GTL) -teknologialla ja edistyneill\u00e4 kulumisenestoaineilla. Shell Tellus S4 VK on leikkausstabiili hydrauli\u00f6ljy, jolla on hyv\u00e4 juoksevuus, mik\u00e4 mahdollistaa \u00f6ljyn pumpattavuuden -30 \u00b0C:seen asti.<\/p>\n<p>Shell Tellus S4 VK -\u00f6ljyt ovat yhteensopivia mineraali-\/synteettisten \u00f6ljyjen kanssa k\u00e4ytett\u00e4v\u00e4ksi normaalisti m\u00e4\u00e4riteltyjen tiivistemateriaalien kanssa.<\/p>\n<p>Viskositeetti-indeksi 225<\/p>\n<p>Spesifikaatiot, hyv\u00e4ksynn\u00e4t &amp; suositukset:<\/p>\n<p>ISO VG 32<\/p>\n<p>Denison (HF-0, HF-1, HF-2)l<br \/>\nDanfoss Vickers E-FDGN-TB002-El<br \/>\nASTM D6158-05 HVl<br \/>\nISO 11158 HV Fluidl<br \/>\nDIN 51524-3 HVLP<\/p>\n<div><\/div>\n","protected":false},"excerpt":{"rendered":"<p>Shell Tellus S4 VK 32 on edistyksellisen suorituskykyinen, synteetinen, sinkillinen, ymp\u00e4rivuotinen hydrauli\u00f6ljy<\/p>\n","protected":false},"featured_media":347,"template":"","meta":[],"product_brand":[],"product_cat":[6],"product_tag":[],"class_list":{"0":"post-4263","1":"product","2":"type-product","3":"status-publish","4":"has-post-thumbnail","6":"product_cat-hydrauliikkaoljyt","8":"first","9":"instock","10":"taxable","11":"shipping-taxable","12":"purchasable","13":"product-type-simple"},"_links":{"self":[{"href":"https:\/\/www.lotky.fi\/kauppa\/wp-json\/wp\/v2\/product\/4263","targetHints":{"allow":["GET"]}}],"collection":[{"href":"https:\/\/www.lotky.fi\/kauppa\/wp-json\/wp\/v2\/product"}],"about":[{"href":"https:\/\/www.lotky.fi\/kauppa\/wp-json\/wp\/v2\/types\/product"}],"wp:featuredmedia":[{"embeddable":true,"href":"https:\/\/www.lotky.fi\/kauppa\/wp-json\/wp\/v2\/media\/347"}],"wp:attachment":[{"href":"https:\/\/www.lotky.fi\/kauppa\/wp-json\/wp\/v2\/media?parent=4263"}],"wp:term":[{"taxonomy":"product_brand","embeddable":true,"href":"https:\/\/www.lotky.fi\/kauppa\/wp-json\/wp\/v2\/product_brand?post=4263"},{"taxonomy":"product_cat","embeddable":true,"href":"https:\/\/www.lotky.fi\/kauppa\/wp-json\/wp\/v2\/product_cat?post=4263"},{"taxonomy":"product_tag","embeddable":true,"href":"https:\/\/www.lotky.fi\/kauppa\/wp-json\/wp\/v2\/product_tag?post=4263"}],"curies":[{"name":"wp","href":"https:\/\/api.w.org\/{rel}","templated":true}]}}