{"id":424,"date":"2016-06-01T12:14:25","date_gmt":"2016-06-01T09:14:25","guid":{"rendered":"http:\/\/www.lotky.fi\/kauppa\/?post_type=product&#038;p=424"},"modified":"2026-03-21T19:57:55","modified_gmt":"2026-03-21T17:57:55","slug":"shell-helix-ultra-a5b5-0w-30-209l","status":"publish","type":"product","link":"https:\/\/www.lotky.fi\/kauppa\/tuote\/shell-helix-ultra-a5b5-0w-30-209l\/","title":{"rendered":"Shell Helix Ultra A5\/B5 0W-30, 209L"},"content":{"rendered":"<p>Shell Helix Ultra A5\/B5 0W-30 on formuloitu k\u00e4ytt\u00e4en ainutlaatuista puhdistavaa teknologiaa auttaakseen suorituskykyisi\u00e4 moottoreita toimimaan tehokkaimmillaan ja suojaamaan mottoria kerrostumilta ja kulumiselta. Se sopii my\u00f6s biodieselille ja bensiini \/ etanoliseoksille sek\u00e4 kun suosituksena on A5\/B5 0W-30 \u00f6ljy, kuten er\u00e4iss\u00e4 Volvo henkil\u00f6autoissa.<\/p>\n<p>Spesifikaatiot, hyv\u00e4ksynn\u00e4t &amp; suositukset:<\/p>\n<p>SAE 0W-30<br \/>\nAPI SL<br \/>\nACEA A5\/B5<\/p>\n","protected":false},"excerpt":{"rendered":"<p>Shell Helix Ultra A5\/B5 0W-30 on formuloitu k\u00e4ytt\u00e4en ainutlaatuista puhdistavaa teknologiaa auttaakseen suorituskykyisi\u00e4 moottoreita toimimaan tehokkaimmillaan ja suojaamaan mottoria kerrostumilta ja kulumiselta. Shell Helix Ultraa voidaan k\u00e4ytt\u00e4\u00e4 bensiinimoottoreissa, dieselmoottoreissa (ilman partikkelisuodatinta) ja kaasumoottoreissa<\/p>\n","protected":false},"featured_media":347,"template":"","meta":[],"product_brand":[],"product_cat":[17],"product_tag":[],"class_list":{"0":"post-424","1":"product","2":"type-product","3":"status-publish","4":"has-post-thumbnail","6":"product_cat-moottorioljyt-kevyt-kalusto","8":"first","9":"instock","10":"taxable","11":"shipping-taxable","12":"purchasable","13":"product-type-simple"},"_links":{"self":[{"href":"https:\/\/www.lotky.fi\/kauppa\/wp-json\/wp\/v2\/product\/424","targetHints":{"allow":["GET"]}}],"collection":[{"href":"https:\/\/www.lotky.fi\/kauppa\/wp-json\/wp\/v2\/product"}],"about":[{"href":"https:\/\/www.lotky.fi\/kauppa\/wp-json\/wp\/v2\/types\/product"}],"wp:featuredmedia":[{"embeddable":true,"href":"https:\/\/www.lotky.fi\/kauppa\/wp-json\/wp\/v2\/media\/347"}],"wp:attachment":[{"href":"https:\/\/www.lotky.fi\/kauppa\/wp-json\/wp\/v2\/media?parent=424"}],"wp:term":[{"taxonomy":"product_brand","embeddable":true,"href":"https:\/\/www.lotky.fi\/kauppa\/wp-json\/wp\/v2\/product_brand?post=424"},{"taxonomy":"product_cat","embeddable":true,"href":"https:\/\/www.lotky.fi\/kauppa\/wp-json\/wp\/v2\/product_cat?post=424"},{"taxonomy":"product_tag","embeddable":true,"href":"https:\/\/www.lotky.fi\/kauppa\/wp-json\/wp\/v2\/product_tag?post=424"}],"curies":[{"name":"wp","href":"https:\/\/api.w.org\/{rel}","templated":true}]}}