{"id":4176,"date":"2025-11-26T14:26:00","date_gmt":"2025-11-26T12:26:00","guid":{"rendered":"https:\/\/www.lotky.fi\/kauppa\/?post_type=product&#038;p=4176"},"modified":"2026-03-31T10:07:37","modified_gmt":"2026-03-31T07:07:37","slug":"neste-avora-180-kg","status":"publish","type":"product","link":"https:\/\/www.lotky.fi\/kauppa\/tuote\/neste-avora-180-kg\/","title":{"rendered":"Neste Avora, 180 kg"},"content":{"rendered":"<p>Neste Avora avohammaspy\u00f6r\u00e4rasva valmistetaan mineraaliperus\u00f6ljyist\u00e4 ja litium\/kalsiumkompleksisaentimesta. Tuotteella on erinomaiset vedenkesto-, kuormankanto- ja EP-ominaisuudet sek\u00e4 erinomainen kiinnitarttuvuus metallipinnoille. Neste Avoraa k\u00e4ytet\u00e4\u00e4n liuku-ja vierint\u00e4laakerien, avohammaspy\u00f6rien, hammastankojen, ter\u00e4sk\u00f6ysien ja ketjujen voiteluun sek\u00e4 kylmiss\u00e4 ett\u00e4 kuumissa olosuhteissa. Se kest\u00e4\u00e4 my\u00f6s kosteissa ja veden huuhtelemissa paikoissa. Voidaan levitt\u00e4\u00e4 sek\u00e4 kuiville ett\u00e4 m\u00e4rille pinnoille.<\/p>\n<p><strong>SUORITUSKYKYLUOKITUKSET<\/strong><br \/>\nISO 12924: ISO-L-XB(F)DIB0.5<br \/>\nNLGI 0.5<br \/>\nDIN 51502: OGP0.5N-20<br \/>\nNSN 9150-58-001-9684<\/p>\n<p>&nbsp;<\/p>\n<p>&nbsp;<\/p>\n","protected":false},"excerpt":{"rendered":"<p>Neste Avora avohammaspy\u00f6r\u00e4rasva valmistetaan mineraaliperus\u00f6ljyist\u00e4 ja litium\/kalsiumkompleksisaentimesta. Tuotteella on erinomaiset vedenkesto-, kuormankanto- ja EP-ominaisuudet sek\u00e4 erinomainen kiinnitarttuvuus metallipinnoille. Neste Avoraa k\u00e4ytet\u00e4\u00e4n liuku-ja vierint\u00e4laakerien, avohammaspy\u00f6rien, hammastankojen, ter\u00e4sk\u00f6ysien ja ketjujen voiteluun sek\u00e4 kylmiss\u00e4 ett\u00e4 kuumissa olosuhteissa. Se kest\u00e4\u00e4 my\u00f6s kosteissa ja veden huuhtelemissa paikoissa. Voidaan levitt\u00e4\u00e4 sek\u00e4 kuiville ett\u00e4 m\u00e4rille pinnoille.<\/p>\n","protected":false},"featured_media":1598,"template":"","meta":[],"product_brand":[],"product_cat":[19],"product_tag":[],"class_list":{"0":"post-4176","1":"product","2":"type-product","3":"status-publish","4":"has-post-thumbnail","6":"product_cat-rasvat","8":"first","9":"instock","10":"taxable","11":"shipping-taxable","12":"purchasable","13":"product-type-simple"},"_links":{"self":[{"href":"https:\/\/www.lotky.fi\/kauppa\/wp-json\/wp\/v2\/product\/4176","targetHints":{"allow":["GET"]}}],"collection":[{"href":"https:\/\/www.lotky.fi\/kauppa\/wp-json\/wp\/v2\/product"}],"about":[{"href":"https:\/\/www.lotky.fi\/kauppa\/wp-json\/wp\/v2\/types\/product"}],"wp:featuredmedia":[{"embeddable":true,"href":"https:\/\/www.lotky.fi\/kauppa\/wp-json\/wp\/v2\/media\/1598"}],"wp:attachment":[{"href":"https:\/\/www.lotky.fi\/kauppa\/wp-json\/wp\/v2\/media?parent=4176"}],"wp:term":[{"taxonomy":"product_brand","embeddable":true,"href":"https:\/\/www.lotky.fi\/kauppa\/wp-json\/wp\/v2\/product_brand?post=4176"},{"taxonomy":"product_cat","embeddable":true,"href":"https:\/\/www.lotky.fi\/kauppa\/wp-json\/wp\/v2\/product_cat?post=4176"},{"taxonomy":"product_tag","embeddable":true,"href":"https:\/\/www.lotky.fi\/kauppa\/wp-json\/wp\/v2\/product_tag?post=4176"}],"curies":[{"name":"wp","href":"https:\/\/api.w.org\/{rel}","templated":true}]}}