{"id":4173,"date":"2025-11-26T14:16:07","date_gmt":"2025-11-26T12:16:07","guid":{"rendered":"https:\/\/www.lotky.fi\/kauppa\/?post_type=product&#038;p=4173"},"modified":"2026-03-31T10:07:53","modified_gmt":"2026-03-31T07:07:53","slug":"neste-allrex-ep-m3-180-kg","status":"publish","type":"product","link":"https:\/\/www.lotky.fi\/kauppa\/tuote\/neste-allrex-ep-m3-180-kg\/","title":{"rendered":"Neste Allrex EP M3, 180 kg"},"content":{"rendered":"<p>Neste Allrex EP M3 on litiumsaentimeen ja mineraaliperus\u00f6ljyyn perustuva ja 3% molybdeenidisulfidia sis\u00e4lt\u00e4v\u00e4 erikoisrasva. Rasvan optimoitu koostumus tekee Neste Allrex EP M3:sta todella monik\u00e4ytt\u00f6isen molyrasvan. Molybdeenidisulfidin lis\u00e4ksi tuote sis\u00e4lt\u00e4\u00e4 tehokkaan lis\u00e4aineistuksen hapettumista, korroosiota ja kulumista vastaan. Neste Allrex EP M3 soveltuu moniin liikkuvan kaluston ja teollisuuden k\u00e4ytt\u00f6kohteisiin. Molytbdeenidisulfidilla (3 %) saadaan lis\u00e4suojaa hitaasti py\u00f6riviin ja \/ tai v\u00e4r\u00e4htelev\u00e4n kuorman alaisiin laakereihin. Huom! Neste Allrex EP M3:a ei suositella nopeille tai keskinopeille vierint\u00e4laakereille.<\/p>\n<p><strong>SUORITUSKYKYLUOKITUKSET<\/strong><br \/>\nISO 6743: ISO-L-XCCIB2<br \/>\nNLGI 2<br \/>\nDIN 51502: KPF2K-30<br \/>\nMAN 285 Li-PF 2<br \/>\nNSN 9150-58-001-9694<\/p>\n","protected":false},"excerpt":{"rendered":"<p>Neste Allrex EP M3 on litiumsaentimeen ja mineraaliperus\u00f6ljyyn perustuva ja 3% molybdeenidisulfidia sis\u00e4lt\u00e4v\u00e4 erikoisrasva. Rasvan optimoitu koostumus tekee Neste Allrex EP M3:sta todella monik\u00e4ytt\u00f6isen molyrasvan. Molybdeenidisulfidin lis\u00e4ksi tuote sis\u00e4lt\u00e4\u00e4 tehokkaan lis\u00e4aineistuksen hapettumista, korroosiota ja kulumista vastaan. Neste Allrex EP M3 soveltuu moniin liikkuvan kaluston ja teollisuuden k\u00e4ytt\u00f6kohteisiin. Molytbdeenidisulfidilla (3 %) saadaan lis\u00e4suojaa hitaasti py\u00f6riviin ja [&hellip;]<\/p>\n","protected":false},"featured_media":1598,"template":"","meta":[],"product_brand":[],"product_cat":[19],"product_tag":[],"class_list":{"0":"post-4173","1":"product","2":"type-product","3":"status-publish","4":"has-post-thumbnail","6":"product_cat-rasvat","8":"first","9":"instock","10":"taxable","11":"shipping-taxable","12":"purchasable","13":"product-type-simple"},"_links":{"self":[{"href":"https:\/\/www.lotky.fi\/kauppa\/wp-json\/wp\/v2\/product\/4173","targetHints":{"allow":["GET"]}}],"collection":[{"href":"https:\/\/www.lotky.fi\/kauppa\/wp-json\/wp\/v2\/product"}],"about":[{"href":"https:\/\/www.lotky.fi\/kauppa\/wp-json\/wp\/v2\/types\/product"}],"wp:featuredmedia":[{"embeddable":true,"href":"https:\/\/www.lotky.fi\/kauppa\/wp-json\/wp\/v2\/media\/1598"}],"wp:attachment":[{"href":"https:\/\/www.lotky.fi\/kauppa\/wp-json\/wp\/v2\/media?parent=4173"}],"wp:term":[{"taxonomy":"product_brand","embeddable":true,"href":"https:\/\/www.lotky.fi\/kauppa\/wp-json\/wp\/v2\/product_brand?post=4173"},{"taxonomy":"product_cat","embeddable":true,"href":"https:\/\/www.lotky.fi\/kauppa\/wp-json\/wp\/v2\/product_cat?post=4173"},{"taxonomy":"product_tag","embeddable":true,"href":"https:\/\/www.lotky.fi\/kauppa\/wp-json\/wp\/v2\/product_tag?post=4173"}],"curies":[{"name":"wp","href":"https:\/\/api.w.org\/{rel}","templated":true}]}}