{"id":4170,"date":"2025-11-26T14:04:05","date_gmt":"2025-11-26T12:04:05","guid":{"rendered":"https:\/\/www.lotky.fi\/kauppa\/?post_type=product&#038;p=4170"},"modified":"2026-03-31T10:08:02","modified_gmt":"2026-03-31T07:08:02","slug":"neste-oh-grease-0-180-kg","status":"publish","type":"product","link":"https:\/\/www.lotky.fi\/kauppa\/tuote\/neste-oh-grease-0-180-kg\/","title":{"rendered":"Neste OH Grease 0, 180 kg"},"content":{"rendered":"<p>Neste OH Grease 0 on paksusta mineraali\u00f6ljyst\u00e4 ja vedett\u00f6m\u00e4st\u00e4 kalsiumsaentimesta valmistettu punainen rasva, jonka erikoisominaisuuksina ovat erinomainen pumpattavuus, kiinnitarttuvuus ja veden kesto. Rasva pysyy kest\u00e4v\u00e4n ja sitke\u00e4n rakenteensa vuoksi voitelukohteessa normaaleja yleisrasvoja paremmin, jolloin p\u00e4\u00e4st\u00e4\u00e4n pidempiin voiteluv\u00e4leihin. Neste OH Grease 0 sis\u00e4lt\u00e4\u00e4 tehokkaan EP-lis\u00e4aineistuksen, joka ehk\u00e4isee voideltavien kohteiden kulumista raskaissa ja iskumaisissa kuormituksissa<strong>. <\/strong>Neste OH Grease 0:aa suositellaan maansiirto-, maatalous- ja mets\u00e4koneiden niveltappien voiteluun sek\u00e4 ajoneuvokaluston alustan voitelukohteisiin erityisesti talviaikaan.\u00a0<strong><\/p>\n<p><\/strong><strong>SUORITUSKYKYLUOKITUKSET<\/strong><br \/>\nISO 12924: ISO-L-XD(F)CHB0<br \/>\nNLGI 0<br \/>\nDIN 51502: KP0K-40<br \/>\nNSN 9150-58-001-9677<\/p>\n","protected":false},"excerpt":{"rendered":"<p>Neste OH Grease 0 on paksusta mineraali\u00f6ljyst\u00e4 ja vedett\u00f6m\u00e4st\u00e4 kalsiumsaentimesta valmistettu punainen rasva, jonka erikoisominaisuuksina ovat erinomainen pumpattavuus, kiinnitarttuvuus ja veden kesto. Rasva pysyy kest\u00e4v\u00e4n ja sitke\u00e4n rakenteensa vuoksi voitelukohteessa normaaleja yleisrasvoja paremmin, jolloin p\u00e4\u00e4st\u00e4\u00e4n pidempiin voiteluv\u00e4leihin. Neste OH Grease 0 sis\u00e4lt\u00e4\u00e4 tehokkaan EP-lis\u00e4aineistuksen, joka ehk\u00e4isee voideltavien kohteiden kulumista raskaissa ja iskumaisissa kuormituksissa. Neste OH [&hellip;]<\/p>\n","protected":false},"featured_media":1598,"template":"","meta":[],"product_brand":[],"product_cat":[19],"product_tag":[],"class_list":{"0":"post-4170","1":"product","2":"type-product","3":"status-publish","4":"has-post-thumbnail","6":"product_cat-rasvat","8":"first","9":"instock","10":"taxable","11":"shipping-taxable","12":"purchasable","13":"product-type-simple"},"_links":{"self":[{"href":"https:\/\/www.lotky.fi\/kauppa\/wp-json\/wp\/v2\/product\/4170","targetHints":{"allow":["GET"]}}],"collection":[{"href":"https:\/\/www.lotky.fi\/kauppa\/wp-json\/wp\/v2\/product"}],"about":[{"href":"https:\/\/www.lotky.fi\/kauppa\/wp-json\/wp\/v2\/types\/product"}],"wp:featuredmedia":[{"embeddable":true,"href":"https:\/\/www.lotky.fi\/kauppa\/wp-json\/wp\/v2\/media\/1598"}],"wp:attachment":[{"href":"https:\/\/www.lotky.fi\/kauppa\/wp-json\/wp\/v2\/media?parent=4170"}],"wp:term":[{"taxonomy":"product_brand","embeddable":true,"href":"https:\/\/www.lotky.fi\/kauppa\/wp-json\/wp\/v2\/product_brand?post=4170"},{"taxonomy":"product_cat","embeddable":true,"href":"https:\/\/www.lotky.fi\/kauppa\/wp-json\/wp\/v2\/product_cat?post=4170"},{"taxonomy":"product_tag","embeddable":true,"href":"https:\/\/www.lotky.fi\/kauppa\/wp-json\/wp\/v2\/product_tag?post=4170"}],"curies":[{"name":"wp","href":"https:\/\/api.w.org\/{rel}","templated":true}]}}