{"id":4024,"date":"2025-09-16T08:38:27","date_gmt":"2025-09-16T05:38:27","guid":{"rendered":"https:\/\/www.lotky.fi\/kauppa\/?post_type=product&#038;p=4024"},"modified":"2025-09-16T08:42:03","modified_gmt":"2025-09-16T05:42:03","slug":"77-lubricants-motor-oil-synthetic-5w-40-200-l","status":"publish","type":"product","link":"https:\/\/www.lotky.fi\/kauppa\/tuote\/77-lubricants-motor-oil-synthetic-5w-40-200-l\/","title":{"rendered":"77 Lubricants Motor Oil Synthetic 5W-40, 200 L"},"content":{"rendered":"<p>Synteettinen, laajak\u00e4ytt\u00f6inen moottori\u00f6ljy.<br \/>\nSopii tehokkaisiin ahdettuihin ja ahtamattomiin, bensiini-, ja dieselk\u00e4ytt\u00f6isiin ajoneuvoihin. Polttoainetta s\u00e4\u00e4st\u00e4v\u00e4 ja kulumiselta suojaava laadukas \u00f6ljy ymp\u00e4rivuotiseen k\u00e4ytt\u00f6\u00f6n.<br \/>\nT\u00e4ytt\u00e4\u00e4: ACEA A3\/B4, API SP, BMW LL-01 &gt; until 2019, Fiat 9.55535 M2, MB 226.5, Opel GM-LL-025-A, Opel GM-LL-025-B, Renault RN 0700, 0710<br \/>\nHyv\u00e4ksytty: MB 229.3, VW 502.00, 505.00<\/p>\n","protected":false},"excerpt":{"rendered":"<p>Synteettinen, laajak\u00e4ytt\u00f6inen moottori\u00f6ljy. Sopii tehokkaisiin ahdettuihin ja ahtamattomiin, bensiini-, ja dieselk\u00e4ytt\u00f6isiin ajoneuvoihin.<\/p>\n","protected":false},"featured_media":3065,"template":"","meta":[],"product_brand":[],"product_cat":[17],"product_tag":[],"class_list":{"0":"post-4024","1":"product","2":"type-product","3":"status-publish","4":"has-post-thumbnail","6":"product_cat-moottorioljyt-kevyt-kalusto","8":"first","9":"instock","10":"taxable","11":"shipping-taxable","12":"purchasable","13":"product-type-simple"},"_links":{"self":[{"href":"https:\/\/www.lotky.fi\/kauppa\/wp-json\/wp\/v2\/product\/4024","targetHints":{"allow":["GET"]}}],"collection":[{"href":"https:\/\/www.lotky.fi\/kauppa\/wp-json\/wp\/v2\/product"}],"about":[{"href":"https:\/\/www.lotky.fi\/kauppa\/wp-json\/wp\/v2\/types\/product"}],"wp:featuredmedia":[{"embeddable":true,"href":"https:\/\/www.lotky.fi\/kauppa\/wp-json\/wp\/v2\/media\/3065"}],"wp:attachment":[{"href":"https:\/\/www.lotky.fi\/kauppa\/wp-json\/wp\/v2\/media?parent=4024"}],"wp:term":[{"taxonomy":"product_brand","embeddable":true,"href":"https:\/\/www.lotky.fi\/kauppa\/wp-json\/wp\/v2\/product_brand?post=4024"},{"taxonomy":"product_cat","embeddable":true,"href":"https:\/\/www.lotky.fi\/kauppa\/wp-json\/wp\/v2\/product_cat?post=4024"},{"taxonomy":"product_tag","embeddable":true,"href":"https:\/\/www.lotky.fi\/kauppa\/wp-json\/wp\/v2\/product_tag?post=4024"}],"curies":[{"name":"wp","href":"https:\/\/api.w.org\/{rel}","templated":true}]}}