{"id":396,"date":"2016-05-30T11:13:07","date_gmt":"2016-05-30T08:13:07","guid":{"rendered":"http:\/\/www.lotky.fi\/kauppa\/?post_type=product&#038;p=396"},"modified":"2026-03-21T20:06:19","modified_gmt":"2026-03-21T18:06:19","slug":"shell-spirax-s6-axme-75w-140-209l","status":"publish","type":"product","link":"https:\/\/www.lotky.fi\/kauppa\/tuote\/shell-spirax-s6-axme-75w-140-209l\/","title":{"rendered":"Shell Spirax S6 AXME 75W-140, 209L"},"content":{"rendered":"<div>Shell Spirax S6 AXME 75W-140 on polttoainetta s\u00e4\u00e4st\u00e4v\u00e4 vetopy\u00f6r\u00e4st\u00f6-\u00f6ljy, joka on kehitetty suojaamaan voimansiirron komponetteja tehokkaammin ja pidemp\u00e4\u00e4n. Synteettiset perus\u00f6ljyt ja ainutlaatuinen Shell-lis\u00e4aineteknologia tehostavat voimansiirron voitelua, laskevat toimintal\u00e4mp\u00f6tilaa ja auttavat varmistamaan pidemm\u00e4n k\u00e4ytt\u00f6i\u00e4n. Spirax S6 AXME 75W-140 on kehitetty pitkille \u00f6ljynvaihtov\u00e4leille ja se on useiden auto- ja laitevalmistajien hyv\u00e4ksym\u00e4. K\u00e4ytt\u00f6kohteena raskaasti kuormitetut vetopy\u00f6r\u00e4st\u00f6t ja synkronoimattomat vaihteistot, joissa suositellaan mineraali\u00f6ljyperustaisia tai synteettisi\u00e4 \u00f6ljyj\u00e4.<\/div>\n<div><\/div>\n<div><strong>Tuotteella t\u00e4ll\u00e4 hetkell\u00e4 toimitusvaikeuksia.<\/strong><\/div>\n<div><\/div>\n<div>\n<div>\n<p>Suorituskyky:<\/p>\n<\/div>\n<\/div>\n<div>SAE 75W-140<\/div>\n<div>\n<div>Scania STO 2:0A<\/div>\n<div>API GL-5, MT-1<\/div>\n<\/div>\n","protected":false},"excerpt":{"rendered":"<p>Shell Spirax S6 AXME 75W-140 on polttoainetta s\u00e4\u00e4st\u00e4v\u00e4 vetopy\u00f6r\u00e4st\u00f6-\u00f6ljy, joka on kehitetty suojaamaan voimansiirron komponetteja tehokkaammin ja pidemp\u00e4\u00e4n. Synteettiset perus\u00f6ljyt ja ainutlaatuinen Shell-lis\u00e4aineteknologia tehostavat voimansiirron voitelua, laskevat toimintal\u00e4mp\u00f6tilaa ja auttavat varmistamaan pidemm\u00e4n k\u00e4ytt\u00f6i\u00e4n. Spirax S6 AXME 75W-140 on kehitetty pitkille \u00f6ljynvaihtov\u00e4leille ja se on useiden auto- ja laitevalmistajien hyv\u00e4ksym\u00e4. Tuotteella t\u00e4ll\u00e4 hetkell\u00e4 toimitusvaikeuksia.<\/p>\n","protected":false},"featured_media":347,"template":"","meta":[],"product_brand":[],"product_cat":[24],"product_tag":[],"class_list":{"0":"post-396","1":"product","2":"type-product","3":"status-publish","4":"has-post-thumbnail","6":"product_cat-vaihteistooljyt","8":"first","9":"instock","10":"taxable","11":"shipping-taxable","12":"purchasable","13":"product-type-simple"},"_links":{"self":[{"href":"https:\/\/www.lotky.fi\/kauppa\/wp-json\/wp\/v2\/product\/396","targetHints":{"allow":["GET"]}}],"collection":[{"href":"https:\/\/www.lotky.fi\/kauppa\/wp-json\/wp\/v2\/product"}],"about":[{"href":"https:\/\/www.lotky.fi\/kauppa\/wp-json\/wp\/v2\/types\/product"}],"wp:featuredmedia":[{"embeddable":true,"href":"https:\/\/www.lotky.fi\/kauppa\/wp-json\/wp\/v2\/media\/347"}],"wp:attachment":[{"href":"https:\/\/www.lotky.fi\/kauppa\/wp-json\/wp\/v2\/media?parent=396"}],"wp:term":[{"taxonomy":"product_brand","embeddable":true,"href":"https:\/\/www.lotky.fi\/kauppa\/wp-json\/wp\/v2\/product_brand?post=396"},{"taxonomy":"product_cat","embeddable":true,"href":"https:\/\/www.lotky.fi\/kauppa\/wp-json\/wp\/v2\/product_cat?post=396"},{"taxonomy":"product_tag","embeddable":true,"href":"https:\/\/www.lotky.fi\/kauppa\/wp-json\/wp\/v2\/product_tag?post=396"}],"curies":[{"name":"wp","href":"https:\/\/api.w.org\/{rel}","templated":true}]}}