{"id":3959,"date":"2025-07-23T10:40:13","date_gmt":"2025-07-23T07:40:13","guid":{"rendered":"https:\/\/www.lotky.fi\/kauppa\/?post_type=product&#038;p=3959"},"modified":"2026-03-21T19:37:20","modified_gmt":"2026-03-21T17:37:20","slug":"shell-transmission-oil-ma-75w-90-209l","status":"publish","type":"product","link":"https:\/\/www.lotky.fi\/kauppa\/tuote\/shell-transmission-oil-ma-75w-90-209l\/","title":{"rendered":"Shell Transmission Oil MA 75W-90, 209L"},"content":{"rendered":"<p>Shell Transmission Oil MA 75w-90 on t\u00e4yssynteettinen raskaan kaluston vaiheisto\u00f6ljy. joka on suunniteltu erityisesti uudempiin Mercedes-Benz- ja Sisu-kuorma-autoihin, joissa valmistaja suosittelee k\u00e4ytett\u00e4v\u00e4ksi MB 235.11 -suorituskykyluokan \u00f6ljy\u00e4.<\/p>\n<p>Luokitukset:<br \/>\nSAE 75w-90 (t\u00e4yssynteettinen)<br \/>\nAPI GL-4<br \/>\nMB 235.11<br \/>\nDaimler DTFR 13B110<\/p>\n<p>&nbsp;<\/p>\n","protected":false},"excerpt":{"rendered":"<p>Shell Transmission Oil MA 75w-90 on t\u00e4yssynteettinen raskaan kaluston vaiheisto\u00f6ljy. joka on suunniteltu erityisesti uudempiin Mercedes-Benz- ja Sisu-kuorma-autoihin, joissa valmistaja suosittelee k\u00e4ytett\u00e4v\u00e4ksi MB 235.11 -suorituskykyluokan \u00f6ljy\u00e4.<\/p>\n","protected":false},"featured_media":347,"template":"","meta":[],"product_brand":[],"product_cat":[24],"product_tag":[213],"class_list":{"0":"post-3959","1":"product","2":"type-product","3":"status-publish","4":"has-post-thumbnail","6":"product_cat-vaihteistooljyt","7":"product_tag-mb-235-11","9":"first","10":"instock","11":"taxable","12":"shipping-taxable","13":"purchasable","14":"product-type-simple"},"_links":{"self":[{"href":"https:\/\/www.lotky.fi\/kauppa\/wp-json\/wp\/v2\/product\/3959","targetHints":{"allow":["GET"]}}],"collection":[{"href":"https:\/\/www.lotky.fi\/kauppa\/wp-json\/wp\/v2\/product"}],"about":[{"href":"https:\/\/www.lotky.fi\/kauppa\/wp-json\/wp\/v2\/types\/product"}],"wp:featuredmedia":[{"embeddable":true,"href":"https:\/\/www.lotky.fi\/kauppa\/wp-json\/wp\/v2\/media\/347"}],"wp:attachment":[{"href":"https:\/\/www.lotky.fi\/kauppa\/wp-json\/wp\/v2\/media?parent=3959"}],"wp:term":[{"taxonomy":"product_brand","embeddable":true,"href":"https:\/\/www.lotky.fi\/kauppa\/wp-json\/wp\/v2\/product_brand?post=3959"},{"taxonomy":"product_cat","embeddable":true,"href":"https:\/\/www.lotky.fi\/kauppa\/wp-json\/wp\/v2\/product_cat?post=3959"},{"taxonomy":"product_tag","embeddable":true,"href":"https:\/\/www.lotky.fi\/kauppa\/wp-json\/wp\/v2\/product_tag?post=3959"}],"curies":[{"name":"wp","href":"https:\/\/api.w.org\/{rel}","templated":true}]}}