{"id":379,"date":"2016-05-27T10:50:11","date_gmt":"2016-05-27T07:50:11","guid":{"rendered":"http:\/\/www.lotky.fi\/kauppa\/?post_type=product&#038;p=379"},"modified":"2026-03-21T20:11:52","modified_gmt":"2026-03-21T18:11:52","slug":"shell-tellus-s4-vx-32-209l","status":"publish","type":"product","link":"https:\/\/www.lotky.fi\/kauppa\/tuote\/shell-tellus-s4-vx-32-209l\/","title":{"rendered":"Shell Tellus S4 VX 32, 209L"},"content":{"rendered":"<p>Shell Tellus S4 VX 32 on suunniteltu j\u00e4rjestelmiin, jotka toimivat hyvin alhaisissa ymp\u00e4rist\u00f6n l\u00e4mp\u00f6tiloissa, kuten arktisissa olosuhteissa. Eritt\u00e4in korkea viskositeetti-indeksi mahdollistaa k\u00e4yt\u00f6n hyvin laajalla l\u00e4mp\u00f6tila-alueella. Tellus S4 VX 32 sopii j\u00e4rjestelmiin, jotka pit\u00e4\u00e4 k\u00e4ynnist\u00e4\u00e4 hyvin alhaisissa l\u00e4mp\u00f6tiloissa ja joissa l\u00e4mp\u00f6tila nousee k\u00e4yt\u00f6n aikana. Sopii yhteen useimpien mineraalipohjaisten hydrauli\u00f6jyjen kanssa, mutta ei saa sekoittaa biohajoavien tuotteiden kanssa.\u00a0<strong>Vaaralliseksi luokiteltu aine, hinta sis\u00e4lt\u00e4\u00e4 VAK-kuljetuslis\u00e4n.<\/strong> Entinen nimi Shell Tellus Arctic 32.<\/p>\n<p>Spesifikaatiot, hyv\u00e4ksynn\u00e4t &amp; suositukset:<\/p>\n<p>ISO VG 32<br \/>\nKomatsu Mining<br \/>\nFrigoscandia<br \/>\nKomatsu<br \/>\nDietz Automation GmbH<br \/>\nISO 6743-4 HV<\/p>\n","protected":false},"excerpt":{"rendered":"<p>Shell Tellus S4 VX 32 on suunniteltu j\u00e4rjestelmiin, jotka toimivat hyvin alhaisissa ymp\u00e4rist\u00f6n l\u00e4mp\u00f6tiloissa, kuten arktisissa olosuhteissa. Eritt\u00e4in korkea viskositeetti-indeksi mahdollistaa k\u00e4yt\u00f6n hyvin laajalla l\u00e4mp\u00f6tila-alueella. Tellus S4 VX 32 sopii j\u00e4rjestelmiin, jotka pit\u00e4\u00e4 k\u00e4ynnist\u00e4\u00e4 hyvin alhaisissa l\u00e4mp\u00f6tiloissa ja joissa l\u00e4mp\u00f6tila nousee k\u00e4yt\u00f6n aikana. Sopii yhteen useimpien mineraalipohjaisten hydrauli\u00f6jyjen kanssa, mutta ei saa sekoittaa biohajoavien tuotteiden [&hellip;]<\/p>\n","protected":false},"featured_media":347,"template":"","meta":[],"product_brand":[],"product_cat":[6],"product_tag":[130],"class_list":{"0":"post-379","1":"product","2":"type-product","3":"status-publish","4":"has-post-thumbnail","6":"product_cat-hydrauliikkaoljyt","7":"product_tag-arctic","9":"first","10":"instock","11":"taxable","12":"shipping-taxable","13":"purchasable","14":"product-type-simple"},"_links":{"self":[{"href":"https:\/\/www.lotky.fi\/kauppa\/wp-json\/wp\/v2\/product\/379","targetHints":{"allow":["GET"]}}],"collection":[{"href":"https:\/\/www.lotky.fi\/kauppa\/wp-json\/wp\/v2\/product"}],"about":[{"href":"https:\/\/www.lotky.fi\/kauppa\/wp-json\/wp\/v2\/types\/product"}],"wp:featuredmedia":[{"embeddable":true,"href":"https:\/\/www.lotky.fi\/kauppa\/wp-json\/wp\/v2\/media\/347"}],"wp:attachment":[{"href":"https:\/\/www.lotky.fi\/kauppa\/wp-json\/wp\/v2\/media?parent=379"}],"wp:term":[{"taxonomy":"product_brand","embeddable":true,"href":"https:\/\/www.lotky.fi\/kauppa\/wp-json\/wp\/v2\/product_brand?post=379"},{"taxonomy":"product_cat","embeddable":true,"href":"https:\/\/www.lotky.fi\/kauppa\/wp-json\/wp\/v2\/product_cat?post=379"},{"taxonomy":"product_tag","embeddable":true,"href":"https:\/\/www.lotky.fi\/kauppa\/wp-json\/wp\/v2\/product_tag?post=379"}],"curies":[{"name":"wp","href":"https:\/\/api.w.org\/{rel}","templated":true}]}}