{"id":3774,"date":"2025-03-25T13:40:33","date_gmt":"2025-03-25T11:40:33","guid":{"rendered":"https:\/\/www.lotky.fi\/kauppa\/?post_type=product&#038;p=3774"},"modified":"2025-03-25T13:47:54","modified_gmt":"2025-03-25T11:47:54","slug":"castrol-transmax-atf-dexron-vi-mercon-lv-208-l","status":"publish","type":"product","link":"https:\/\/www.lotky.fi\/kauppa\/tuote\/castrol-transmax-atf-dexron-vi-mercon-lv-208-l\/","title":{"rendered":"Castrol Transmax ATF Dexron-VI Mercon LV, 208 L"},"content":{"rendered":"<div>\n<div class=\"nr-layout-component nr-component aem-GridColumn aem-GridColumn--default--12\" data-component-name=\"layout\" data-component-container=\"true\">\n<div class=\"nr-layout aem-Grid aem-Grid--12 aem-Grid--default--12 \">\n<div class=\"nr-layout__wrapper nr-layout__wrapper--stacked nr-layout__wrapper--full nr-layout__wrapper--top\">\n<div class=\"nr-text-component nr-component aem-GridColumn aem-GridColumn--default--12\" data-component-name=\"RTE\" data-component-container=\"true\">\n<p>Castrol Transmax ATF DEXRON-VI MERCON LV on suunniteltu nykyaikaisiin automaattivaihteistoihin. Tuote on GM:n ja Fordin hyv\u00e4ksym\u00e4 ja lisensoima k\u00e4ytett\u00e4v\u00e4ksi ajoneuvoissa, joissa edellytet\u00e4\u00e4n heid\u00e4n uusimman ATF-m\u00e4\u00e4rityksens\u00e4 mukaista \u00f6ljy\u00e4. Lis\u00e4ksi se ylitt\u00e4\u00e4 JASO-1A-suorituskykystandardin vaatimusrajat ja soveltuu siksi my\u00f6s aasialaisiin automaattivaihteistoihin.<\/p>\n<div><strong>\u00a0<\/strong>Luokitukset ja soveltuvuudet:<\/div>\n<\/div>\n<\/div>\n<\/div>\n<\/div>\n<p>Ford MERCON\u00ae LV, GM DEXRON\u00ae VI, JASO 1A(03), JASO 1A LV(13), Toyota T III, Toyota T IV, Toyota WS, Mitsubishi SP II, Mitsubishi SP IIM, Mitsubishi SP III, Mitsubishi SP IV, Mitsubishi PA, Mitsubishi J3, Mazda ATF M-III, Mazda ATF M-V, Mazda ATF FZ, Honda\/Acura DW1, Honda\/Acura Z1, Nissan Matic D, Nissan Matic J, Nissan Matic S, JWS 3314, JWS 3317, JWS 3309, Suzuki AT Oil 5D06, Suzuki AT Oil 2384K, Isuzu, Subaru F6, Subaru Red 1, Daihatsu AMMIX ATF D-III Multi, Daihatsu AMMIX ATF D3-SP, Hyundai\/Kia SP III, Hyundai\/Kia SP IV, MB-Approval 236.10, MB-Approval 236.12, MB-Approval 236.14, MB-Approval 236.15, MB-Approval 236.16, MB-Approval 236.17, MB-Approval 236.41, Volvo AT 102, Proton AT (ATF SPIII), Proton AT (ATF HTS), BMW ETL 7045, 7045 E, LA 2634, LT 71141, ZP 5 HP 30, ETL 8072B, GA6L45R, GA6HP19Z, GA6HP19ZTU, GA6HP26Z, GA6H-P26ZTU,GA6HP32Z, S6S53BZ, GA8HP45Z, GA8HP70Z, GA8HP90Z &amp; GA7AHSCD, 6, 8 and 9-speed automatics from Audi, BMW, Mini-Cooper, Jaguar, Peugeot\/Citroen, Saab, Volvo, VW, Porsche, 7 and 9 speed automatics from Mercedes-Benz (Dexron III or Mercon SP)<\/p>\n<\/div>\n","protected":false},"excerpt":{"rendered":"<p>Castrol Transmax ATF DEXRON-VI MERCON LV on suunniteltu nykyaikaisiin automaattivaihteistoihin. Tuote on GM:n ja Fordin hyv\u00e4ksym\u00e4 ja lisensoima k\u00e4ytett\u00e4v\u00e4ksi ajoneuvoissa, joissa edellytet\u00e4\u00e4n heid\u00e4n uusimman ATF-m\u00e4\u00e4rityksens\u00e4 mukaista \u00f6ljy\u00e4. Lis\u00e4ksi se ylitt\u00e4\u00e4 JASO-1A-suorituskykystandardin vaatimusrajat ja soveltuu siksi my\u00f6s aasialaisiin automaattivaihteistoihin.<\/p>\n","protected":false},"featured_media":699,"template":"","meta":[],"product_brand":[],"product_cat":[25],"product_tag":[157],"class_list":{"0":"post-3774","1":"product","2":"type-product","3":"status-publish","4":"has-post-thumbnail","6":"product_cat-automaattivaihteistooljyt","7":"product_tag-gl-5","9":"first","10":"instock","11":"taxable","12":"shipping-taxable","13":"purchasable","14":"product-type-simple"},"_links":{"self":[{"href":"https:\/\/www.lotky.fi\/kauppa\/wp-json\/wp\/v2\/product\/3774","targetHints":{"allow":["GET"]}}],"collection":[{"href":"https:\/\/www.lotky.fi\/kauppa\/wp-json\/wp\/v2\/product"}],"about":[{"href":"https:\/\/www.lotky.fi\/kauppa\/wp-json\/wp\/v2\/types\/product"}],"wp:featuredmedia":[{"embeddable":true,"href":"https:\/\/www.lotky.fi\/kauppa\/wp-json\/wp\/v2\/media\/699"}],"wp:attachment":[{"href":"https:\/\/www.lotky.fi\/kauppa\/wp-json\/wp\/v2\/media?parent=3774"}],"wp:term":[{"taxonomy":"product_brand","embeddable":true,"href":"https:\/\/www.lotky.fi\/kauppa\/wp-json\/wp\/v2\/product_brand?post=3774"},{"taxonomy":"product_cat","embeddable":true,"href":"https:\/\/www.lotky.fi\/kauppa\/wp-json\/wp\/v2\/product_cat?post=3774"},{"taxonomy":"product_tag","embeddable":true,"href":"https:\/\/www.lotky.fi\/kauppa\/wp-json\/wp\/v2\/product_tag?post=3774"}],"curies":[{"name":"wp","href":"https:\/\/api.w.org\/{rel}","templated":true}]}}