{"id":3750,"date":"2025-03-20T10:36:24","date_gmt":"2025-03-20T08:36:24","guid":{"rendered":"https:\/\/www.lotky.fi\/kauppa\/?post_type=product&#038;p=3750"},"modified":"2026-03-31T10:16:10","modified_gmt":"2026-03-31T07:16:10","slug":"neste-2t-pro-pienmoottoribensiini-200l","status":"publish","type":"product","link":"https:\/\/www.lotky.fi\/kauppa\/tuote\/neste-2t-pro-pienmoottoribensiini-200l\/","title":{"rendered":"Neste 2T Pro Pienmoottoribensiini 200L"},"content":{"rendered":"<p>Kaksitahtipienmoottoribensiini on tarkoitettu k\u00e4ytett\u00e4v\u00e4ksi 2-tahtimoottorilla varustetussa pienkoneissa ja kulkuv\u00e4lineiss\u00e4 (moottorisahat, raivaussahat, moottorikelkat jne.)<\/p>\n<p>Bensiini sis\u00e4lt\u00e4\u00e4 2,0 \u00b1 0,1 til- % t\u00e4yssynteettist\u00e4 2-tahti\u00f6ljy\u00e4, joka on v\u00e4hemm\u00e4n savuttavaa ja biologisesti hajoavaa (Neste Super Bio 2T).<\/p>\n<p>Pienmoottoribensiini on alhaisten aromaatti- ja bentseenipitoisuuksien ansiosta autobensiinej\u00e4 k\u00e4ytt\u00e4j\u00e4yst\u00e4v\u00e4llisempi ja korkean moottorioktaani-luvun (MON) ja alhaisen h\u00f6yrynpaineen ansiosta teknisesti moottorin toiminnan kannalta parempi.<\/p>\n<p>&nbsp;<\/p>\n<p>&nbsp;<\/p>\n<p>&nbsp;<\/p>\n<p>&nbsp;<\/p>\n","protected":false},"excerpt":{"rendered":"<p>Valmis 2-T polttoaine (1:50) kaikkiin STIHL 2-tahti- ja 4-MIX laitteisiin. Biohajoavalla STIHL HP Ultra premium \u00f6ljyll\u00e4.<\/p>\n","protected":false},"featured_media":1598,"template":"","meta":[],"product_brand":[],"product_cat":[209],"product_tag":[],"class_list":{"0":"post-3750","1":"product","2":"type-product","3":"status-publish","4":"has-post-thumbnail","6":"product_cat-bensat","8":"first","9":"instock","10":"taxable","11":"shipping-taxable","12":"purchasable","13":"product-type-simple"},"_links":{"self":[{"href":"https:\/\/www.lotky.fi\/kauppa\/wp-json\/wp\/v2\/product\/3750","targetHints":{"allow":["GET"]}}],"collection":[{"href":"https:\/\/www.lotky.fi\/kauppa\/wp-json\/wp\/v2\/product"}],"about":[{"href":"https:\/\/www.lotky.fi\/kauppa\/wp-json\/wp\/v2\/types\/product"}],"wp:featuredmedia":[{"embeddable":true,"href":"https:\/\/www.lotky.fi\/kauppa\/wp-json\/wp\/v2\/media\/1598"}],"wp:attachment":[{"href":"https:\/\/www.lotky.fi\/kauppa\/wp-json\/wp\/v2\/media?parent=3750"}],"wp:term":[{"taxonomy":"product_brand","embeddable":true,"href":"https:\/\/www.lotky.fi\/kauppa\/wp-json\/wp\/v2\/product_brand?post=3750"},{"taxonomy":"product_cat","embeddable":true,"href":"https:\/\/www.lotky.fi\/kauppa\/wp-json\/wp\/v2\/product_cat?post=3750"},{"taxonomy":"product_tag","embeddable":true,"href":"https:\/\/www.lotky.fi\/kauppa\/wp-json\/wp\/v2\/product_tag?post=3750"}],"curies":[{"name":"wp","href":"https:\/\/api.w.org\/{rel}","templated":true}]}}