{"id":3666,"date":"2025-02-13T15:31:47","date_gmt":"2025-02-13T13:31:47","guid":{"rendered":"https:\/\/www.lotky.fi\/kauppa\/?post_type=product&#038;p=3666"},"modified":"2026-03-31T10:17:10","modified_gmt":"2026-03-31T07:17:10","slug":"neste-turbo-v5-5w-30-200l","status":"publish","type":"product","link":"https:\/\/www.lotky.fi\/kauppa\/tuote\/neste-turbo-v5-5w-30-200l\/","title":{"rendered":"Neste Turbo+ V5 5W-30, 200L"},"content":{"rendered":"<p>Neste Turbo+ V5 5W-30 on t\u00e4yssynteettinen uuden sukupolven moottori\u00f6ljy, joka on kehitetty erityisesti uusimpiin Volvon raskaan kaluston dieselmoottoreihin, joissa on vaatimuksena Volvo VDS-5. Se ylitt\u00e4\u00e4 API FA-4:n suorituskykykriteerit ja tarjoaa korkean suorituskyvyn matalaviskositeettisissa raskaissa sovelluksissa. Neste Turbo+ V5 5W-30:n viskositeetti on alhaisempi HTHS:ss\u00e4 (korkea l\u00e4mp\u00f6tila ja korkea leikkausvoima) +150 \u00b0C kuin API CK-4 -\u00f6ljyill\u00e4, ja se on erityisesti suunniteltu polttoainetehokkuuden parantamiseen.<\/p>\n<p>SUORITUSKYKYLUOKITUKSET<br \/>\nSAE 5W-30 t\u00e4yssynteettinen<br \/>\nAPI FA-4\/SN<br \/>\nJASO DH-2<br \/>\nCummins CES 20087<br \/>\nDetroit Diesel DFS 93K223<\/p>\n<p>HYV\u00c4KSYNN\u00c4T<br \/>\nDTFR15C130 (MB-228.61)<br \/>\nMack EOS-5<br \/>\nRenault RLD-5<br \/>\nVolvo VDS-5<\/p>\n","protected":false},"excerpt":{"rendered":"<p>Neste Turbo+ V5 5W-30 on uuden sukupolven moottori\u00f6ljy, joka on kehitetty erityisesti uusimpiin Volvon raskaan kaluston dieselmoottoreihin, joissa on vaatimuksena Volvo VDS-5. Se ylitt\u00e4\u00e4 API FA-4:n suorituskykykriteerit ja tarjoaa korkean suorituskyvyn matalaviskositeettisissa raskaissa sovelluksissa. Neste Turbo+ V5 5W-30:n viskositeetti on alhaisempi HTHS:ss\u00e4 (korkea l\u00e4mp\u00f6tila ja korkea leikkausvoima) +150 \u00b0C kuin API CK-4 -\u00f6ljyill\u00e4, ja se [&hellip;]<\/p>\n","protected":false},"featured_media":1598,"template":"","meta":[],"product_brand":[],"product_cat":[18],"product_tag":[147,178],"class_list":{"0":"post-3666","1":"product","2":"type-product","3":"status-publish","4":"has-post-thumbnail","6":"product_cat-moottorioljyt-raskas-kalusto","7":"product_tag-euro-6","8":"product_tag-volvo-vds-5","10":"first","11":"instock","12":"taxable","13":"shipping-taxable","14":"purchasable","15":"product-type-simple"},"_links":{"self":[{"href":"https:\/\/www.lotky.fi\/kauppa\/wp-json\/wp\/v2\/product\/3666","targetHints":{"allow":["GET"]}}],"collection":[{"href":"https:\/\/www.lotky.fi\/kauppa\/wp-json\/wp\/v2\/product"}],"about":[{"href":"https:\/\/www.lotky.fi\/kauppa\/wp-json\/wp\/v2\/types\/product"}],"wp:featuredmedia":[{"embeddable":true,"href":"https:\/\/www.lotky.fi\/kauppa\/wp-json\/wp\/v2\/media\/1598"}],"wp:attachment":[{"href":"https:\/\/www.lotky.fi\/kauppa\/wp-json\/wp\/v2\/media?parent=3666"}],"wp:term":[{"taxonomy":"product_brand","embeddable":true,"href":"https:\/\/www.lotky.fi\/kauppa\/wp-json\/wp\/v2\/product_brand?post=3666"},{"taxonomy":"product_cat","embeddable":true,"href":"https:\/\/www.lotky.fi\/kauppa\/wp-json\/wp\/v2\/product_cat?post=3666"},{"taxonomy":"product_tag","embeddable":true,"href":"https:\/\/www.lotky.fi\/kauppa\/wp-json\/wp\/v2\/product_tag?post=3666"}],"curies":[{"name":"wp","href":"https:\/\/api.w.org\/{rel}","templated":true}]}}