{"id":3604,"date":"2025-01-09T11:54:18","date_gmt":"2025-01-09T09:54:18","guid":{"rendered":"https:\/\/www.lotky.fi\/kauppa\/?post_type=product&#038;p=3604"},"modified":"2026-01-30T09:01:31","modified_gmt":"2026-01-30T07:01:31","slug":"valvoline-multipurpose-complex-red-2-45-kg-toimitettuna","status":"publish","type":"product","link":"https:\/\/www.lotky.fi\/kauppa\/tuote\/valvoline-multipurpose-complex-red-2-45-kg-toimitettuna\/","title":{"rendered":"Valvoline Multipurpose Complex Red 2, 45 kg toimitettuna"},"content":{"rendered":"<p>Valvoline Multipurpose Complex Red 2 on huippulaadukas litiumkompleksirasva, joka on suunniteltu kest\u00e4m\u00e4\u00e4n kovaa painetta ja v\u00e4rj\u00e4tty punaiseksi, jotta voidellut osat olisi helppoa erottaa voitelemattomista. Tuotteen k\u00e4ytt\u00f6l\u00e4mp\u00f6tila-alue on laaja, se on mekaanisesti eritt\u00e4in kest\u00e4v\u00e4\u00e4 ja lis\u00e4ksi se pysyy tahmean koostumuksensa ansiosta eritt\u00e4in hyvin paikoillaan. Ominaisuudet: Kest\u00e4\u00e4 eritt\u00e4in suurta painetta, vedenkest\u00e4v\u00e4, kest\u00e4\u00e4 iskumaista kuormistusta, suojaa korroosiolta K\u00e4ytt\u00f6kohteet: Rakennusalan, teollisuuden, maatalouden, merenkulkualan, kaivosalan ja autoalan laitteiden, kuten rekkojen, tienrakennuskoneiden ja py\u00f6rien laakereiden yleinen voitelu.<\/p>\n<p>V\u00e4ri: Punainen.<\/p>\n","protected":false},"excerpt":{"rendered":"<p>Valvoline Multipurpose Complex Red 2 on huippulaadukas litiumkompleksirasva, joka on suunniteltu kest\u00e4m\u00e4\u00e4n kovaa painetta ja v\u00e4rj\u00e4tty punaiseksi, jotta voidellut osat olisi helppoa erottaa voitelemattomista. Tuotteen k\u00e4ytt\u00f6l\u00e4mp\u00f6tila-alue on laaja, se on mekaanisesti eritt\u00e4in kest\u00e4v\u00e4\u00e4 ja lis\u00e4ksi se pysyy tahmean koostumuksensa ansiosta eritt\u00e4in hyvin paikoillaan. Ominaisuudet: Kest\u00e4\u00e4 eritt\u00e4in suurta painetta, vedenkest\u00e4v\u00e4, kest\u00e4\u00e4 iskumaista kuormistusta, suojaa korroosiolta K\u00e4ytt\u00f6kohteet: [&hellip;]<\/p>\n","protected":false},"featured_media":472,"template":"","meta":[],"product_brand":[],"product_cat":[19],"product_tag":[],"class_list":{"0":"post-3604","1":"product","2":"type-product","3":"status-publish","4":"has-post-thumbnail","6":"product_cat-rasvat","8":"first","9":"instock","10":"taxable","11":"shipping-taxable","12":"purchasable","13":"product-type-simple"},"_links":{"self":[{"href":"https:\/\/www.lotky.fi\/kauppa\/wp-json\/wp\/v2\/product\/3604","targetHints":{"allow":["GET"]}}],"collection":[{"href":"https:\/\/www.lotky.fi\/kauppa\/wp-json\/wp\/v2\/product"}],"about":[{"href":"https:\/\/www.lotky.fi\/kauppa\/wp-json\/wp\/v2\/types\/product"}],"wp:featuredmedia":[{"embeddable":true,"href":"https:\/\/www.lotky.fi\/kauppa\/wp-json\/wp\/v2\/media\/472"}],"wp:attachment":[{"href":"https:\/\/www.lotky.fi\/kauppa\/wp-json\/wp\/v2\/media?parent=3604"}],"wp:term":[{"taxonomy":"product_brand","embeddable":true,"href":"https:\/\/www.lotky.fi\/kauppa\/wp-json\/wp\/v2\/product_brand?post=3604"},{"taxonomy":"product_cat","embeddable":true,"href":"https:\/\/www.lotky.fi\/kauppa\/wp-json\/wp\/v2\/product_cat?post=3604"},{"taxonomy":"product_tag","embeddable":true,"href":"https:\/\/www.lotky.fi\/kauppa\/wp-json\/wp\/v2\/product_tag?post=3604"}],"curies":[{"name":"wp","href":"https:\/\/api.w.org\/{rel}","templated":true}]}}