{"id":32,"date":"2016-03-13T14:46:58","date_gmt":"2016-03-13T12:46:58","guid":{"rendered":"http:\/\/www.lotky.fi\/kauppa\/tuote\/neste-hydrauli-32-200-l-kopio\/"},"modified":"2026-04-17T08:59:47","modified_gmt":"2026-04-17T05:59:47","slug":"neste-hydrauli-32-200-l-kopio","status":"publish","type":"product","link":"https:\/\/www.lotky.fi\/kauppa\/tuote\/neste-hydrauli-32-200-l-kopio\/","title":{"rendered":"Neste Hydraulic 32, 200L"},"content":{"rendered":"<p>Neste Hydraulic 32 on korkealaatuinen yleishydrauli\u00f6ljy ulkok\u00e4ytt\u00f6\u00f6n. Neste Hydraulic 32 on tarkoitettu ymp\u00e4rivuotiseen k\u00e4ytt\u00f6\u00f6n. Tyypillisi\u00e4 k\u00e4ytt\u00f6kohteita Neste Hydraulic tuotteille ovat kaivurit, mets\u00e4- ja maansiirtokoneet, trukit jne.<\/p>\n<p>Luokitukset: ISO VG 32<br \/>\nISO 11158 HV<br \/>\nDIN 51524 part 3 HVLP<br \/>\nSS 15 54 34 AV<br \/>\nEaton Vickers I-286-S, M-2950-S<\/p>\n","protected":false},"excerpt":{"rendered":"<p>Neste Hydraulic 32 on korkealaatuinen yleishydrauli\u00f6ljy ulkok\u00e4ytt\u00f6\u00f6n. Neste Hydraulic 32 on tarkoitettu ymp\u00e4rivuotiseen k\u00e4ytt\u00f6\u00f6n. Tyypillisi\u00e4 k\u00e4ytt\u00f6kohteita Neste Hydraulic tuotteille ovat kaivurit, mets\u00e4- ja maansiirtokoneet, trukit jne.<\/p>\n","protected":false},"featured_media":1598,"template":"","meta":[],"product_brand":[],"product_cat":[6],"product_tag":[],"class_list":{"0":"post-32","1":"product","2":"type-product","3":"status-publish","4":"has-post-thumbnail","6":"product_cat-hydrauliikkaoljyt","8":"first","9":"instock","10":"taxable","11":"shipping-taxable","12":"purchasable","13":"product-type-simple"},"_links":{"self":[{"href":"https:\/\/www.lotky.fi\/kauppa\/wp-json\/wp\/v2\/product\/32","targetHints":{"allow":["GET"]}}],"collection":[{"href":"https:\/\/www.lotky.fi\/kauppa\/wp-json\/wp\/v2\/product"}],"about":[{"href":"https:\/\/www.lotky.fi\/kauppa\/wp-json\/wp\/v2\/types\/product"}],"wp:featuredmedia":[{"embeddable":true,"href":"https:\/\/www.lotky.fi\/kauppa\/wp-json\/wp\/v2\/media\/1598"}],"wp:attachment":[{"href":"https:\/\/www.lotky.fi\/kauppa\/wp-json\/wp\/v2\/media?parent=32"}],"wp:term":[{"taxonomy":"product_brand","embeddable":true,"href":"https:\/\/www.lotky.fi\/kauppa\/wp-json\/wp\/v2\/product_brand?post=32"},{"taxonomy":"product_cat","embeddable":true,"href":"https:\/\/www.lotky.fi\/kauppa\/wp-json\/wp\/v2\/product_cat?post=32"},{"taxonomy":"product_tag","embeddable":true,"href":"https:\/\/www.lotky.fi\/kauppa\/wp-json\/wp\/v2\/product_tag?post=32"}],"curies":[{"name":"wp","href":"https:\/\/api.w.org\/{rel}","templated":true}]}}