{"id":3094,"date":"2024-03-07T13:16:59","date_gmt":"2024-03-07T11:16:59","guid":{"rendered":"https:\/\/www.lotky.fi\/kauppa\/?post_type=product&#038;p=3094"},"modified":"2025-03-14T07:50:16","modified_gmt":"2025-03-14T05:50:16","slug":"77-lubricants-4t-marine-engine-oil-25w-40-200l","status":"publish","type":"product","link":"https:\/\/www.lotky.fi\/kauppa\/tuote\/77-lubricants-4t-marine-engine-oil-25w-40-200l\/","title":{"rendered":"77 Lubricants 4T Marine Engine Oil 25W-40, 200L"},"content":{"rendered":"<p>4-STROKE MARINE ENGINE OIL 25W-40<br \/>\nKorkealuokkainen 4-tahti moottori\u00f6ljy joka on kehitetty erityisesti nykyaikaisille korkeatehoisille bensiinik\u00e4ytt\u00f6isiin sis\u00e4-, sis\u00e4per\u00e4- ja per\u00e4moottoreille sek\u00e4 vesijeteille. Tuote on kehitetty<br \/>\nja valmistettu ylitt\u00e4m\u00e4\u00e4n National Marine Manufacturers Association NMMEA FC-W Catalyst Compatible\u00ae ja useiden muiden valmistajien, kuten esimerkiksi Mercury ja Mercruiser Marinen asettamat vaatimukset.<br \/>\nAntaa poikkeuksellinen hyv\u00e4n suojan leikkaantumiselle.<br \/>\nEdistyksellinen suoja korrosiolle ja ruostumiselle meriolosuhteissa.<br \/>\nHyv\u00e4t kylm\u00e4k\u00e4ynnistysominaisuude.t<br \/>\nAktiivisesti vaikuttavat lis\u00e4aineet pit\u00e4v\u00e4t moottorin puhtaana.<br \/>\nT\u00e4ytt\u00e4\u00e4: NMMA FC-W Catalyst Compatible\u00ae<\/p>\n","protected":false},"excerpt":{"rendered":"<p>Korkealuokkainen 4-tahti moottori\u00f6ljy joka on kehitetty erityisesti nykyaikaisille korkeatehoisille bensiinik\u00e4ytt\u00f6isiin sis\u00e4-, sis\u00e4per\u00e4- ja per\u00e4moottoreille sek\u00e4 vesijeteille.<\/p>\n","protected":false},"featured_media":3065,"template":"","meta":[],"product_brand":[],"product_cat":[191],"product_tag":[],"class_list":{"0":"post-3094","1":"product","2":"type-product","3":"status-publish","4":"has-post-thumbnail","6":"product_cat-veneoljyt","8":"first","9":"instock","10":"taxable","11":"shipping-taxable","12":"purchasable","13":"product-type-simple"},"_links":{"self":[{"href":"https:\/\/www.lotky.fi\/kauppa\/wp-json\/wp\/v2\/product\/3094","targetHints":{"allow":["GET"]}}],"collection":[{"href":"https:\/\/www.lotky.fi\/kauppa\/wp-json\/wp\/v2\/product"}],"about":[{"href":"https:\/\/www.lotky.fi\/kauppa\/wp-json\/wp\/v2\/types\/product"}],"wp:featuredmedia":[{"embeddable":true,"href":"https:\/\/www.lotky.fi\/kauppa\/wp-json\/wp\/v2\/media\/3065"}],"wp:attachment":[{"href":"https:\/\/www.lotky.fi\/kauppa\/wp-json\/wp\/v2\/media?parent=3094"}],"wp:term":[{"taxonomy":"product_brand","embeddable":true,"href":"https:\/\/www.lotky.fi\/kauppa\/wp-json\/wp\/v2\/product_brand?post=3094"},{"taxonomy":"product_cat","embeddable":true,"href":"https:\/\/www.lotky.fi\/kauppa\/wp-json\/wp\/v2\/product_cat?post=3094"},{"taxonomy":"product_tag","embeddable":true,"href":"https:\/\/www.lotky.fi\/kauppa\/wp-json\/wp\/v2\/product_tag?post=3094"}],"curies":[{"name":"wp","href":"https:\/\/api.w.org\/{rel}","templated":true}]}}