{"id":299,"date":"2016-05-20T12:30:53","date_gmt":"2016-05-20T09:30:53","guid":{"rendered":"http:\/\/www.lotky.fi\/kauppa\/?post_type=product&#038;p=299"},"modified":"2026-04-01T12:10:29","modified_gmt":"2026-04-01T09:10:29","slug":"mobil-super-3000-x1-formula-fe-5w-30-208l","status":"publish","type":"product","link":"https:\/\/www.lotky.fi\/kauppa\/tuote\/mobil-super-3000-x1-formula-fe-5w-30-208l\/","title":{"rendered":"Mobil Super 3000 X1 Formula FE 5W-30, 208L"},"content":{"rendered":"<div>T\u00e4yssynteettinen, v\u00e4h\u00e4tuhkainen polttoainetta s\u00e4\u00e4st\u00e4v\u00e4 moottori\u00f6ljy. T\u00e4ytt\u00e4\u00e4 tai ylitt\u00e4\u00e4 seuraavien spesifikaatioiden vaatimukset:<\/div>\n<div>ACEA A5\/B5, API SL, Ford WSS-M2C913-A\/B\/C\/D.<\/div>\n<div>ExxonMobil suosittelee k\u00e4ytt\u00f6kohteisiin, joissa vaaditaan: API CF<\/div>\n","protected":false},"excerpt":{"rendered":"<p>T\u00e4yssynteettinen, v\u00e4h\u00e4tuhkainen polttoainetta s\u00e4\u00e4st\u00e4v\u00e4 moottori\u00f6ljy<\/p>\n","protected":false},"featured_media":233,"template":"","meta":[],"product_brand":[],"product_cat":[17],"product_tag":[],"class_list":{"0":"post-299","1":"product","2":"type-product","3":"status-publish","4":"has-post-thumbnail","6":"product_cat-moottorioljyt-kevyt-kalusto","8":"first","9":"instock","10":"taxable","11":"shipping-taxable","12":"purchasable","13":"product-type-simple"},"_links":{"self":[{"href":"https:\/\/www.lotky.fi\/kauppa\/wp-json\/wp\/v2\/product\/299","targetHints":{"allow":["GET"]}}],"collection":[{"href":"https:\/\/www.lotky.fi\/kauppa\/wp-json\/wp\/v2\/product"}],"about":[{"href":"https:\/\/www.lotky.fi\/kauppa\/wp-json\/wp\/v2\/types\/product"}],"wp:featuredmedia":[{"embeddable":true,"href":"https:\/\/www.lotky.fi\/kauppa\/wp-json\/wp\/v2\/media\/233"}],"wp:attachment":[{"href":"https:\/\/www.lotky.fi\/kauppa\/wp-json\/wp\/v2\/media?parent=299"}],"wp:term":[{"taxonomy":"product_brand","embeddable":true,"href":"https:\/\/www.lotky.fi\/kauppa\/wp-json\/wp\/v2\/product_brand?post=299"},{"taxonomy":"product_cat","embeddable":true,"href":"https:\/\/www.lotky.fi\/kauppa\/wp-json\/wp\/v2\/product_cat?post=299"},{"taxonomy":"product_tag","embeddable":true,"href":"https:\/\/www.lotky.fi\/kauppa\/wp-json\/wp\/v2\/product_tag?post=299"}],"curies":[{"name":"wp","href":"https:\/\/api.w.org\/{rel}","templated":true}]}}