{"id":276,"date":"2016-05-20T11:20:49","date_gmt":"2016-05-20T08:20:49","guid":{"rendered":"http:\/\/www.lotky.fi\/kauppa\/?post_type=product&#038;p=276"},"modified":"2026-04-01T14:05:06","modified_gmt":"2026-04-01T11:05:06","slug":"mobil-dte-10-excel-32-208l","status":"publish","type":"product","link":"https:\/\/www.lotky.fi\/kauppa\/tuote\/mobil-dte-10-excel-32-208l\/","title":{"rendered":"Mobil DTE 10 Excel 32, 208L"},"content":{"rendered":"<div>Eritt\u00e4in suorituskykyinen sinkit\u00f6n korkeapainehydrauliikka\u00f6ljy vaativiin kohteisiin. T\u00e4ytt\u00e4\u00e4 tai ylitt\u00e4\u00e4<\/div>\n<div>seuraavien spesifikaatioiden vaatimukset: DIN 51524-3 (HVLP)\/-2 (HLP): 2006-09, ISO 11158 L-HV,<\/div>\n<div>JCMAS HK, Bosch-Rexroth RE 90220-01. Hyv\u00e4ksytty: Denison HF-0, Eaton Vickers 694.<\/div>\n","protected":false},"excerpt":{"rendered":"<p>Eritt\u00e4in suorituskykyinen sinkit\u00f6n korkeapainehydrauliikka\u00f6ljy vaativiin kohteisiin.<\/p>\n","protected":false},"featured_media":185,"template":"","meta":[],"product_brand":[],"product_cat":[6],"product_tag":[],"class_list":{"0":"post-276","1":"product","2":"type-product","3":"status-publish","4":"has-post-thumbnail","6":"product_cat-hydrauliikkaoljyt","8":"first","9":"instock","10":"taxable","11":"shipping-taxable","12":"purchasable","13":"product-type-simple"},"_links":{"self":[{"href":"https:\/\/www.lotky.fi\/kauppa\/wp-json\/wp\/v2\/product\/276","targetHints":{"allow":["GET"]}}],"collection":[{"href":"https:\/\/www.lotky.fi\/kauppa\/wp-json\/wp\/v2\/product"}],"about":[{"href":"https:\/\/www.lotky.fi\/kauppa\/wp-json\/wp\/v2\/types\/product"}],"wp:featuredmedia":[{"embeddable":true,"href":"https:\/\/www.lotky.fi\/kauppa\/wp-json\/wp\/v2\/media\/185"}],"wp:attachment":[{"href":"https:\/\/www.lotky.fi\/kauppa\/wp-json\/wp\/v2\/media?parent=276"}],"wp:term":[{"taxonomy":"product_brand","embeddable":true,"href":"https:\/\/www.lotky.fi\/kauppa\/wp-json\/wp\/v2\/product_brand?post=276"},{"taxonomy":"product_cat","embeddable":true,"href":"https:\/\/www.lotky.fi\/kauppa\/wp-json\/wp\/v2\/product_cat?post=276"},{"taxonomy":"product_tag","embeddable":true,"href":"https:\/\/www.lotky.fi\/kauppa\/wp-json\/wp\/v2\/product_tag?post=276"}],"curies":[{"name":"wp","href":"https:\/\/api.w.org\/{rel}","templated":true}]}}