{"id":273,"date":"2016-05-20T11:10:29","date_gmt":"2016-05-20T08:10:29","guid":{"rendered":"http:\/\/www.lotky.fi\/kauppa\/?post_type=product&#038;p=273"},"modified":"2026-04-01T14:10:59","modified_gmt":"2026-04-01T11:10:59","slug":"mobil-atf-220-dexron-ii-208l","status":"publish","type":"product","link":"https:\/\/www.lotky.fi\/kauppa\/tuote\/mobil-atf-220-dexron-ii-208l\/","title":{"rendered":"Mobil ATF 220, 208L"},"content":{"rendered":"<div>Automaattivaihteisto\u00f6ljy. Soveltuu my\u00f6s joihinkin hydrauliikkoihin. Hyv\u00e4ksytty: MB 236.7, MAN 339 Type<\/div>\n<div>V-1\/Z-1, ZF-TE-ML 04D\/11A\/14A, Voith Turbo H55.633539 (G607). ExxonMobil suosittelee k\u00e4ytt\u00f6kohteisiin, joissa vaaditaan: GM Dexron II, GM Type A Suffix A, Ford M2C 163-A, Allison C-4, CAT TO-2,<\/div>\n<div>Renk Doromat, Volvo 97340.<\/div>\n","protected":false},"excerpt":{"rendered":"<p>Automaattivaihteisto\u00f6ljy. Soveltuu my\u00f6s joihinkin hydrauliikkoihin.<\/p>\n","protected":false},"featured_media":185,"template":"","meta":[],"product_brand":[],"product_cat":[25],"product_tag":[],"class_list":{"0":"post-273","1":"product","2":"type-product","3":"status-publish","4":"has-post-thumbnail","6":"product_cat-automaattivaihteistooljyt","8":"first","9":"instock","10":"taxable","11":"shipping-taxable","12":"purchasable","13":"product-type-simple"},"_links":{"self":[{"href":"https:\/\/www.lotky.fi\/kauppa\/wp-json\/wp\/v2\/product\/273","targetHints":{"allow":["GET"]}}],"collection":[{"href":"https:\/\/www.lotky.fi\/kauppa\/wp-json\/wp\/v2\/product"}],"about":[{"href":"https:\/\/www.lotky.fi\/kauppa\/wp-json\/wp\/v2\/types\/product"}],"wp:featuredmedia":[{"embeddable":true,"href":"https:\/\/www.lotky.fi\/kauppa\/wp-json\/wp\/v2\/media\/185"}],"wp:attachment":[{"href":"https:\/\/www.lotky.fi\/kauppa\/wp-json\/wp\/v2\/media?parent=273"}],"wp:term":[{"taxonomy":"product_brand","embeddable":true,"href":"https:\/\/www.lotky.fi\/kauppa\/wp-json\/wp\/v2\/product_brand?post=273"},{"taxonomy":"product_cat","embeddable":true,"href":"https:\/\/www.lotky.fi\/kauppa\/wp-json\/wp\/v2\/product_cat?post=273"},{"taxonomy":"product_tag","embeddable":true,"href":"https:\/\/www.lotky.fi\/kauppa\/wp-json\/wp\/v2\/product_tag?post=273"}],"curies":[{"name":"wp","href":"https:\/\/api.w.org\/{rel}","templated":true}]}}