{"id":2683,"date":"2023-04-04T12:26:52","date_gmt":"2023-04-04T09:26:52","guid":{"rendered":"https:\/\/www.lotky.fi\/kauppa\/?post_type=product&#038;p=2683"},"modified":"2026-04-01T10:55:24","modified_gmt":"2026-04-01T07:55:24","slug":"mobil-delvac-mx-15w-40-1000l","status":"publish","type":"product","link":"https:\/\/www.lotky.fi\/kauppa\/tuote\/mobil-delvac-mx-15w-40-1000l\/","title":{"rendered":"Mobil Delvac Modern 15W-40 Super Defence V4, 1000L"},"content":{"rendered":"<p>Mobil Delvac Modern 15W-40 Super Defence V4 on eritt\u00e4in suorituskykyinen dieselmoottori\u00f6ljy, jonka voiteluteho riitt\u00e4\u00e4 jopa kaikkein vaativimmissa olosuhteissa toimiville dieselmoottoreille pident\u00e4en niiden k\u00e4ytt\u00f6ik\u00e4\u00e4. \u00d6ljy t\u00e4ytt\u00e4\u00e4 tai ylitt\u00e4\u00e4 k\u00e4yt\u00e4nn\u00f6ss\u00e4 kaikkien t\u00e4rkeimpien eurooppalaisten ja amerikkalaisten moottorinvalmistajien suorituskykyvaatimukset. T\u00e4m\u00e4 eritt\u00e4in suorituskykyinen \u00f6ljy on testattu laajasti eri teollisuudenaloilla, eri k\u00e4ytt\u00f6kohteissa ja sekakalustoissa. Kehittyneen kemiallisen koostumuksen ansiosta tuotteen suorituskyky riitt\u00e4\u00e4 sek\u00e4 vaativille nykyaikaisille, v\u00e4h\u00e4p\u00e4\u00e4st\u00f6isille dieselmoottoreille ett\u00e4 vanhoille dieselmoottoreille, jotka k\u00e4ytt\u00e4v\u00e4t matala- tai korkearikkist\u00e4 polttoainetta. Mobil Delvac Modern 15W-40 Super Defence V4 on yhdistelm\u00e4 laadukkaista perus\u00f6ljyseoksista ja tasapainotetuista lis\u00e4aineista, mink\u00e4 ansiosta sill\u00e4 on erinomainen kyky vastustaa karstan muodostumisen tai korkeiden l\u00e4mp\u00f6tilojen aiheuttamaa \u00f6ljyn paksuuntumista. Lis\u00e4ksi \u00f6ljyll\u00e4 on erinomainen hapettumiskest\u00e4vyys, v\u00e4h\u00e4inen lakan muodostus korkeissa l\u00e4mp\u00f6tiloissa ja hyv\u00e4 suoja korroosiota vastaan.<\/p>\n<p><strong>Vanha tuotenimi: Mobil Delvac MX 15w-40<\/strong><\/p>\n<p><strong>Hyv\u00e4ksynn\u00e4t:<\/strong><br \/>\nDetroit Fluids Specification 93K215<br \/>\nMack EO-M Plus, EO-N<br \/>\nMB-Approval 228.3<br \/>\nRenault Trucks RLD-2<br \/>\nVolvo VDS-3<br \/>\n<strong><br \/>\nSuositellaan k\u00e4ytett\u00e4v\u00e4n kohteissa, jotka edellytt\u00e4v\u00e4t:<br \/>\n<\/strong>API CF, CF-4, CG-4<br \/>\nCummins CES 20071, 20072<br \/>\nMack EO-M<br \/>\nRenault Trucks RLD<br \/>\nVolvo VDS-2<\/p>\n<p><strong>T\u00e4ytt\u00e4\u00e4 tai ylitt\u00e4\u00e4 seuraavat:<br \/>\n<\/strong>ACEA E7<br \/>\nAPI CH-4, CI-4, SJ, SL<br \/>\nJASO DH-1<br \/>\nCaterpillar ECF-2<br \/>\nCummins CES 20076,20077, 20078<\/p>\n","protected":false},"excerpt":{"rendered":"<p>Mobil Delvac Modern 15W-40 Super Defence V4 on eritt\u00e4in suorituskykyinen dieselmoottori\u00f6ljy, jonka voiteluteho riitt\u00e4\u00e4 jopa kaikkein vaativimmissa olosuhteissa toimiville dieselmoottoreille pident\u00e4en niiden k\u00e4ytt\u00f6ik\u00e4\u00e4. \u00d6ljy t\u00e4ytt\u00e4\u00e4 tai ylitt\u00e4\u00e4 k\u00e4yt\u00e4nn\u00f6ss\u00e4 kaikkien t\u00e4rkeimpien eurooppalaisten ja amerikkalaisten moottorinvalmistajien suorituskykyvaatimukset. T\u00e4m\u00e4 eritt\u00e4in suorituskykyinen \u00f6ljy on testattu laajasti eri teollisuudenaloilla, eri k\u00e4ytt\u00f6kohteissa ja sekakalustoissa. Kehittyneen kemiallisen koostumuksen ansiosta tuotteen suorituskyky riitt\u00e4\u00e4 [&hellip;]<\/p>\n","protected":false},"featured_media":432,"template":"","meta":[],"product_brand":[],"product_cat":[18],"product_tag":[],"class_list":{"0":"post-2683","1":"product","2":"type-product","3":"status-publish","4":"has-post-thumbnail","6":"product_cat-moottorioljyt-raskas-kalusto","8":"first","9":"instock","10":"taxable","11":"shipping-taxable","12":"purchasable","13":"product-type-simple"},"_links":{"self":[{"href":"https:\/\/www.lotky.fi\/kauppa\/wp-json\/wp\/v2\/product\/2683","targetHints":{"allow":["GET"]}}],"collection":[{"href":"https:\/\/www.lotky.fi\/kauppa\/wp-json\/wp\/v2\/product"}],"about":[{"href":"https:\/\/www.lotky.fi\/kauppa\/wp-json\/wp\/v2\/types\/product"}],"wp:featuredmedia":[{"embeddable":true,"href":"https:\/\/www.lotky.fi\/kauppa\/wp-json\/wp\/v2\/media\/432"}],"wp:attachment":[{"href":"https:\/\/www.lotky.fi\/kauppa\/wp-json\/wp\/v2\/media?parent=2683"}],"wp:term":[{"taxonomy":"product_brand","embeddable":true,"href":"https:\/\/www.lotky.fi\/kauppa\/wp-json\/wp\/v2\/product_brand?post=2683"},{"taxonomy":"product_cat","embeddable":true,"href":"https:\/\/www.lotky.fi\/kauppa\/wp-json\/wp\/v2\/product_cat?post=2683"},{"taxonomy":"product_tag","embeddable":true,"href":"https:\/\/www.lotky.fi\/kauppa\/wp-json\/wp\/v2\/product_tag?post=2683"}],"curies":[{"name":"wp","href":"https:\/\/api.w.org\/{rel}","templated":true}]}}