{"id":2666,"date":"2023-03-16T14:06:15","date_gmt":"2023-03-16T12:06:15","guid":{"rendered":"https:\/\/www.lotky.fi\/kauppa\/?post_type=product&#038;p=2666"},"modified":"2026-04-24T11:00:44","modified_gmt":"2026-04-24T08:00:44","slug":"castrol-vecton-long-drain-10w-40-e6-e9-208-l","status":"publish","type":"product","link":"https:\/\/www.lotky.fi\/kauppa\/tuote\/castrol-vecton-long-drain-10w-40-e6-e9-208-l\/","title":{"rendered":"Castrol Vecton Long Drain 10W-40 E6\/E9, 208 L"},"content":{"rendered":"<p>Castrol Vecton Long Drain 10W-40 E6\/E9 on synteettinen low SAPS moottori\u00f6ljy. Se on suunniteltu pitkille \u00f6ljynvaihtov\u00e4leille uusimmissa Euro 6 dieselmoottoreissa. Sit\u00e4 voidaan k\u00e4ytt\u00e4\u00e4 my\u00f6s matalap\u00e4\u00e4st\u00f6isiss\u00e4 Euro 4 ja Euro 5 kuorma- ja linja-autoissa, joissa edellytet\u00e4\u00e4n low SAPS voiteluaineen k\u00e4ytt\u00f6\u00e4. Tuote soveltuu my\u00f6s vanhempiin kuorma- ja linja-autoihin sek\u00e4 ty\u00f6koneisiin, joissa edellytet\u00e4\u00e4n t\u00e4t\u00e4 suorituskykytasoa.<\/p>\n<p>Hyv\u00e4ksynn\u00e4t<br \/>\nACEA E6, E7, E9<br \/>\nAPI CJ-4<br \/>\nJASO DH-2<br \/>\nCAT ECF-3<br \/>\nCummins CES 20.081<br \/>\nDeutz DQC IV-10LA<br \/>\nMack EO-O Premium Plus<br \/>\nMAN M 3271-1, M 3477<br \/>\nMB-Approval 228.51<br \/>\nMTU Oil Category 3.1<br \/>\nRVI RLD-3<br \/>\nVolvo CNG, VDS 4<br \/>\nIveco ACEA E6\/E7\/E9<br \/>\nT\u00e4ytt\u00e4\u00e4 DAF:n vaatimukset<\/p>\n","protected":false},"excerpt":{"rendered":"<p>Castrol Vecton Long Drain 10W-40 E6\/E9 on synteettinen low SAPS moottori\u00f6ljy. Se on suunniteltu pitkille \u00f6ljynvaihtov\u00e4leille uusimmissa Euro 6 dieselmoottoreissa. Sit\u00e4 voidaan k\u00e4ytt\u00e4\u00e4 my\u00f6s matalap\u00e4\u00e4st\u00f6isiss\u00e4 Euro 4 ja Euro 5 kuorma- ja linja-autoissa, joissa edellytet\u00e4\u00e4n low SAPS voiteluaineen k\u00e4ytt\u00f6\u00e4. Tuote soveltuu my\u00f6s vanhempiin kuorma- ja linja-autoihin sek\u00e4 ty\u00f6koneisiin, joissa edellytet\u00e4\u00e4n t\u00e4t\u00e4 suorituskykytasoa.<\/p>\n","protected":false},"featured_media":699,"template":"","meta":[],"product_brand":[],"product_cat":[18],"product_tag":[],"class_list":{"0":"post-2666","1":"product","2":"type-product","3":"status-publish","4":"has-post-thumbnail","6":"product_cat-moottorioljyt-raskas-kalusto","8":"first","9":"instock","10":"taxable","11":"shipping-taxable","12":"purchasable","13":"product-type-simple"},"_links":{"self":[{"href":"https:\/\/www.lotky.fi\/kauppa\/wp-json\/wp\/v2\/product\/2666","targetHints":{"allow":["GET"]}}],"collection":[{"href":"https:\/\/www.lotky.fi\/kauppa\/wp-json\/wp\/v2\/product"}],"about":[{"href":"https:\/\/www.lotky.fi\/kauppa\/wp-json\/wp\/v2\/types\/product"}],"wp:featuredmedia":[{"embeddable":true,"href":"https:\/\/www.lotky.fi\/kauppa\/wp-json\/wp\/v2\/media\/699"}],"wp:attachment":[{"href":"https:\/\/www.lotky.fi\/kauppa\/wp-json\/wp\/v2\/media?parent=2666"}],"wp:term":[{"taxonomy":"product_brand","embeddable":true,"href":"https:\/\/www.lotky.fi\/kauppa\/wp-json\/wp\/v2\/product_brand?post=2666"},{"taxonomy":"product_cat","embeddable":true,"href":"https:\/\/www.lotky.fi\/kauppa\/wp-json\/wp\/v2\/product_cat?post=2666"},{"taxonomy":"product_tag","embeddable":true,"href":"https:\/\/www.lotky.fi\/kauppa\/wp-json\/wp\/v2\/product_tag?post=2666"}],"curies":[{"name":"wp","href":"https:\/\/api.w.org\/{rel}","templated":true}]}}