{"id":2650,"date":"2023-02-28T12:08:47","date_gmt":"2023-02-28T10:08:47","guid":{"rendered":"https:\/\/www.lotky.fi\/kauppa\/?post_type=product&#038;p=2650"},"modified":"2026-03-31T10:19:48","modified_gmt":"2026-03-31T07:19:48","slug":"neste-superlix-ep-2-180-kg-2","status":"publish","type":"product","link":"https:\/\/www.lotky.fi\/kauppa\/tuote\/neste-superlix-ep-2-180-kg-2\/","title":{"rendered":"Neste Superlix EP 2, 180 kg"},"content":{"rendered":"<p>Neste Superlix EP 2 on litiumkompleksiperustainen monik\u00e4ytt\u00f6inen erikoisrasva, jota k\u00e4ytet\u00e4\u00e4n silloin kun tavallisten yleisrasvojen suorituskyky ei riit\u00e4. Suorituskykyero litiumperustaisiin rasvoihin n\u00e4hden tulee esiin parempana suorituskykyn\u00e4 vaikeissa olosuhteissa. Neste Superlix pystyy voitelemaan hyvin korkeissa l\u00e4mp\u00f6tiloissa ja silloin kun voitelukohteeseen kohdistuu t\u00e4rin\u00e4\u00e4 tai iskumaisia kuormia. Neste Superlix EP 2:ta suositellaan ajoneuvok\u00e4yt\u00f6ss\u00e4 py\u00f6r\u00e4nlaakerien ja kardaanien voiteluun sek\u00e4 kaikkiin alustan voitelukohteisiin. Teollisuusk\u00e4yt\u00f6ss\u00e4 Neste Superlix EP 2 soveltuu liuku- ja vierint\u00e4laakerien voiteluun silloin, kun litiumperustaisen rasvan ominaisuudet eiv\u00e4t riit\u00e4. Tuote on v\u00e4rj\u00e4tty siniseksi.<\/p>\n<p>SUORITUSKYKYLUOKITUKSET:<br \/>\nISO 12924: ISO-L-XC(F)DIB2<br \/>\nNLGI 2<br \/>\nDIN 51502: KP2N-30<br \/>\nNLGI GC-LB<br \/>\nVolvo std 1277.2<\/p>\n","protected":false},"excerpt":{"rendered":"<p>Neste Superlix EP 2 on litiumkompleksiperustainen monik\u00e4ytt\u00f6inen erikoisrasva, jota k\u00e4ytet\u00e4\u00e4n silloin kun tavallisten yleisrasvojen suorituskyky ei riit\u00e4. Suorituskykyero litiumperustaisiin rasvoihin n\u00e4hden tulee esiin parempana suorituskykyn\u00e4 vaikeissa olosuhteissa. Neste Superlix pystyy voitelemaan hyvin korkeissa l\u00e4mp\u00f6tiloissa ja silloin kun voitelukohteeseen kohdistuu t\u00e4rin\u00e4\u00e4 tai iskumaisia kuormia. Neste Superlix EP 2:ta suositellaan ajoneuvok\u00e4yt\u00f6ss\u00e4 py\u00f6r\u00e4nlaakerien ja kardaanien voiteluun sek\u00e4 kaikkiin [&hellip;]<\/p>\n","protected":false},"featured_media":1598,"template":"","meta":[],"product_brand":[],"product_cat":[19],"product_tag":[],"class_list":{"0":"post-2650","1":"product","2":"type-product","3":"status-publish","4":"has-post-thumbnail","6":"product_cat-rasvat","8":"first","9":"instock","10":"taxable","11":"shipping-taxable","12":"purchasable","13":"product-type-simple"},"_links":{"self":[{"href":"https:\/\/www.lotky.fi\/kauppa\/wp-json\/wp\/v2\/product\/2650","targetHints":{"allow":["GET"]}}],"collection":[{"href":"https:\/\/www.lotky.fi\/kauppa\/wp-json\/wp\/v2\/product"}],"about":[{"href":"https:\/\/www.lotky.fi\/kauppa\/wp-json\/wp\/v2\/types\/product"}],"wp:featuredmedia":[{"embeddable":true,"href":"https:\/\/www.lotky.fi\/kauppa\/wp-json\/wp\/v2\/media\/1598"}],"wp:attachment":[{"href":"https:\/\/www.lotky.fi\/kauppa\/wp-json\/wp\/v2\/media?parent=2650"}],"wp:term":[{"taxonomy":"product_brand","embeddable":true,"href":"https:\/\/www.lotky.fi\/kauppa\/wp-json\/wp\/v2\/product_brand?post=2650"},{"taxonomy":"product_cat","embeddable":true,"href":"https:\/\/www.lotky.fi\/kauppa\/wp-json\/wp\/v2\/product_cat?post=2650"},{"taxonomy":"product_tag","embeddable":true,"href":"https:\/\/www.lotky.fi\/kauppa\/wp-json\/wp\/v2\/product_tag?post=2650"}],"curies":[{"name":"wp","href":"https:\/\/api.w.org\/{rel}","templated":true}]}}