{"id":2617,"date":"2023-02-16T10:26:14","date_gmt":"2023-02-16T08:26:14","guid":{"rendered":"https:\/\/www.lotky.fi\/kauppa\/?post_type=product&#038;p=2617"},"modified":"2026-03-30T08:39:58","modified_gmt":"2026-03-30T05:39:58","slug":"adblue-39-x-20l-lava","status":"publish","type":"product","link":"https:\/\/www.lotky.fi\/kauppa\/tuote\/adblue-39-x-20l-lava\/","title":{"rendered":"AdBlue, 39 x 20L lava"},"content":{"rendered":"<p>AdBlue (DIN 70070 \/ AUS32) on ureasta ja kemiallisesti puhdistetusta vedest\u00e4 tehty liuos. Liuoksen vahvuus on 32,5 %. Sit\u00e4 k\u00e4ytet\u00e4\u00e4n dieselk\u00e4ytt\u00f6isten ajoneuvojen pakokaasujen typen oksidien p\u00e4\u00e4st\u00f6jen alentamiseen.\u00a0AdBlue varastoidaan omaan s\u00e4ili\u00f6\u00f6ns\u00e4, josta sit\u00e4 ruiskutetaan kuumien pakokaasujen joukkoon. Pakokaasujen l\u00e4mm\u00f6ss\u00e4 urea hajoaa ammoniakiksi ja hiilidioksidiksi.<\/p>\n<p><strong>AdBlue j\u00e4\u00e4tyy -11 C-asteessa.<\/strong><\/p>\n<p>&nbsp;<\/p>\n","protected":false},"excerpt":{"rendered":"<p>AdBlue (DIN 70070 \/ AUS32) on ureasta ja kemiallisesti puhdistetusta vedest\u00e4 tehty liuos. Liuoksen vahvuus on 32,5 %. Sit\u00e4 k\u00e4ytet\u00e4\u00e4n dieselk\u00e4ytt\u00f6isten ajoneuvojen pakokaasujen typen oksidien p\u00e4\u00e4st\u00f6jen alentamiseen.\u00a0AdBlue varastoidaan omaan s\u00e4ili\u00f6\u00f6ns\u00e4, josta sit\u00e4 ruiskutetaan kuumien pakokaasujen joukkoon. Pakokaasujen l\u00e4mm\u00f6ss\u00e4 urea hajoaa ammoniakiksi ja hiilidioksidiksi. AdBlue j\u00e4\u00e4tyy -11 C-asteessa.<\/p>\n","protected":false},"featured_media":2618,"template":"","meta":[],"product_brand":[],"product_cat":[34],"product_tag":[154],"class_list":{"0":"post-2617","1":"product","2":"type-product","3":"status-publish","4":"has-post-thumbnail","6":"product_cat-nesteet-ja-kemikaalit","7":"product_tag-urea","9":"first","10":"instock","11":"taxable","12":"shipping-taxable","13":"purchasable","14":"product-type-simple"},"_links":{"self":[{"href":"https:\/\/www.lotky.fi\/kauppa\/wp-json\/wp\/v2\/product\/2617","targetHints":{"allow":["GET"]}}],"collection":[{"href":"https:\/\/www.lotky.fi\/kauppa\/wp-json\/wp\/v2\/product"}],"about":[{"href":"https:\/\/www.lotky.fi\/kauppa\/wp-json\/wp\/v2\/types\/product"}],"wp:featuredmedia":[{"embeddable":true,"href":"https:\/\/www.lotky.fi\/kauppa\/wp-json\/wp\/v2\/media\/2618"}],"wp:attachment":[{"href":"https:\/\/www.lotky.fi\/kauppa\/wp-json\/wp\/v2\/media?parent=2617"}],"wp:term":[{"taxonomy":"product_brand","embeddable":true,"href":"https:\/\/www.lotky.fi\/kauppa\/wp-json\/wp\/v2\/product_brand?post=2617"},{"taxonomy":"product_cat","embeddable":true,"href":"https:\/\/www.lotky.fi\/kauppa\/wp-json\/wp\/v2\/product_cat?post=2617"},{"taxonomy":"product_tag","embeddable":true,"href":"https:\/\/www.lotky.fi\/kauppa\/wp-json\/wp\/v2\/product_tag?post=2617"}],"curies":[{"name":"wp","href":"https:\/\/api.w.org\/{rel}","templated":true}]}}