{"id":2569,"date":"2023-01-19T14:05:49","date_gmt":"2023-01-19T12:05:49","guid":{"rendered":"https:\/\/www.lotky.fi\/kauppa\/?post_type=product&#038;p=2569"},"modified":"2026-04-01T11:22:29","modified_gmt":"2026-04-01T08:22:29","slug":"mobil-atf-multi-vehicle-208l","status":"publish","type":"product","link":"https:\/\/www.lotky.fi\/kauppa\/tuote\/mobil-atf-multi-vehicle-208l\/","title":{"rendered":"Mobil ATF Multi-Vehicle, 208L"},"content":{"rendered":"<div>Mobil ATF Multi-Vehicle on ensiluokkainen t\u00e4yssynteettinen voiteluaine, joka on valmistettu valikoiduista korkealaatuisista perus\u00f6ljyist\u00e4 ja edistyneest\u00e4 lis\u00e4aineistuksesta ja kehitetty vastaamaan laajaa eurooppalaisten, amerikkalaisten ja aasialaisten valmistajien porrastettujen automaattivaihteistojen voiteluainet\u00e4yt\u00f6n vaatimuksia. <strong>Tehdastilaustuote, toimitusaika n. 4 viikkoa.<\/strong><\/div>\n<div>\n<p>Luokitukset ja hyv\u00e4ksynn\u00e4t:<\/p>\n<\/div>\n<div>\n<p>Acura: ATF-Z1<\/p>\n<p>Aisin Warner: JWS 3309 (T-IV) &amp; JWS 3324 (WS), AW-1<\/p>\n<p>American Motors: ATF+3 (MS7176-E)<\/p>\n<p>Audi: 5 HP LT71141 (ZF 5 HP 18FL\/19FL\/24A), G 052-025-A2, G 053-025-A2, G 052-162-A1 A2 (ZF Lifeguard fluid 5, ZF No. S671 090 170), G 055-025 A2 (JWS 3309)<\/p>\n<p>BMW: JWS 3309 (T-IV), LT71141(ZF 5 HP 18FL\/19FL\/24A), ZF 5HP18FL, 5HP24, 5HP30, 7045E, LA2634, ETL-8072B, MINI<\/p>\n<p>CHRYSLER, Dodge, Jeep, RAM, Cherokee: MS 7176E, Chrysler ATF+, ATF+2, ATF+3, Chrysler\/Dodge MOPAR AS 68 RC (T-IV), JWS 3309, Chrysler\/Dodge\/Jeep 05127382AA, 68043742AA, NAG 1<\/p>\n<p>FIAT: T-IV type, JWS 3309 (excluding CVT applications)<\/p>\n<p>Ford: MERCON\u00ae, FNR5, ESP-M2C138-CJ, ESP-M2C166-H, WSS M2C922-A1, WSS M2C924-A, XL-12, XT-2-QDX (M), XT-2-QSM (Syn)<\/p>\n<p>Saturn: GM9986195 (Aisin AW, JWS 3309)<\/p>\n<p>GM: Type A Suffix A, DEXRON\u00ae-II, DEXRON\u00ae-IID, DEXRON\u00ae-IIE, DEXRON\u00ae-IIIG, DEXRON\u00ae-IIIH, DEXRON\u00ae-VI<\/p>\n<p>Honda: ATF-Z1 (except in CVTs), DW-1<\/p>\n<p>Hyundai\/Kia: SP-IV (00232-1904\/04500-00115), SP-IV M (SP4-M), SP-IV-RR, SP-III, Dex-II\/ SP-II, JWS 3314, NWS 9638, 040000C90SG<\/p>\n<p>KIA: ATF Red 1<\/p>\n<p>ISUZU: BESCO ATF-II, BESCO ATF-III, BESCO ATF SP, SCS Fluid, 08200-9001<\/p>\n<p>Jaguar: ATF LT71141, ZF 5HP24, ATF 3403 M115, ATF 3403-M115, JLM20238\/ 20292, K17<\/p>\n<p>JASO:M315 1A, M315 1A-LV, M315 2A<\/p>\n<p>JEEP: ATF+3<\/p>\n<p>Lexus: JWS 3309<\/p>\n<p>Mazda: ATF D-II, ATF M-III \/ V, ATF FZ\/F-1, ATF S-1\/N-1, ATF 3317<\/p>\n<p>MINI COOPER: T-IV<\/p>\n<p>Mitsubishi: Diaqueen SP-II\/III, SK, AW, J2\/3<\/p>\n<p>Nissan: Matic Fluid C, D, J, K, S<\/p>\n<p>Peugeot: ZF 4HP20<\/p>\n<p>Peugeot\/Citroen: Z 000169756, (PSA) AL4<\/p>\n<p>Porsche: T-IV (JWS 3309), ZF 5HP19FL, ZF 5HP20, LT71141, ATF 3403-M115, 000 043 205 09, 999 917 547 00 (A2), 000 043 205 28, Z 000169756<\/p>\n<p>Renault: Matic D2, Samsung SATF-D<\/p>\n<p>Saab: T-IV (JWS 3309)<\/p>\n<p>Subaru: K0140Y0700, ATF 5AT, Dexron\u00ae-II, ATF, ATF HP<\/p>\n<p>Suzuki: ATF AW-1, AT OIL 5D06, ATF 2326, ATF 2384K, JWS 3309, ATF 3314, ATF 3317<\/p>\n<p>Toyota: ATF D-II, ATF D-III, ATF T-III, ATF T-IV (JWS 3309), ATF WS<\/p>\n<p>Volvo: PN 1161521\/ 1161621, PN 1161540\/ 1161640, PN 31256774\/ 31256675, 97340, 97325, 97335<\/p>\n<p>VW: G 052-162-A1\/A2 \/ ZF Lifeguard fluid 5, G 055-025-A2 (JWS 3309), 5 HP (ZF 5 HP 30\/18FL, 30\/19FL, 24A)<\/p>\n<p>ZF: 3 &amp; 4 speed transmissions, TE-ML 05L, ZF TE-ML 21L<\/p>\n<p>Allison: C-3 &amp; C-4<\/p>\n<p>R. Bosch AS: TE-ML 09<\/p>\n<p>CAT: TO-2<\/p>\n<p>Vickers: M2950-S, I-286-S<\/p>\n<\/div>\n","protected":false},"excerpt":{"rendered":"<p>Mobil ATF Multi-Vehicle on ensiluokkainen t\u00e4yssynteettinen voiteluaine, joka on valmistettu valikoiduista korkealaatuisista perus\u00f6ljyist\u00e4 ja edistyneest\u00e4 lis\u00e4aineistuksesta ja kehitetty vastaamaan laajaa eurooppalaisten, amerikkalaisten ja aasialaisten valmistajien porrastettujen automaattivaihteistojen voiteluainet\u00e4yt\u00f6n vaatimuksia. Tehdastilaustuote, toimitusaika n. 4 viikkoa. &nbsp;<\/p>\n","protected":false},"featured_media":233,"template":"","meta":[],"product_brand":[],"product_cat":[25],"product_tag":[],"class_list":{"0":"post-2569","1":"product","2":"type-product","3":"status-publish","4":"has-post-thumbnail","6":"product_cat-automaattivaihteistooljyt","8":"first","9":"instock","10":"taxable","11":"shipping-taxable","12":"purchasable","13":"product-type-simple"},"_links":{"self":[{"href":"https:\/\/www.lotky.fi\/kauppa\/wp-json\/wp\/v2\/product\/2569","targetHints":{"allow":["GET"]}}],"collection":[{"href":"https:\/\/www.lotky.fi\/kauppa\/wp-json\/wp\/v2\/product"}],"about":[{"href":"https:\/\/www.lotky.fi\/kauppa\/wp-json\/wp\/v2\/types\/product"}],"wp:featuredmedia":[{"embeddable":true,"href":"https:\/\/www.lotky.fi\/kauppa\/wp-json\/wp\/v2\/media\/233"}],"wp:attachment":[{"href":"https:\/\/www.lotky.fi\/kauppa\/wp-json\/wp\/v2\/media?parent=2569"}],"wp:term":[{"taxonomy":"product_brand","embeddable":true,"href":"https:\/\/www.lotky.fi\/kauppa\/wp-json\/wp\/v2\/product_brand?post=2569"},{"taxonomy":"product_cat","embeddable":true,"href":"https:\/\/www.lotky.fi\/kauppa\/wp-json\/wp\/v2\/product_cat?post=2569"},{"taxonomy":"product_tag","embeddable":true,"href":"https:\/\/www.lotky.fi\/kauppa\/wp-json\/wp\/v2\/product_tag?post=2569"}],"curies":[{"name":"wp","href":"https:\/\/api.w.org\/{rel}","templated":true}]}}