{"id":2430,"date":"2022-10-03T12:15:14","date_gmt":"2022-10-03T09:15:14","guid":{"rendered":"https:\/\/www.lotky.fi\/kauppa\/?post_type=product&#038;p=2430"},"modified":"2026-04-02T15:16:38","modified_gmt":"2026-04-02T12:16:38","slug":"valvoline-maxlife-5w-40-208-l","status":"publish","type":"product","link":"https:\/\/www.lotky.fi\/kauppa\/tuote\/valvoline-maxlife-5w-40-208-l\/","title":{"rendered":"Valvoline MaxLife 5W-40, 208 L"},"content":{"rendered":"<p>Valvoline MaxLife 5W-40 soveltuu k\u00e4ytett\u00e4v\u00e4ksi moottoreissa, kun suosituksena on ACEA A3\/B3, A3\/B4 tai API SN\/CF SAE 5W-40. Ylitt\u00e4\u00e4 ACEA A3\/B3 mukaisen m\u00e4nn\u00e4n puhtaustestin rajat Volksvagen TDI moottorissa. Sopii erityisesti suoraruiskutussuttimella varustetuille dieselmoottorille (Volksvagen DID Test). Kehitetty paljon ajetuille bensiini-, diesel- ja nestekaasumoottoreilla varustetuille henkil\u00f6- ja pakettiautoille, sek\u00e4 kevyille kuorma-autoille. MaxLife on ensimm\u00e4inen moottori\u00f6ljy, joka on kehitetty erityisesti autoille, joilla on ajettu yli 100 000 km. Valvolinen kehitt\u00e4m\u00e4 edistyksellinen MultiLife\u2122 lis\u00e4aineistus v\u00e4hent\u00e4\u00e4 \u00f6ljyvuotoja, saostumien ja lietteen muodostusta sek\u00e4 kitkaa.<\/p>\n<p>Luokitukset:<\/p>\n<p>ACEA: A3\/B3, A3\/B4<br \/>\nAPI: SN\/CF<\/p>\n<p>Suorituskyky:<\/p>\n<p>RN 0700\/0710<br \/>\nMB-229.3<br \/>\nVW 50200\/50500<\/p>\n","protected":false},"excerpt":{"rendered":"<p>Valvoline MaxLife 5W-40 soveltuu k\u00e4ytett\u00e4v\u00e4ksi moottoreissa, kun suosituksena on ACEA A3\/B3, A3\/B4 tai API SN\/CF SAE 5W-40. Ylitt\u00e4\u00e4 ACEA A3\/B3 mukaisen m\u00e4nn\u00e4n puhtaustestin rajat Volksvagen TDI moottorissa. Sopii erityisesti suoraruiskutussuttimella varustetuille dieselmoottorille (Volksvagen DID Test). Kehitetty paljon ajetuille bensiini-, diesel- ja nestekaasumoottoreilla varustetuille henkil\u00f6- ja pakettiautoille, sek\u00e4 kevyille kuorma-autoille. MaxLife on ensimm\u00e4inen moottori\u00f6ljy, joka on [&hellip;]<\/p>\n","protected":false},"featured_media":472,"template":"","meta":[],"product_brand":[],"product_cat":[17],"product_tag":[],"class_list":{"0":"post-2430","1":"product","2":"type-product","3":"status-publish","4":"has-post-thumbnail","6":"product_cat-moottorioljyt-kevyt-kalusto","8":"first","9":"instock","10":"taxable","11":"shipping-taxable","12":"purchasable","13":"product-type-simple"},"_links":{"self":[{"href":"https:\/\/www.lotky.fi\/kauppa\/wp-json\/wp\/v2\/product\/2430","targetHints":{"allow":["GET"]}}],"collection":[{"href":"https:\/\/www.lotky.fi\/kauppa\/wp-json\/wp\/v2\/product"}],"about":[{"href":"https:\/\/www.lotky.fi\/kauppa\/wp-json\/wp\/v2\/types\/product"}],"wp:featuredmedia":[{"embeddable":true,"href":"https:\/\/www.lotky.fi\/kauppa\/wp-json\/wp\/v2\/media\/472"}],"wp:attachment":[{"href":"https:\/\/www.lotky.fi\/kauppa\/wp-json\/wp\/v2\/media?parent=2430"}],"wp:term":[{"taxonomy":"product_brand","embeddable":true,"href":"https:\/\/www.lotky.fi\/kauppa\/wp-json\/wp\/v2\/product_brand?post=2430"},{"taxonomy":"product_cat","embeddable":true,"href":"https:\/\/www.lotky.fi\/kauppa\/wp-json\/wp\/v2\/product_cat?post=2430"},{"taxonomy":"product_tag","embeddable":true,"href":"https:\/\/www.lotky.fi\/kauppa\/wp-json\/wp\/v2\/product_tag?post=2430"}],"curies":[{"name":"wp","href":"https:\/\/api.w.org\/{rel}","templated":true}]}}