{"id":2289,"date":"2022-07-05T15:38:12","date_gmt":"2022-07-05T12:38:12","guid":{"rendered":"https:\/\/www.lotky.fi\/kauppa\/?post_type=product&#038;p=2289"},"modified":"2025-03-24T10:40:02","modified_gmt":"2025-03-24T08:40:02","slug":"castrol-hyspin-awh-m-15-208-l","status":"publish","type":"product","link":"https:\/\/www.lotky.fi\/kauppa\/tuote\/castrol-hyspin-awh-m-15-208-l\/","title":{"rendered":"Castrol Hyspin AWH-M 15, 208 L"},"content":{"rendered":"<div>Castrol Hyspin AWH-M 15 on korkealaatuinen hydrauliikka\u00f6ljy, joka sis\u00e4lt\u00e4\u00e4 huippuluokan perus\u00f6ljyn ja uusimman kulumisen- ja hapettumisenestolis\u00e4aineistuksen. N\u00e4m\u00e4 yhdess\u00e4 varmistavat \u00f6ljyn moitteettoman toiminnan \u00e4\u00e4rimm\u00e4isiss\u00e4kin olosuhteissa.<br \/>\n<strong><br \/>\n<\/strong><\/div>\n<p>Luokitukset ja soveltuvuudet:<\/p>\n<div>\n<div>ISO VG 15<br \/>\nHVLP<\/p>\n<div>DIN 51524 Part 3<\/div>\n<div>Cincinnati Lamb (Milacron) P 68-69-70<\/div>\n<div>Denison (Parker Hannafin) HF-0<\/div>\n<div>US Steel 126 &amp; 127<\/div>\n<div>Eaton (Vickers) I-286-S &amp; M-2950-S<\/div>\n<\/div>\n<\/div>\n","protected":false},"excerpt":{"rendered":"<p>Castrol Hyspin AWH-M 15 on korkealaatuinen hydrauliikka\u00f6ljy, joka sis\u00e4lt\u00e4\u00e4 huippuluokan perus\u00f6ljyn ja uusimman kulumisen- ja hapettumisenestolis\u00e4aineistuksen. N\u00e4m\u00e4 yhdess\u00e4 varmistavat \u00f6ljyn moitteettoman toiminnan \u00e4\u00e4rimm\u00e4isiss\u00e4kin olosuhteissa.<\/p>\n","protected":false},"featured_media":699,"template":"","meta":[],"product_brand":[],"product_cat":[6],"product_tag":[],"class_list":{"0":"post-2289","1":"product","2":"type-product","3":"status-publish","4":"has-post-thumbnail","6":"product_cat-hydrauliikkaoljyt","8":"first","9":"instock","10":"taxable","11":"shipping-taxable","12":"purchasable","13":"product-type-simple"},"_links":{"self":[{"href":"https:\/\/www.lotky.fi\/kauppa\/wp-json\/wp\/v2\/product\/2289","targetHints":{"allow":["GET"]}}],"collection":[{"href":"https:\/\/www.lotky.fi\/kauppa\/wp-json\/wp\/v2\/product"}],"about":[{"href":"https:\/\/www.lotky.fi\/kauppa\/wp-json\/wp\/v2\/types\/product"}],"wp:featuredmedia":[{"embeddable":true,"href":"https:\/\/www.lotky.fi\/kauppa\/wp-json\/wp\/v2\/media\/699"}],"wp:attachment":[{"href":"https:\/\/www.lotky.fi\/kauppa\/wp-json\/wp\/v2\/media?parent=2289"}],"wp:term":[{"taxonomy":"product_brand","embeddable":true,"href":"https:\/\/www.lotky.fi\/kauppa\/wp-json\/wp\/v2\/product_brand?post=2289"},{"taxonomy":"product_cat","embeddable":true,"href":"https:\/\/www.lotky.fi\/kauppa\/wp-json\/wp\/v2\/product_cat?post=2289"},{"taxonomy":"product_tag","embeddable":true,"href":"https:\/\/www.lotky.fi\/kauppa\/wp-json\/wp\/v2\/product_tag?post=2289"}],"curies":[{"name":"wp","href":"https:\/\/api.w.org\/{rel}","templated":true}]}}