{"id":2267,"date":"2022-06-02T16:07:24","date_gmt":"2022-06-02T13:07:24","guid":{"rendered":"https:\/\/www.lotky.fi\/kauppa\/?post_type=product&#038;p=2267"},"modified":"2026-04-02T15:14:16","modified_gmt":"2026-04-02T12:14:16","slug":"valvoline-heavy-duty-gear-oil-80w-90-208-l","status":"publish","type":"product","link":"https:\/\/www.lotky.fi\/kauppa\/tuote\/valvoline-heavy-duty-gear-oil-80w-90-208-l\/","title":{"rendered":"Valvoline Light &amp; Heavy Duty Gear Oil 80W-90, 208 L"},"content":{"rendered":"<p>Valvoline Light &amp; Heavy Duty Gear oil 80w-90 on monipuolinen API GL-4 -luokan voimansiirto\u00f6ljy henkil\u00f6-, kuorma- ja linja-autojen vaihteistoihin sek\u00e4 moniin ty\u00f6koneisiin, kun suosituksena on API GL-4 SAE 80W-90. Erinomaiset viskositeettiominaisuudet mahdollistavat polttoaines\u00e4\u00e4st\u00f6n. Voitelee luotettavasti vaihtelevissa l\u00e4mp\u00f6tiloissa. Suojaa ruosteelta, korroosiolta, vaahtoamiselta ja kulumiselta. Valmistettu kehittynytt\u00e4 lis\u00e4aineteknologiaa k\u00e4ytt\u00e4en. Erinomainen l\u00e4mp\u00f6stabiilius laajalla l\u00e4mp\u00f6tila-alueella helpottaa vaihteiden vaihtamista matalissa l\u00e4mp\u00f6tiloissa. Valvolinen raskaan kaluston vaihteisto\u00f6ljyt ovat varma ratkaisu manuaalisten vaihteistojen vaihto-ongelmiin matalissa l\u00e4mp\u00f6tiloissa useille kulkuneuvoille.<\/p>\n<p><strong>\u00a0<\/strong><\/p>\n<p>Luokitukset:<br \/>\nSAE 80W-90 mineraali<br \/>\nAPI GL-4<br \/>\nZF TE-ML 08, 24A<\/p>\n","protected":false},"excerpt":{"rendered":"<p>Valvoline Light &amp; Heavy Duty Gear oil 80w-90 on monipuolinen API GL-4 -luokan voimansiirto\u00f6ljy henkil\u00f6-, kuorma- ja linja-autojen vaihteistoihin sek\u00e4 moniin ty\u00f6koneisiin, kun suosituksena on API GL-4 SAE 80W-90. Erinomaiset viskositeettiominaisuudet mahdollistavat polttoaines\u00e4\u00e4st\u00f6n. Voitelee luotettavasti vaihtelevissa l\u00e4mp\u00f6tiloissa. Suojaa ruosteelta, korroosiolta, vaahtoamiselta ja kulumiselta. Valmistettu kehittynytt\u00e4 lis\u00e4aineteknologiaa k\u00e4ytt\u00e4en. Erinomainen l\u00e4mp\u00f6stabiilius laajalla l\u00e4mp\u00f6tila-alueella helpottaa vaihteiden vaihtamista matalissa [&hellip;]<\/p>\n","protected":false},"featured_media":472,"template":"","meta":[],"product_brand":[],"product_cat":[24],"product_tag":[],"class_list":{"0":"post-2267","1":"product","2":"type-product","3":"status-publish","4":"has-post-thumbnail","6":"product_cat-vaihteistooljyt","8":"first","9":"instock","10":"taxable","11":"shipping-taxable","12":"purchasable","13":"product-type-simple"},"_links":{"self":[{"href":"https:\/\/www.lotky.fi\/kauppa\/wp-json\/wp\/v2\/product\/2267","targetHints":{"allow":["GET"]}}],"collection":[{"href":"https:\/\/www.lotky.fi\/kauppa\/wp-json\/wp\/v2\/product"}],"about":[{"href":"https:\/\/www.lotky.fi\/kauppa\/wp-json\/wp\/v2\/types\/product"}],"wp:featuredmedia":[{"embeddable":true,"href":"https:\/\/www.lotky.fi\/kauppa\/wp-json\/wp\/v2\/media\/472"}],"wp:attachment":[{"href":"https:\/\/www.lotky.fi\/kauppa\/wp-json\/wp\/v2\/media?parent=2267"}],"wp:term":[{"taxonomy":"product_brand","embeddable":true,"href":"https:\/\/www.lotky.fi\/kauppa\/wp-json\/wp\/v2\/product_brand?post=2267"},{"taxonomy":"product_cat","embeddable":true,"href":"https:\/\/www.lotky.fi\/kauppa\/wp-json\/wp\/v2\/product_cat?post=2267"},{"taxonomy":"product_tag","embeddable":true,"href":"https:\/\/www.lotky.fi\/kauppa\/wp-json\/wp\/v2\/product_tag?post=2267"}],"curies":[{"name":"wp","href":"https:\/\/api.w.org\/{rel}","templated":true}]}}