{"id":2236,"date":"2022-05-16T15:52:44","date_gmt":"2022-05-16T12:52:44","guid":{"rendered":"https:\/\/www.lotky.fi\/kauppa\/?post_type=product&#038;p=2236"},"modified":"2026-03-31T10:21:45","modified_gmt":"2026-03-31T07:21:45","slug":"neste-turbo-lxe-15w-40-1000l","status":"publish","type":"product","link":"https:\/\/www.lotky.fi\/kauppa\/tuote\/neste-turbo-lxe-15w-40-1000l\/","title":{"rendered":"Neste Turbo LXE 15W-40, 1000L"},"content":{"rendered":"<p>Raskaan kaluston ammattilaisille kehitetyn Neste Turbo LXE:n k\u00e4ytt\u00f6kohteita ovat kuorma- ja linja-autojen dieselmoottorit, ty\u00f6koneiden dieselmoottorit sek\u00e4 henkil\u00f6- ja pakettiautojen bensiini- ja dieselmoottorit. API CI-4 ja ACEA E7 -luokitusten ansiosta Turbo LXE t\u00e4ytt\u00e4\u00e4 entist\u00e4 paremmin Euro 3, Euro 4 ja EGR -moottorien \u00f6ljyvaatimukset. \u00d6ljy pit\u00e4\u00e4 moottorin puhtaana, suojaa kulumiselta ja pit\u00e4\u00e4 \u00f6ljynkulutuksen pienen\u00e4. Turbo LXE sopii l\u00e4hes kaiken merkkisiin raskaan kaluston autoihin ja ty\u00f6koneisiin. SAE 15W-40, mineraali\u00f6ljy.<\/p>\n<p>Luokitukset:<\/p>\n<p>API CI-4\/SL, CH-4, CG-4, CF-4<br \/>\nACEA E7, E5, E3<br \/>\nMB 228.3<br \/>\nVolvo VDS-3, Volvo VDS-2<br \/>\nMAN M 3275, Mack EO-N, EO-M Plus, Cummins CES 20,071\/-2\/-6\/-7\/-8<br \/>\nRenault RVI RLD, RLD-2<br \/>\nGlobal DHD-1<br \/>\nCaterpillar ECF-2, ECF-1-a<br \/>\nMTU Type 2<br \/>\nDeutz DQC III-10<\/p>\n","protected":false},"excerpt":{"rendered":"<p>Raskaan kaluston ammattilaisille kehitetyn Neste Turbo LXE:n k\u00e4ytt\u00f6kohteita ovat kuorma- ja linja-autojen dieselmoottorit, ty\u00f6koneiden dieselmoottorit sek\u00e4 henkil\u00f6- ja pakettiautojen bensiini- ja dieselmoottorit. API CI-4 ja ACEA E7 -luokitusten ansiosta Turbo LXE t\u00e4ytt\u00e4\u00e4 entist\u00e4 paremmin Euro 3, Euro 4 ja EGR -moottorien \u00f6ljyvaatimukset. \u00d6ljy pit\u00e4\u00e4 moottorin puhtaana, suojaa kulumiselta ja pit\u00e4\u00e4 \u00f6ljynkulutuksen pienen\u00e4. Turbo LXE sopii [&hellip;]<\/p>\n","protected":false},"featured_media":432,"template":"","meta":[],"product_brand":[],"product_cat":[18],"product_tag":[],"class_list":{"0":"post-2236","1":"product","2":"type-product","3":"status-publish","4":"has-post-thumbnail","6":"product_cat-moottorioljyt-raskas-kalusto","8":"first","9":"instock","10":"taxable","11":"shipping-taxable","12":"purchasable","13":"product-type-simple"},"_links":{"self":[{"href":"https:\/\/www.lotky.fi\/kauppa\/wp-json\/wp\/v2\/product\/2236","targetHints":{"allow":["GET"]}}],"collection":[{"href":"https:\/\/www.lotky.fi\/kauppa\/wp-json\/wp\/v2\/product"}],"about":[{"href":"https:\/\/www.lotky.fi\/kauppa\/wp-json\/wp\/v2\/types\/product"}],"wp:featuredmedia":[{"embeddable":true,"href":"https:\/\/www.lotky.fi\/kauppa\/wp-json\/wp\/v2\/media\/432"}],"wp:attachment":[{"href":"https:\/\/www.lotky.fi\/kauppa\/wp-json\/wp\/v2\/media?parent=2236"}],"wp:term":[{"taxonomy":"product_brand","embeddable":true,"href":"https:\/\/www.lotky.fi\/kauppa\/wp-json\/wp\/v2\/product_brand?post=2236"},{"taxonomy":"product_cat","embeddable":true,"href":"https:\/\/www.lotky.fi\/kauppa\/wp-json\/wp\/v2\/product_cat?post=2236"},{"taxonomy":"product_tag","embeddable":true,"href":"https:\/\/www.lotky.fi\/kauppa\/wp-json\/wp\/v2\/product_tag?post=2236"}],"curies":[{"name":"wp","href":"https:\/\/api.w.org\/{rel}","templated":true}]}}