{"id":221,"date":"2016-05-18T14:39:28","date_gmt":"2016-05-18T11:39:28","guid":{"rendered":"http:\/\/www.lotky.fi\/kauppa\/?post_type=product&#038;p=221"},"modified":"2026-04-01T15:41:09","modified_gmt":"2026-04-01T12:41:09","slug":"mobilfluid-426-sae-80w-208l","status":"publish","type":"product","link":"https:\/\/www.lotky.fi\/kauppa\/tuote\/mobilfluid-426-sae-80w-208l\/","title":{"rendered":"Mobilfluid 428, 208L"},"content":{"rendered":"<p>Mobilfluid 428 on nykyaikainen, eritt\u00e4in korkealuokkainen ja monik\u00e4ytt\u00f6inen traktori\u00f6ljy, joka t\u00e4ytt\u00e4\u00e4 tai ylitt\u00e4\u00e4 voimansiirto- ja hydraulij\u00e4rjestelmien asettamat vaatimukset. \u00d6ljy on tarkoitettu erityisesti maatalouden ja teollisuuden traktoreihin, joita k\u00e4ytet\u00e4\u00e4n hyvin vaihtelevissa olosuhteissa. Mobilfluid 428 soveltuu rakennus- ja louhosteollisuuden sek\u00e4 maatalouden kuljetuskalustolle ja ty\u00f6koneille. \u00d6ljy auttaa v\u00e4hent\u00e4m\u00e4\u00e4n etenkin m\u00e4rk\u00e4jarrujen ja voiman ulosottoakseleiden \u00e4\u00e4ntely\u00e4. T\u00e4m\u00e4 uuden sukupolven tuote perustuu valikoituihin perus\u00f6ljyihin ja edistyneisiin lis\u00e4aineisiin, ja SAE 10W-30 -viskositeettiluokka varmistaa erinomaisen termisen vakauden ja korkean leikkautumiskest\u00e4vyyden. Erinomaisen leikkautumiskest\u00e4vyyden ja ilmank\u00e4sittelykyvyn ansiosta Mobilfluid 428 soveltuu k\u00e4ytett\u00e4v\u00e4ksi perinteisiss\u00e4 CVT-k\u00e4ytt\u00f6kohteissa (hydraulipumput ja planeettavaihteistojen komponentit).<br \/>\n<strong>Tuotteen entinen nimi Mobilfluid 426<\/strong><\/p>\n<p>Luokitukset ja hyv\u00e4ksynn\u00e4t:<\/p>\n<p>API GL-4<br \/>\nVOLVO WB-101<br \/>\nAGCO Powerfluid 821 XL<br \/>\nAllison C-4<br \/>\nCNH MAT 3505, 3525, 3540<br \/>\nDenison HF-0, HF-1, HF-2<br \/>\nFORDNH FNHA-2-C-201.00<br \/>\nFord ESEN-M2C86-B, ESN-M2C134-D<br \/>\nJICASE MS 1204, 1205, 1206, 1207, 1209<br \/>\nMASSEY FERGUSON CMS M1135, M1141, M1143, M1145<br \/>\nNew Holland WB NWH 410B<br \/>\nZF TE-ML 03E, 05F, 06K, 17E, 21F<br \/>\nDenison UTTO\/THF<br \/>\nG2-08<br \/>\nRENAULT AGRICULTURE (M1145)<br \/>\nGEAR OIL HP<br \/>\nKUBOTA UDT, SUPER UDT2<br \/>\nASTM D6973 (Eaton 35VQ) siipipumpputesti<br \/>\nJOHN DEERE JDM J20C<\/p>\n","protected":false},"excerpt":{"rendered":"<p>Mobilfluid 428 on nykyaikainen, eritt\u00e4in korkealuokkainen ja monik\u00e4ytt\u00f6inen traktori\u00f6ljy, joka t\u00e4ytt\u00e4\u00e4 tai ylitt\u00e4\u00e4 voimansiirto- ja hydraulij\u00e4rjestelmien asettamat vaatimukset. \u00d6ljy on tarkoitettu erityisesti maatalouden ja teollisuuden traktoreihin, joita k\u00e4ytet\u00e4\u00e4n hyvin vaihtelevissa olosuhteissa. Mobilfluid 428 soveltuu rakennus- ja louhosteollisuuden sek\u00e4 maatalouden kuljetuskalustolle ja ty\u00f6koneille. \u00d6ljy auttaa v\u00e4hent\u00e4m\u00e4\u00e4n etenkin m\u00e4rk\u00e4jarrujen ja voiman ulosottoakseleiden \u00e4\u00e4ntely\u00e4. Tuotteen entinen nimi Mobilfluid [&hellip;]<\/p>\n","protected":false},"featured_media":185,"template":"","meta":[],"product_brand":[],"product_cat":[23],"product_tag":[],"class_list":{"0":"post-221","1":"product","2":"type-product","3":"status-publish","4":"has-post-thumbnail","6":"product_cat-maatalousoljyt","8":"first","9":"instock","10":"taxable","11":"shipping-taxable","12":"purchasable","13":"product-type-simple"},"_links":{"self":[{"href":"https:\/\/www.lotky.fi\/kauppa\/wp-json\/wp\/v2\/product\/221","targetHints":{"allow":["GET"]}}],"collection":[{"href":"https:\/\/www.lotky.fi\/kauppa\/wp-json\/wp\/v2\/product"}],"about":[{"href":"https:\/\/www.lotky.fi\/kauppa\/wp-json\/wp\/v2\/types\/product"}],"wp:featuredmedia":[{"embeddable":true,"href":"https:\/\/www.lotky.fi\/kauppa\/wp-json\/wp\/v2\/media\/185"}],"wp:attachment":[{"href":"https:\/\/www.lotky.fi\/kauppa\/wp-json\/wp\/v2\/media?parent=221"}],"wp:term":[{"taxonomy":"product_brand","embeddable":true,"href":"https:\/\/www.lotky.fi\/kauppa\/wp-json\/wp\/v2\/product_brand?post=221"},{"taxonomy":"product_cat","embeddable":true,"href":"https:\/\/www.lotky.fi\/kauppa\/wp-json\/wp\/v2\/product_cat?post=221"},{"taxonomy":"product_tag","embeddable":true,"href":"https:\/\/www.lotky.fi\/kauppa\/wp-json\/wp\/v2\/product_tag?post=221"}],"curies":[{"name":"wp","href":"https:\/\/api.w.org\/{rel}","templated":true}]}}