{"id":2057,"date":"2022-02-14T12:43:09","date_gmt":"2022-02-14T10:43:09","guid":{"rendered":"https:\/\/www.lotky.fi\/kauppa\/?post_type=product&#038;p=2057"},"modified":"2026-03-21T19:47:23","modified_gmt":"2026-03-21T17:47:23","slug":"shell-rimula-r5-le-10w-40-1000l","status":"publish","type":"product","link":"https:\/\/www.lotky.fi\/kauppa\/tuote\/shell-rimula-r5-le-10w-40-1000l\/","title":{"rendered":"Shell Rimula R5 LE 10W-40, 1000L"},"content":{"rendered":"<div>\n<div>Rimula R5 LE 10W-40 on pakokaasujen j\u00e4lkik\u00e4sittelylaitteiden kanssa yhteensopiva synteettinen dieselmoottori\u00f6ljy. Shell Rimula R5 LE t\u00e4ytt\u00e4\u00e4 johtavien eurooppalaisten moottorivalmistajien vaatimukset matalap\u00e4\u00e4st\u00f6isille moottoreille. Shell Rimula R5 LE 10w-40 suojaa nykyaikaiset tehokkaat eurooppalaiset raskaan kaluston dieselmoottorit, kuten Mercedes-Benz ja MAN sek\u00e4 moottorit, joissa vaatimuksena on ACEA E9.<\/div>\n<\/div>\n<div><\/div>\n<div>Spesifikaatiot, hyv\u00e4ksynn\u00e4t &amp; suositukset:<\/div>\n<div><\/div>\n<div>SAE 10W-40 synteettinen<\/div>\n<div>API CK-4, CJ-4, CI-4 Plus, CI-4, CH-4, SN<\/div>\n<div>ACEA E7, E9, E11<\/div>\n<div>JASO DH-2<\/div>\n<div>IVECO 18-1804 Class TLS CK4, Class TLS E9<\/div>\n<div>Caterpillar ECF-3, ECF-2<\/div>\n<div>Cummins CES 20086, 20081<br \/>\nDTFR 15C100<br \/>\nDeutz DQC III-18 LA<\/div>\n<div>Detroit Fluids Specification (DFS) 93K222, 93K218<\/div>\n<div>Ford WSS-M2C171-F1<\/div>\n<div>Mack EO-S 4.5, EO-O Premium Plus<\/div>\n<div>MTU Category 2.1<\/div>\n<div>MAN M3775<\/div>\n<div>Renault VI RLD-3<\/div>\n<div>Volvo VDS-4.5, VDS-4.0<br \/>\nCNH MAT 3521<\/div>\n","protected":false},"excerpt":{"rendered":"<p>Rimula R5 LE 10W-40 on pakokaasujen j\u00e4lkik\u00e4sittelylaitteiden kanssa yhteensopiva synteettinen dieselmoottori\u00f6ljy. Shell Rimula R5 LE t\u00e4ytt\u00e4\u00e4 johtavien eurooppalaisten moottorivalmistajien vaatimukset matalap\u00e4\u00e4st\u00f6isille moottoreille. Shell Rimula R5 LE suojaa nykyaikaiset tehokkaat eurooppalaiset raskaan kaluston dieselmoottorit, kuten Mercedes-Benz ja MAN sek\u00e4 moottorit, joissa vaatimuksena on ACEA E9.<\/p>\n","protected":false},"featured_media":432,"template":"","meta":[],"product_brand":[],"product_cat":[18],"product_tag":[],"class_list":{"0":"post-2057","1":"product","2":"type-product","3":"status-publish","4":"has-post-thumbnail","6":"product_cat-moottorioljyt-raskas-kalusto","8":"first","9":"instock","10":"taxable","11":"shipping-taxable","12":"purchasable","13":"product-type-simple"},"_links":{"self":[{"href":"https:\/\/www.lotky.fi\/kauppa\/wp-json\/wp\/v2\/product\/2057","targetHints":{"allow":["GET"]}}],"collection":[{"href":"https:\/\/www.lotky.fi\/kauppa\/wp-json\/wp\/v2\/product"}],"about":[{"href":"https:\/\/www.lotky.fi\/kauppa\/wp-json\/wp\/v2\/types\/product"}],"wp:featuredmedia":[{"embeddable":true,"href":"https:\/\/www.lotky.fi\/kauppa\/wp-json\/wp\/v2\/media\/432"}],"wp:attachment":[{"href":"https:\/\/www.lotky.fi\/kauppa\/wp-json\/wp\/v2\/media?parent=2057"}],"wp:term":[{"taxonomy":"product_brand","embeddable":true,"href":"https:\/\/www.lotky.fi\/kauppa\/wp-json\/wp\/v2\/product_brand?post=2057"},{"taxonomy":"product_cat","embeddable":true,"href":"https:\/\/www.lotky.fi\/kauppa\/wp-json\/wp\/v2\/product_cat?post=2057"},{"taxonomy":"product_tag","embeddable":true,"href":"https:\/\/www.lotky.fi\/kauppa\/wp-json\/wp\/v2\/product_tag?post=2057"}],"curies":[{"name":"wp","href":"https:\/\/api.w.org\/{rel}","templated":true}]}}