{"id":205,"date":"2016-05-18T14:15:33","date_gmt":"2016-05-18T11:15:33","guid":{"rendered":"http:\/\/www.lotky.fi\/kauppa\/?post_type=product&#038;p=205"},"modified":"2026-04-01T15:50:43","modified_gmt":"2026-04-01T12:50:43","slug":"mobil-delvac-mx-esp-10w-30-208l","status":"publish","type":"product","link":"https:\/\/www.lotky.fi\/kauppa\/tuote\/mobil-delvac-mx-esp-10w-30-208l\/","title":{"rendered":"Mobil Delvac Modern 10W-30 Full Protection, 208L"},"content":{"rendered":"<div>\n<p>Mobil Delvac Modern 10W-30 Full Protection on eritt\u00e4in suorituskykyinen, synteettinen dieselmoottori\u00f6ljy, joka auttaa pident\u00e4m\u00e4\u00e4n moottorin kestoik\u00e4\u00e4 jopa kaikkein vaativimmissa maantie- ja ty\u00f6maaolosuhteissa, samalla kun se tarjoaa erinomaisen suorituskyvyn nykyaikaisissa, tehokkaissa dieselmoottoreissa, jotka hy\u00f6dynt\u00e4v\u00e4t EGR-tekniikkaa sek\u00e4 hiukkasuodattimilla (DPF) ja hapetuskatalysaattoreilla (DOC) varustettuja j\u00e4lkik\u00e4sittelyj\u00e4rjestelmi\u00e4. Mobil Delvac Modern 10W-30 Full Protection -\u00f6ljyn ylitt\u00e4m\u00e4tt\u00f6m\u00e4t ominaisuudet on saatu aikaan yhteisty\u00f6ll\u00e4 t\u00e4rkeimpien koneenrakentajien kanssa, ja ExxonMobil suosittelee sit\u00e4 k\u00e4ytett\u00e4v\u00e4ksi vaikeissakin olosuhteissa toimivissa ja raskaasti kuormitetuissa k\u00e4ytt\u00f6kohteissa tavarankuljetuksessa, kaivos- ja louhostoiminnassa, rakennusteollisuudessa ja maataloudessa. Mobil Delvac Modern 10W-30 Full Protection on taaksep\u00e4in t\u00e4ysin yhteensopiva ja se takaa erinomaisen suorituskyvyn my\u00f6s vanhemmissa perinteisiss\u00e4 moottoreissa. Mobil Delvac Modern 10W-30 Full Protection t\u00e4ytt\u00e4\u00e4 my\u00f6s bensiinimoottoreiden ja sekakaluston API SN -luokituksen, ja on biodiesel-yhteensopiva.<\/p>\n<\/div>\n<div><strong>Entinen tuotenimi Delvac MX ESP 10w-30<\/strong><\/div>\n<div><\/div>\n<p><strong>Hyv\u00e4ksynn\u00e4t:<\/strong><br \/>\nDQC II-18 LA<br \/>\nMack EO-O Premium Plus<br \/>\nCummins CES 20086, CES 20081 DTFR 15C100<\/p>\n<p><strong>Suositus:<\/strong><br \/>\nDetroit Fluids Specification 93K218, 93K222<br \/>\nMACK EOS-4.5<br \/>\nRENAULT TRUCKS RLD-3<br \/>\nVOLVO VDS-4.5<\/p>\n<p><strong>T\u00e4ytt\u00e4\u00e4\/ylitt\u00e4\u00e4:<\/strong><br \/>\nAPI CG-4, CK-4, CJ-4, CI-4 Plus, CI-4, CH-4, CF, SN, SM, SP<br \/>\nACEA E9, E7<br \/>\nCaterpillar ECF-3<br \/>\nJASO DH-2,<br \/>\nMAN M 3575<br \/>\nVOLVO VDS-3, VDS-4<\/p>\n<p>&nbsp;<\/p>\n<p>&nbsp;<\/p>\n","protected":false},"excerpt":{"rendered":"<p>Mobil Delvac Modern 10W-30 Full Protection on eritt\u00e4in suorituskykyinen, synteettinen dieselmoottori\u00f6ljy, joka auttaa pident\u00e4m\u00e4\u00e4n moottorin kestoik\u00e4\u00e4 jopa kaikkein vaativimmissa maantie- ja ty\u00f6maaolosuhteissa, samalla kun se tarjoaa erinomaisen suorituskyvyn nykyaikaisissa, tehokkaissa dieselmoottoreissa, jotka hy\u00f6dynt\u00e4v\u00e4t EGR-tekniikkaa sek\u00e4 hiukkasuodattimilla (DPF) ja hapetuskatalysaattoreilla (DOC) varustettuja j\u00e4lkik\u00e4sittelyj\u00e4rjestelmi\u00e4. Mobil Delvac Modern 10W-30 Full Protection -\u00f6ljyn ylitt\u00e4m\u00e4tt\u00f6m\u00e4t ominaisuudet on saatu aikaan yhteisty\u00f6ll\u00e4 [&hellip;]<\/p>\n","protected":false},"featured_media":185,"template":"","meta":[],"product_brand":[],"product_cat":[18],"product_tag":[],"class_list":{"0":"post-205","1":"product","2":"type-product","3":"status-publish","4":"has-post-thumbnail","6":"product_cat-moottorioljyt-raskas-kalusto","8":"first","9":"instock","10":"taxable","11":"shipping-taxable","12":"purchasable","13":"product-type-simple"},"_links":{"self":[{"href":"https:\/\/www.lotky.fi\/kauppa\/wp-json\/wp\/v2\/product\/205","targetHints":{"allow":["GET"]}}],"collection":[{"href":"https:\/\/www.lotky.fi\/kauppa\/wp-json\/wp\/v2\/product"}],"about":[{"href":"https:\/\/www.lotky.fi\/kauppa\/wp-json\/wp\/v2\/types\/product"}],"wp:featuredmedia":[{"embeddable":true,"href":"https:\/\/www.lotky.fi\/kauppa\/wp-json\/wp\/v2\/media\/185"}],"wp:attachment":[{"href":"https:\/\/www.lotky.fi\/kauppa\/wp-json\/wp\/v2\/media?parent=205"}],"wp:term":[{"taxonomy":"product_brand","embeddable":true,"href":"https:\/\/www.lotky.fi\/kauppa\/wp-json\/wp\/v2\/product_brand?post=205"},{"taxonomy":"product_cat","embeddable":true,"href":"https:\/\/www.lotky.fi\/kauppa\/wp-json\/wp\/v2\/product_cat?post=205"},{"taxonomy":"product_tag","embeddable":true,"href":"https:\/\/www.lotky.fi\/kauppa\/wp-json\/wp\/v2\/product_tag?post=205"}],"curies":[{"name":"wp","href":"https:\/\/api.w.org\/{rel}","templated":true}]}}