{"id":2018,"date":"2022-01-03T14:31:34","date_gmt":"2022-01-03T12:31:34","guid":{"rendered":"https:\/\/www.lotky.fi\/kauppa\/?post_type=product&#038;p=2018"},"modified":"2026-04-02T14:37:36","modified_gmt":"2026-04-02T11:37:36","slug":"valvoline-synpower-fe-5w-20-208l","status":"publish","type":"product","link":"https:\/\/www.lotky.fi\/kauppa\/tuote\/valvoline-synpower-fe-5w-20-208l\/","title":{"rendered":"Valvoline Synpower FE 5W-20, 208L"},"content":{"rendered":"<p>Valvoline Synpower FE 5W-20 on t\u00e4yssynteettinen monik\u00e4ytt\u00f6inen moottori\u00f6ljy kylmiin olosuhteisiin. Soveltuu useisiin bensa ja diesel moottoreihin kun vaaditaan ACEA C5 TAI ACEA A1\/B1. Suunniteltu erityisesti Ford Ecoboost ja Duratec moottoreihin, WSS-M2C948-B, WSS-M2C913-B ja WSS-M2C925-B<\/p>\n<p>Luokitukset:<br \/>\nSAE 5w-20 t\u00e4yssynteettinen<br \/>\nACEA A1\/B1, C5<br \/>\nAPI SN Plus RC<br \/>\nFord WSS-M2C948-B, WSS-M2C948-A, WSS-M2C913-B, WSS-M2C913-C, WSS-M2C925-B<br \/>\nJaguar<br \/>\nLand Rover<br \/>\nSTJLR.03.5004<\/p>\n","protected":false},"excerpt":{"rendered":"<p>Valvoline Synpower FE 5W-20 on t\u00e4yssynteettinen monik\u00e4ytt\u00f6inen moottori\u00f6ljy kylmiin olosuhteisiin. Soveltuu useisiin bensa ja diesel moottoreihin kun vaaditaan ACEA C5 TAI ACEA A1\/B1. Suunniteltu erityisesti Ford Ecoboost ja Duratec moottoreihin, WSS-M2C948-B, WSS-M2C913-B ja WSS-M2C925-B<\/p>\n","protected":false},"featured_media":472,"template":"","meta":[],"product_brand":[],"product_cat":[17],"product_tag":[162],"class_list":{"0":"post-2018","1":"product","2":"type-product","3":"status-publish","4":"has-post-thumbnail","6":"product_cat-moottorioljyt-kevyt-kalusto","7":"product_tag-5w-20","9":"first","10":"instock","11":"taxable","12":"shipping-taxable","13":"purchasable","14":"product-type-simple"},"_links":{"self":[{"href":"https:\/\/www.lotky.fi\/kauppa\/wp-json\/wp\/v2\/product\/2018","targetHints":{"allow":["GET"]}}],"collection":[{"href":"https:\/\/www.lotky.fi\/kauppa\/wp-json\/wp\/v2\/product"}],"about":[{"href":"https:\/\/www.lotky.fi\/kauppa\/wp-json\/wp\/v2\/types\/product"}],"wp:featuredmedia":[{"embeddable":true,"href":"https:\/\/www.lotky.fi\/kauppa\/wp-json\/wp\/v2\/media\/472"}],"wp:attachment":[{"href":"https:\/\/www.lotky.fi\/kauppa\/wp-json\/wp\/v2\/media?parent=2018"}],"wp:term":[{"taxonomy":"product_brand","embeddable":true,"href":"https:\/\/www.lotky.fi\/kauppa\/wp-json\/wp\/v2\/product_brand?post=2018"},{"taxonomy":"product_cat","embeddable":true,"href":"https:\/\/www.lotky.fi\/kauppa\/wp-json\/wp\/v2\/product_cat?post=2018"},{"taxonomy":"product_tag","embeddable":true,"href":"https:\/\/www.lotky.fi\/kauppa\/wp-json\/wp\/v2\/product_tag?post=2018"}],"curies":[{"name":"wp","href":"https:\/\/api.w.org\/{rel}","templated":true}]}}