{"id":2008,"date":"2022-01-03T14:00:18","date_gmt":"2022-01-03T12:00:18","guid":{"rendered":"https:\/\/www.lotky.fi\/kauppa\/?post_type=product&#038;p=2008"},"modified":"2026-04-15T17:42:48","modified_gmt":"2026-04-15T14:42:48","slug":"valvoline-synpower-xl-iii-0w-30-208l","status":"publish","type":"product","link":"https:\/\/www.lotky.fi\/kauppa\/tuote\/valvoline-synpower-xl-iii-0w-30-208l\/","title":{"rendered":"Valvoline Synpower XL-III C3 0W-30, 208L"},"content":{"rendered":"<p>Valvoline Synpower XL-III C3 0W-30 on t\u00e4yssynteettinen yleisk\u00e4ytt\u00f6inen moottori\u00f6ljy kylmiin olosuhteisiin. Erinomaiset kylm\u00e4k\u00e4ynnistysominaisuudet verrattuna yleisemp\u00e4\u00e4n 5w-30 viskositeettiin. Soveltuu useisiin moottoreihin kun vaatimuksena on ACEA C3, OEM hyv\u00e4ksytty VW 50400\/50700.<\/p>\n<p>Luokitukset:<br \/>\nSAE 0w-30 t\u00e4yssynteettinen<br \/>\nACEA C3<br \/>\nPorsche C30<br \/>\nVW 50400\/50700<\/p>\n","protected":false},"excerpt":{"rendered":"<p>Valvoline Synpower XL-III 0W-30 on t\u00e4yssynteettinen yleisk\u00e4ytt\u00f6inen moottori\u00f6ljy kylmiin olosuhteisiin. Erinomaiset kylm\u00e4k\u00e4ynnistysominaisuudet verrattuna yleisemp\u00e4\u00e4n 5w-30 viskositeettiin. Soveltuu useisiin moottoreihin kun vaatimuksena on ACEA C3, OEM hyv\u00e4ksytty VW 50400\/50700.<\/p>\n","protected":false},"featured_media":472,"template":"","meta":[],"product_brand":[],"product_cat":[17],"product_tag":[],"class_list":{"0":"post-2008","1":"product","2":"type-product","3":"status-publish","4":"has-post-thumbnail","6":"product_cat-moottorioljyt-kevyt-kalusto","8":"first","9":"instock","10":"taxable","11":"shipping-taxable","12":"purchasable","13":"product-type-simple"},"_links":{"self":[{"href":"https:\/\/www.lotky.fi\/kauppa\/wp-json\/wp\/v2\/product\/2008","targetHints":{"allow":["GET"]}}],"collection":[{"href":"https:\/\/www.lotky.fi\/kauppa\/wp-json\/wp\/v2\/product"}],"about":[{"href":"https:\/\/www.lotky.fi\/kauppa\/wp-json\/wp\/v2\/types\/product"}],"wp:featuredmedia":[{"embeddable":true,"href":"https:\/\/www.lotky.fi\/kauppa\/wp-json\/wp\/v2\/media\/472"}],"wp:attachment":[{"href":"https:\/\/www.lotky.fi\/kauppa\/wp-json\/wp\/v2\/media?parent=2008"}],"wp:term":[{"taxonomy":"product_brand","embeddable":true,"href":"https:\/\/www.lotky.fi\/kauppa\/wp-json\/wp\/v2\/product_brand?post=2008"},{"taxonomy":"product_cat","embeddable":true,"href":"https:\/\/www.lotky.fi\/kauppa\/wp-json\/wp\/v2\/product_cat?post=2008"},{"taxonomy":"product_tag","embeddable":true,"href":"https:\/\/www.lotky.fi\/kauppa\/wp-json\/wp\/v2\/product_tag?post=2008"}],"curies":[{"name":"wp","href":"https:\/\/api.w.org\/{rel}","templated":true}]}}