{"id":116,"date":"2016-05-11T14:43:59","date_gmt":"2016-05-11T11:43:59","guid":{"rendered":"http:\/\/www.lotky.fi\/kauppa\/?post_type=product&#038;p=116"},"modified":"2026-03-31T10:34:13","modified_gmt":"2026-03-31T07:34:13","slug":"neste-hypoidi-ls-80w-90-200l","status":"publish","type":"product","link":"https:\/\/www.lotky.fi\/kauppa\/tuote\/neste-hypoidi-ls-80w-90-200l\/","title":{"rendered":"Neste Axle LS 80W-90, 200L"},"content":{"rendered":"<p>Neste Axle LS 80W-90 on huippupainelis\u00e4aineistettu, moniasteinen vetopy\u00f6r\u00e4st\u00f6-\u00f6ljy, joka sis\u00e4lt\u00e4\u00e4 kitkalukkojen joustavan toiminnan edellytt\u00e4m\u00e4n lis\u00e4aineistuksen. Neste Axle LS 80W-90 \u00f6ljy\u00e4 suositellaan tasaus- ja vetopy\u00f6r\u00e4st\u00f6ihin, jotka on varustettu kitkalukolla. Sit\u00e4 voidaan k\u00e4ytt\u00e4\u00e4 my\u00f6s ilman kitkalukkoa olevissa akseleissa. Se t\u00e4ytt\u00e4\u00e4 hypoidivaihteen edellytt\u00e4m\u00e4t kulumisenestovaatimukset ja sopii ymp\u00e4rivuotiseen k\u00e4ytt\u00f6\u00f6n sek\u00e4 kevyeen ett\u00e4 raskaaseen kalustoon.<\/p>\n<p><strong>entinen nimi: Neste Hypoidi LS 80W-90 (GL-5)<\/strong><\/p>\n<p>Luokitukset: SAE 80W-90, Limited Slip.<\/p>\n<p>API GL-5<br \/>\nMIL-L-2105D<\/p>\n","protected":false},"excerpt":{"rendered":"<p>Neste Axle LS 80W-90 \u00f6ljy\u00e4 suositellaan tasaus- ja vetopy\u00f6r\u00e4st\u00f6ihin, jotka on varustettu kitkalukolla. Sit\u00e4 voidaan k\u00e4ytt\u00e4\u00e4 my\u00f6s ilman kitkalukkoa olevissa akseleissa. Se t\u00e4ytt\u00e4\u00e4 hypoidivaihteen edellytt\u00e4m\u00e4t kulumisenestovaatimukset ja sopii ymp\u00e4rivuotiseen k\u00e4ytt\u00f6\u00f6n sek\u00e4 kevyeen ett\u00e4 raskaaseen kalustoon.<\/p>\n","protected":false},"featured_media":1598,"template":"","meta":[],"product_brand":[],"product_cat":[24],"product_tag":[],"class_list":{"0":"post-116","1":"product","2":"type-product","3":"status-publish","4":"has-post-thumbnail","6":"product_cat-vaihteistooljyt","8":"first","9":"instock","10":"taxable","11":"shipping-taxable","12":"purchasable","13":"product-type-simple"},"_links":{"self":[{"href":"https:\/\/www.lotky.fi\/kauppa\/wp-json\/wp\/v2\/product\/116","targetHints":{"allow":["GET"]}}],"collection":[{"href":"https:\/\/www.lotky.fi\/kauppa\/wp-json\/wp\/v2\/product"}],"about":[{"href":"https:\/\/www.lotky.fi\/kauppa\/wp-json\/wp\/v2\/types\/product"}],"wp:featuredmedia":[{"embeddable":true,"href":"https:\/\/www.lotky.fi\/kauppa\/wp-json\/wp\/v2\/media\/1598"}],"wp:attachment":[{"href":"https:\/\/www.lotky.fi\/kauppa\/wp-json\/wp\/v2\/media?parent=116"}],"wp:term":[{"taxonomy":"product_brand","embeddable":true,"href":"https:\/\/www.lotky.fi\/kauppa\/wp-json\/wp\/v2\/product_brand?post=116"},{"taxonomy":"product_cat","embeddable":true,"href":"https:\/\/www.lotky.fi\/kauppa\/wp-json\/wp\/v2\/product_cat?post=116"},{"taxonomy":"product_tag","embeddable":true,"href":"https:\/\/www.lotky.fi\/kauppa\/wp-json\/wp\/v2\/product_tag?post=116"}],"curies":[{"name":"wp","href":"https:\/\/api.w.org\/{rel}","templated":true}]}}